NOAA-Style Climate Reports


Report for 2021 February
                   Monthly Climatological Summary for Feb 2021

Name: Naas South   City: Naas   State: Kildare
Elevation: 116 m  Lat: N 54° 12' 28"   Lon: W 006° 40' 35"

                  Temperature (°C), Rain (mm), Wind Speed (km/h)

                                      Heat  Cool        Avg
    Mean                              Deg   Deg         Wind                 Dom
Day Temp  High   Time   Low    Time   Days  Days  Rain  Speed High   Time    Dir
----------------------------------------------------------------------------------
 1   4.6   6.6   21:33   2.2   08:40  13.7   0.0   6.0   2.6  24.0   19:57   SSE
 2   8.3  10.2   11:23   6.4   00:00  10.0   0.0  10.0   5.4  23.0   12:55   SSE
 3   6.7   7.7   00:00   5.0   08:21  11.6   0.0   6.2   8.0  35.0   23:47     S
 4   7.0   9.1   14:56   5.5   23:56  11.3   0.0   7.8   6.5  40.0   02:24     S
 5   4.0   5.5   00:00   2.8   22:14  14.3   0.0   0.4   1.6  14.0   07:53   WSW
 6   5.0   6.5   10:45   3.5   00:05  12.6   0.0   3.0   6.3  26.0   16:50   NNE
 7   3.0   4.5   00:06   1.7   23:23  15.3   0.0   0.6  11.7  37.0   00:12   ENE
 8   1.4   2.5   11:40  -0.4   21:44  16.9   0.0   0.0  10.7  29.0   02:06   ENE
 9   1.1   2.3   12:38   0.2   23:30  17.2   0.0   0.2  12.6  35.0   11:39   ENE
10   1.0   3.3   12:58  -0.6   02:13  17.2   0.0   0.0   6.8  26.0   14:00   ENE
11   1.0   2.1   12:48  -0.2   00:32  17.3   0.0   0.0   9.5  39.0   12:32   ESE
12   2.6   4.2   13:55   1.0   23:50  15.7   0.0   0.2   9.9  40.0   22:26   SSE
13   3.2   6.1   23:54   0.4   01:59  15.1   0.0   0.6  19.1  68.0   11:56   SSE
14   8.8  11.2   14:23   6.1   00:00   9.5   0.0   4.2  18.3  64.0   05:29   SSE
15   9.3  12.6   14:07   7.0   00:07   9.0   0.0   1.2  11.6  53.0   23:25   SSE
16   8.6  10.9   13:02   6.5   20:34   9.7   0.0   0.2  10.0  42.0   23:33   SSE
17   7.7   9.6   13:34   4.8   07:21  10.6   0.0   3.0  12.0  50.0   23:15   SSE
18   5.1   9.6   01:01   1.2   04:24  13.2   0.0  10.8   9.6  55.0   01:01   SSE
19   8.8  10.1   14:35   6.6   00:00   9.5   0.0   7.8  16.9  63.0   04:15   SSE
20   9.4  11.6   11:19   6.5   22:20   8.9   0.0   3.4  12.2  61.0   13:36   SSE
21   8.2  11.8   13:52   6.2   23:54  10.1   0.0   0.0   8.9  40.0   00:29   SSE
22   7.4  11.3   13:36   3.6   07:07  10.9   0.0   0.4   9.9  51.0   22:22   SSE
23  10.1  12.1   11:12   8.4   00:23   8.2   0.0  13.0  20.4  74.0   10:14   SSE
24   8.5  10.1   05:50   6.3   23:41   9.8   0.0   2.2  10.1  58.0   01:08   SSE
----------------------------------------------------------------------------------
     5.9  12.6    15    -0.6    10   297.6   0.0  81.2  10.5  74.0    23     SSE

Max >=  27.0:  0
Max <=   0.0:  0
Min <=   0.0:  3
Min <= -18.0:  0
Max Rain: 13.0 on day 23
Days of Rain: 20 (>= 0.2 mm)  12 (>= 2.0 mm)  0 (>= 20.0 mm)
Heat Base: 18.3  Cool Base: 18.3  Method: Integration