NOAA-Style Climate Reports


Report for 2021 January
                   Monthly Climatological Summary for Jan 2021

Name: Naas South   City: Naas   State: Kildare
Elevation: 116 m  Lat: N 54° 12' 28"   Lon: W 006° 40' 35"

                  Temperature (°C), Rain (mm), Wind Speed (km/h)

                                      Heat  Cool        Avg
    Mean                              Deg   Deg         Wind                 Dom
Day Temp  High   Time   Low    Time   Days  Days  Rain  Speed High   Time    Dir
----------------------------------------------------------------------------------
 1   1.5   4.3   14:22  -2.3   22:45  16.8   0.0   0.0   1.3  13.0   00:36   NNW
 2  -0.2   3.4   14:56  -3.2   03:00  18.5   0.0   0.2   1.2  13.0   07:58   WNW
 3  -0.6   2.6   23:31  -4.3   01:55  18.9   0.0   0.8   2.2  24.0   22:50   NNE
 4   1.5   3.2   12:48  -0.2   23:55  16.8   0.0   5.0   3.9  19.0   17:22   NNE
 5   1.1   3.2   13:57  -0.7   01:00  17.2   0.0   2.2   4.2  21.0   15:18   NNE
 6  -0.7   1.2   13:58  -3.8   23:03  19.0   0.0   0.4   0.5  10.0   00:36     N
 7  -1.1   0.1   14:33  -4.1   01:03  19.4   0.0   0.0   1.2   8.0   16:21     S
 8  -2.0   1.2   14:10  -5.3   21:24  20.3   0.0   0.2   1.8  14.0   14:12     N
 9  -2.6   2.2   15:13  -7.7   06:36  20.9   0.0   0.0   1.7  13.0   22:16     S
10   2.8   4.6   19:47   0.9   01:44  15.5   0.0   0.6   4.6  18.0   13:36     S
11   7.0   8.7   19:26   4.4   01:09  11.3   0.0   4.0   7.7  31.0   10:44     S
12   6.4   8.9   01:30   4.7   15:24  11.9   0.0  15.6   3.3  18.0   00:32   NNE
13   9.5  10.7   14:02   7.3   00:00   8.8   0.0   8.2   5.8  21.0   17:20     S
14   6.6   9.7   00:06   1.2   23:54  11.7   0.0   0.2   3.5  21.0   03:33   WNW
15   3.9   8.0   23:57  -0.7   05:02  14.3   0.0   4.8   8.6  60.0   22:37   SSE
16   6.6   9.3   02:35   4.1   23:57  11.7   0.0   0.8   5.8  37.0   00:20   SSW
17   3.6   5.8   15:01   1.3   08:46  14.7   0.0   0.0   4.0  18.0   23:34     S
18   6.0   8.4   18:02   3.3   05:05  12.3   0.0   5.0   4.9  18.0   14:37     S
19   9.3  10.1   15:30   8.1   00:00   8.9   0.0  11.8   8.3  39.0   12:24     S
20   3.5   9.9   00:44   0.6   21:42  14.9   0.0   8.6   2.2  24.0   00:46    SW
21   2.5   6.3   15:08   0.3   23:56  15.8   0.0   0.0   3.7  18.0   05:51   SSW
22   1.3   4.8   14:22  -0.3   01:25  17.0   0.0   0.2   2.7  13.0   12:36   SSW
23   0.7   4.2   14:23  -1.9   08:48  17.6   0.0   0.0   2.5  19.0   22:58     S
24   0.0   1.4   15:00  -2.0   23:57  18.3   0.0   0.6   1.7  14.0   13:29    NW
25   0.2   3.3   15:35  -2.6   06:10  18.1   0.0   0.2   3.2  16.0   20:01   SSE
26   6.8   9.5   17:33   2.9   00:00  11.5   0.0   4.2   6.9  39.0   10:40   SSE
27   9.0  10.2   14:17   7.7   06:47   9.3   0.0  12.8   2.4  24.0   23:41   SSE
28   9.6  10.8   13:44   7.1   23:54   8.7   0.0   2.4   6.9  39.0   04:05     S
29   7.2   8.9   14:30   5.9   18:04  11.1   0.0   1.6   4.6  32.0   10:09    SW
30   4.7   6.9   00:44   3.1   22:07  13.5   0.0   4.6  11.8  31.0   10:19   ENE
31   3.3   4.2   16:17   2.2   07:51  15.0   0.0   1.6   4.0  24.0   12:20   ESE
----------------------------------------------------------------------------------
     3.5  10.8    28    -7.7     9   459.7   0.0  96.6   4.1  60.0    15     SSE

Max >=  27.0:  0
Max <=   0.0:  0
Min <=   0.0: 14
Min <= -18.0:  0
Max Rain: 15.6 on day 12
Days of Rain: 25 (>= 0.2 mm)  13 (>= 2.0 mm)  0 (>= 20.0 mm)
Heat Base: 18.3  Cool Base: 18.3  Method: Integration