NOAA-Style Climate Reports


Report for 2020 December
                   Monthly Climatological Summary for Dec 2020

Name: Naas South   City: Naas   State: Kildare
Elevation: 116 m  Lat: N 54° 12' 28"   Lon: W 006° 40' 35"

                  Temperature (°C), Rain (mm), Wind Speed (km/h)

                                      Heat  Cool        Avg
    Mean                              Deg   Deg         Wind                 Dom
Day Temp  High   Time   Low    Time   Days  Days  Rain  Speed High   Time    Dir
----------------------------------------------------------------------------------
 1   6.8   8.7   21:48   4.3   06:05  11.5   0.0   0.2   1.9  11.0   16:35     S
 2   6.2   8.4   00:00   3.9   08:58  12.1   0.0   0.6   4.8  27.0   05:44     S
 3   2.1   4.7   00:00  -0.8   21:10  16.2   0.0   3.2   4.0  21.0   01:34   WSW
 4   2.3   6.2   19:49  -1.0   04:05  16.0   0.0   5.0   7.2  32.0   16:42    NW
 5   4.1   6.6   01:14  -1.8   23:50  14.1   0.0   0.2   5.8  31.0   00:06     N
 6  -1.0   0.3   16:35  -2.6   23:52  19.3   0.0   0.2   0.8   6.0   06:45     S
 7  -0.6   2.2   14:05  -3.1   02:55  18.9   0.0   0.2   0.5  13.0   23:21    SW
 8   2.5   6.7   13:56   0.0   03:04  15.8   0.0   0.0   2.6  18.0   13:18   WSW
 9   5.2   8.6   21:24   1.3   00:02  13.1   0.0   4.8   7.6  40.0   16:59   SSE
10   7.0   8.7   19:22   5.6   04:50  11.1   0.0   3.4   6.6  34.0   15:07   SSE
11   7.3   9.0   13:23   4.7   23:45  11.0   0.0   3.4   2.5  18.0   01:20   SSW
12   4.3   7.6   14:05   2.2   05:27  13.9   0.0   0.0   2.7  35.0   23:24     S
13   9.4  11.2   14:33   5.8   00:34   8.9   0.0  11.0  12.9  45.0   04:48   SSE
14   7.6   9.6   14:01   6.2   23:33  10.7   0.0   1.4  10.0  37.0   00:17     S
15   7.1   9.6   23:15   5.3   07:07  11.2   0.0   0.0   8.9  37.0   23:02   SSE
16   7.8  10.1   03:22   4.9   23:22  10.5   0.0   6.8  12.4  58.0   07:32   SSE
17   8.1  11.3   18:52   4.4   03:57  10.2   0.0   5.0   9.8  45.0   15:48   SSE
18  10.2  12.0   10:05   7.8   22:54   8.1   0.0   2.8  11.3  50.0   08:47   SSE
19   7.0   8.5   00:59   4.9   23:23  11.3   0.0   0.6  10.9  39.0   13:51     S
20   5.4   7.3   13:58   4.6   05:50  12.9   0.0   0.0   8.1  26.0   12:23     S
21   6.8   9.5   13:02   1.8   23:55  11.5   0.0   3.4   1.6  14.0   18:38   NNE
22   2.8   5.2   22:25   0.4   08:00  15.2   0.0   1.4   2.2  19.0   23:10    NE
23   4.0   5.3   14:42   1.8   23:47  14.1   0.0   7.2  12.3  32.0   05:10     N
24   1.4   4.8   13:45  -1.4   23:28  16.8   0.0   0.2   2.4  18.0   12:01   NNW
25   2.8   6.6   23:53  -2.0   00:31  15.5   0.0   0.0   4.3  26.0   22:07     S
26   6.7   8.1   15:42   5.0   23:41  11.3   0.0  20.0  10.9  51.0   16:18     S
27   2.1   5.2   00:04   0.6   08:08  16.2   0.0   2.4   6.0  31.0   00:47   SSW
28   3.6   4.5   15:49   2.0   00:25  14.7   0.0   1.2   7.2  32.0   13:46    NW
29   2.8   4.9   13:38   0.4   23:31  15.5   0.0   0.0   4.4  27.0   13:32    NW
30   0.0   1.7   12:35  -2.1   23:23  18.3   0.0   0.0   1.2  10.0   04:46     S
31   0.7   3.7   21:33  -2.5   01:25  17.6   0.0   4.8   2.9  18.0   17:11   NNW
----------------------------------------------------------------------------------
     4.6  12.0    18    -3.1     7   423.5   0.0  89.4   6.0  58.0    16       S

Max >=  27.0:  0
Max <=   0.0:  0
Min <=   0.0: 10
Min <= -18.0:  0
Max Rain: 20.0 on day 26
Days of Rain: 24 (>= 0.2 mm)  14 (>= 2.0 mm)  1 (>= 20.0 mm)
Heat Base: 18.3  Cool Base: 18.3  Method: Integration