NOAA-Style Climate Reports


Report for 2020 October
                   Monthly Climatological Summary for Oct 2020

Name: Naas South   City: Naas   State: Kildare
Elevation: 116 m  Lat: N 54° 12' 28"   Lon: W 006° 40' 35"

                  Temperature (°C), Rain (mm), Wind Speed (km/h)

                                      Heat  Cool        Avg
    Mean                              Deg   Deg         Wind                 Dom
Day Temp  High   Time   Low    Time   Days  Days  Rain  Speed High   Time    Dir
----------------------------------------------------------------------------------
 1   7.2  12.6   14:57   3.4   06:56  11.1   0.0   7.4   2.9  16.0   14:59   SSE
 2   8.0  13.4   14:14   3.6   07:55  10.3   0.0   8.4   2.9  14.0   12:54     N
 3   8.3  12.6   17:15   5.0   04:14  10.0   0.0   0.0   2.0  21.0   17:00    NW
 4   8.9  11.3   18:01   6.5   00:00   9.4   0.0  19.4   4.5  34.0   09:41   WNW
 5  10.9  13.8   16:50   8.8   00:17   7.4   0.0   3.4   3.3  21.0   06:52   WSW
 6  10.6  13.1   16:27   8.2   23:36   7.7   0.0   3.4   5.0  27.0   13:41   WSW
 7   9.6  13.4   12:26   6.6   04:26   8.7   0.0   7.0   2.9  16.0   13:02     S
 8   9.8  13.2   15:08   6.9   23:55   8.5   0.0   5.2   2.3  18.0   14:39     W
 9   8.0  11.4   13:28   5.1   22:10  10.3   0.0   0.0   4.0  32.0   14:41   SSW
10   8.4  12.7   16:48   5.2   00:34   9.9   0.0   0.2   3.6  23.0   16:09     W
11   8.9  14.5   15:34   5.5   06:39   9.4   0.0   0.2   1.0  11.0   15:35   SSW
12   9.8  13.8   14:18   6.4   22:46   8.5   0.0   2.6   4.2  26.0   11:47   WSW
13   8.9  11.6   14:59   6.4   00:00   9.4   0.0   0.0   3.9  16.0   03:43   NNW
14  10.4  14.2   15:09   7.9   00:37   7.9   0.0   1.8   3.4  24.0   12:14    NE
15   9.3  12.5   12:44   5.7   23:04   9.0   0.0   0.6   1.3  13.0   10:52   ENE
16   8.7  12.1   13:42   6.0   06:35   9.6   0.0   1.0   2.3  21.0   11:06     E
17   9.3  11.0   10:47   7.6   00:47   9.0   0.0   0.0   1.9  24.0   13:44   ENE
18   8.3  12.9   14:35   1.7   06:24  10.0   0.0   0.2   2.7  26.0   23:56   SSE
19  11.3  12.3   22:13  10.2   18:24   7.0   0.0   5.4  11.0  40.0   14:34   SSE
20  12.5  13.7   15:27  11.1   23:59   5.8   0.0   3.4  14.1  77.0   15:49   SSE
21  10.1  13.1   15:15   6.8   23:52   8.2   0.0   0.8   4.8  27.0   00:31   SSW
22   8.1  10.7   15:43   6.7   03:15  10.2   0.0   0.0   4.0  21.0   21:47   SSW
23   8.7  11.9   15:17   7.1   09:04   9.5   0.0   2.2   6.8  37.0   23:44     S
24   9.3  11.5   05:25   6.8   23:14   8.9   0.0   2.8  17.3  60.0   03:33   SSE
25   8.4  11.7   12:41   5.9   07:33  10.4   0.0   0.2  ----  35.0   01:43     S
26   8.7  12.2   14:03   6.8   00:00   9.4   0.0   2.4  ----  24.0   10:43    SW
27   8.6  12.1   13:59   6.3   23:55   9.7   0.0   1.0  ----  32.0   04:57     S
28   7.0  10.2   13:46   5.3   22:27  11.3   0.0   0.8  ----  37.0   12:13     S
29  11.9  14.7   21:49   5.7   00:00   6.4   0.0   7.2  ----  45.0   11:15     S
30  10.1  14.6   00:00   5.2   19:54   8.2   0.0   0.4  ----  37.0   23:16     S
31  10.8  14.4   00:33   7.7   16:57   7.5   0.0   7.0  ----  64.0   05:39     S
----------------------------------------------------------------------------------
     9.3  14.7    29     1.7    18   278.6   0.0  94.4   4.2  77.0    20       S

Max >=  27.0:  0
Max <=   0.0:  0
Min <=   0.0:  0
Min <= -18.0:  0
Max Rain: 19.4 on day 4
Days of Rain: 26 (>= 0.2 mm)  15 (>= 2.0 mm)  0 (>= 20.0 mm)
Heat Base: 18.3  Cool Base: 18.3  Method: Integration