NOAA-Style Climate Reports


Report for 2020 September
                   Monthly Climatological Summary for Sep 2020

Name: Naas South   City: Naas   State: Kildare
Elevation: 116 m  Lat: N 54° 12' 28"   Lon: W 006° 40' 35"

                  Temperature (°C), Rain (mm), Wind Speed (km/h)

                                      Heat  Cool        Avg
    Mean                              Deg   Deg         Wind                 Dom
Day Temp  High   Time   Low    Time   Days  Days  Rain  Speed High   Time    Dir
----------------------------------------------------------------------------------
 1  15.6  19.8   15:32  12.3   00:00   2.8   0.1   0.0   8.3  34.0   12:03   SSE
 2  16.3  20.0   17:40  12.8   07:17   2.3   0.2  18.4  10.8  40.0   11:17     S
 3  14.3  18.5   13:50  11.2   23:21   4.0   0.0   1.6   5.3  27.0   16:08     S
 4  13.0  17.8   16:46   9.9   03:36   5.3   0.0   0.2   5.3  24.0   18:57   SSW
 5  12.2  16.3   15:15   8.6   05:05   6.0   0.0   1.2   3.2  23.0   19:00   SSW
 6  14.1  18.9   17:34  11.6   01:11   4.2   0.0   0.0   2.5  14.0   10:03    SW
 7  14.8  18.2   17:09  11.2   02:26   3.5   0.0   6.8   5.7  23.0   11:16     S
 8  18.4  22.7   15:28  15.5   06:19   0.9   1.0   0.0   6.0  24.0   13:31     S
 9  14.3  17.9   00:00   9.8   06:44   4.0   0.0   0.6   3.0  21.0   13:21     W
10  12.5  14.8   16:15  10.6   07:10   5.8   0.0   0.0   3.5  19.0   15:40   SSE
11  12.7  15.3   12:50  11.1   00:00   5.6   0.0   1.0   7.0  31.0   09:40   SSE
12  13.5  17.9   15:25   8.9   07:05   4.8   0.0   0.2   8.1  34.0   17:50   SSE
13  17.1  21.6   14:15  14.2   21:20   1.9   0.6   0.0  10.0  39.0   13:04   SSE
14  17.7  24.8   13:12  13.7   05:54   1.8   1.2   0.0   2.6  23.0   00:08     S
15  17.9  24.0   17:14  14.1   07:38   1.7   1.3   2.6   1.4  14.0   10:43     S
16  16.2  21.4   13:42  11.8   07:09   2.7   0.6   0.0   2.8  21.0   14:55    NE
17  16.0  22.7   15:05  12.3   23:57   2.9   0.5   0.0   2.1  11.0   09:17   ENE
18  12.6  15.5   14:13   9.6   04:23   5.7   0.0   0.2   3.8  31.0   15:55    NE
19  12.4  14.4   14:36  10.1   23:59   5.9   0.0   0.0   4.8  27.0   09:28    NE
20  12.2  15.9   13:27   7.2   23:14   6.1   0.0   0.0   3.8  26.0   08:44    NE
21  13.6  20.0   16:42   7.8   03:23   4.9   0.2   0.2   1.9  16.0   17:43   SSW
22  13.6  17.1   15:53  10.8   23:57   4.7   0.0   3.4   5.0  31.0   12:53     S
23   9.7  15.3   16:39   6.3   23:30   8.6   0.0   1.8   1.3  10.0   04:45     W
24   7.8  11.2   14:20   5.5   23:55  10.5   0.0   5.2   4.0  27.0   02:39    SE
25   7.5  12.7   16:00   2.9   05:49  10.8   0.0   0.2   2.3  24.0   12:21    NW
26   6.3  13.9   15:57   0.2   06:47  12.0   0.0   0.2   1.4  11.0   14:22     N
27   8.0  15.7   16:38  -0.4   04:38  10.3   0.0   0.0   1.9  14.0   15:27     S
28  13.0  17.2   15:12   6.2   23:53   5.3   0.0   2.2   3.5  19.0   15:42   SSW
29  10.1  15.2   13:35   4.3   02:52   8.2   0.0   0.4   5.2  32.0   23:13   SSE
----------------------------------------------------------------------------------
    13.2  24.8    14    -0.4    27   153.2   5.7  46.4   4.0  40.0     2     SSE

Max >=  27.0:  0
Max <=   0.0:  0
Min <=   0.0:  1
Min <= -18.0:  0
Max Rain: 18.4 on day 2
Days of Rain: 18 (>= 0.2 mm)  6 (>= 2.0 mm)  0 (>= 20.0 mm)
Heat Base: 18.3  Cool Base: 18.3  Method: Integration