NOAA-Style Climate Reports


Report for 2020 August
                   Monthly Climatological Summary for Aug 2020

Name: Naas South   City: Naas   State: Kildare
Elevation: 116 m  Lat: N 54° 12' 28"   Lon: W 006° 40' 35"

                  Temperature (°C), Rain (mm), Wind Speed (km/h)

                                      Heat  Cool        Avg
    Mean                              Deg   Deg         Wind                 Dom
Day Temp  High   Time   Low    Time   Days  Days  Rain  Speed High   Time    Dir
----------------------------------------------------------------------------------
 1  14.7  18.7   15:31  11.3   06:20   3.6   0.0   5.6   3.0  16.0   14:25   SSW
 2  14.1  18.7   13:59  10.6   05:37   4.2   0.0   0.0   3.5  23.0   11:07   SSW
 3  13.9  19.2   15:43   9.9   00:44   4.4   0.0   0.4   2.3  18.0   15:45    SW
 4  16.8  23.2   15:02  11.6   04:51   2.5   1.0   1.0  11.5  42.0   18:29     S
 5  17.4  22.6   15:06  14.6   23:55   1.1   0.2   2.6   7.0  37.0   10:20     S
 6  16.6  20.8   14:37  11.0   06:12   2.0   0.3   0.0   5.7  29.0   19:42   SSE
 7  17.6  23.6   14:33  13.1   23:58   1.5   0.8   1.4   5.3  31.0   10:53     S
 8  15.7  21.2   13:04   8.5   05:58   3.3   0.7   0.0   2.1  16.0   14:37    NE
 9  14.8  20.5   14:39   8.8   05:37   3.8   0.3   0.0   1.8  13.0   14:56   NNE
10  14.5  17.0   13:07  10.8   03:23   3.8   0.0   0.4   1.7  14.0   16:58   NNE
11  15.9  20.1   17:34  11.4   02:19   2.6   0.2   0.2   0.8   6.0   11:52   NNE
12  19.5  23.2   14:18  16.6   06:12   0.5   1.7   0.0   1.9  13.0   18:14   NNE
13  18.3  22.3   18:24  15.4   03:52   0.9   0.9   0.0   3.7  18.0   13:38   NNE
14  17.5  21.2   15:29  15.7   23:56   1.2   0.5   0.0   3.8  14.0   06:31   NNE
15  17.5  22.2   14:28  13.9   06:17   1.7   0.8   0.0   2.8  18.0   12:56    NE
16  15.8  16.6   08:44  14.8   00:47   2.5   0.0   0.0   2.9  16.0   07:53    NE
17  15.5  16.4   15:46  14.9   08:13   2.8   0.0   3.6   1.6   6.0   07:39   NNE
18  17.0  21.5   14:03  14.1   07:01   1.8   0.5  29.4   3.8  21.0   13:36     S
19  16.0  19.8   17:20  11.9   05:48   2.4   0.2   5.6   4.6  56.0   23:49   ESE
20  16.1  19.6   15:24  12.3   11:45   2.3   0.1  11.8  16.7  61.0   01:47   SSE
21  15.9  19.4   17:31  12.8   03:21   2.5   0.1   5.0  12.3  58.0   00:44     S
22  14.6  16.9   11:31  12.8   05:15   3.7   0.0   3.6   7.4  37.0   15:21     S
23  14.9  18.1   17:06  12.7   23:48   3.4   0.0   1.2   4.2  23.0   15:25   SSW
24  14.3  17.9   12:28  10.6   04:15   4.0   0.0   2.0   2.2  16.0   14:46   SSE
25  14.3  16.6   13:09  12.4   23:55   4.0   0.0  27.0   9.4  39.0   16:53   SSW
26  15.2  19.9   16:33  11.9   03:46   3.2   0.1   0.0   3.6  21.0   01:10    SW
27  13.2  15.5   15:15  11.4   23:54   5.1   0.0   9.2   2.2  16.0   14:06    NE
28  11.9  14.4   16:38   8.3   23:57   6.4   0.0   2.0   3.4  21.0   10:40     N
29  10.5  14.4   16:55   6.4   02:54   7.8   0.0   0.0   2.3  16.0   11:54   NNW
30  11.2  18.3   17:00   3.6   06:44   7.1   0.0   0.0   1.3  16.0   17:01    SE
31  13.2  17.8   15:38   8.0   06:08   5.1   0.0   0.0   5.7  27.0   13:55   SSE
----------------------------------------------------------------------------------
    15.3  23.6     7     3.6    30   101.2   8.4 112.0   4.5  61.0    20     SSE

Max >=  27.0:  0
Max <=   0.0:  0
Min <=   0.0:  0
Min <= -18.0:  0
Max Rain: 29.4 on day 18
Days of Rain: 18 (>= 0.2 mm)  12 (>= 2.0 mm)  2 (>= 20.0 mm)
Heat Base: 18.3  Cool Base: 18.3  Method: Integration