NOAA-Style Climate Reports


Report for 2020 July
                   Monthly Climatological Summary for Jul 2020

Name: Naas South   City: Naas   State: Kildare
Elevation: 116 m  Lat: N 54° 12' 28"   Lon: W 006° 40' 35"

                  Temperature (°C), Rain (mm), Wind Speed (km/h)

                                      Heat  Cool        Avg
    Mean                              Deg   Deg         Wind                 Dom
Day Temp  High   Time   Low    Time   Days  Days  Rain  Speed High   Time    Dir
----------------------------------------------------------------------------------
 1  14.0  16.9   16:06  12.8   23:26   4.3   0.0  13.6   0.0   3.0   08:44   ---
 2  14.7  19.2   14:28  10.9   06:02   3.7   0.0   1.0   0.9  11.0   13:16   WNW
 3  14.6  17.6   16:25  11.0   03:38   3.7   0.0  11.6   3.8  24.0   03:44     S
 4  16.4  19.6   16:48  14.6   04:33   2.1   0.2   3.2   2.8  23.0   21:04   SSE
 5  13.6  16.4   14:08  10.6   06:09   4.7   0.0   1.6   4.4  39.0   17:03   ENE
 6  13.8  18.6   17:31   9.9   04:45   4.5   0.0   0.0   2.0  16.0   08:37   WNW
 7  12.8  16.2   15:57  10.5   05:15   5.5   0.0  13.6   1.1  16.0   14:55     S
 8  12.9  14.7   14:58  11.4   05:14   5.4   0.0  16.6   0.0   5.0   10:03   ---
 9  14.5  20.1   16:33  11.3   23:56   3.9   0.1   1.6   0.7  10.0   11:18    NW
10  13.1  18.4   16:59   7.4   04:43   5.2   0.0   1.0   1.1  13.0   09:29   NNW
11  14.2  21.4   17:51   6.9   04:50   4.4   0.3   0.0   0.3  13.0   23:58   SSW
12  15.4  20.0   17:51  10.5   05:29   3.0   0.2   0.0   2.3  18.0   09:56   SSW
13  15.9  20.1   15:28  12.8   23:18   2.6   0.2   3.0   1.9  18.0   04:20     W
14  12.7  14.7   10:44  10.7   05:38   5.6   0.0   5.6   0.9  10.0   10:58   NNW
15  15.4  21.2   16:13  11.9   05:02   3.3   0.4   1.2   1.5  16.0   17:08   NNW
16  18.0  23.8   14:55  13.7   05:04   1.7   1.4   0.8   1.4  16.0   16:00     N
17  16.8  19.6   13:55  14.5   00:39   1.6   0.1   1.4   2.8  14.0   11:45   SSW
18  15.7  21.4   15:20  11.3   23:59   3.0   0.4   8.6   1.3  13.0   12:55     W
19  13.8  20.9   16:33   6.3   05:47   4.8   0.3   0.0   0.7  10.0   12:04   NNW
20  14.0  21.7   14:59   4.9   05:47   4.7   0.4   0.0   0.5  10.0   14:50   NNW
21  17.3  25.2   16:06  10.4   02:42   2.7   1.7   0.0   0.4   8.0   14:50    SW
22  16.3  20.7   15:21  12.8   06:50   2.3   0.3   3.0   2.0  16.0   09:33   SSW
23  16.3  20.5   14:50  13.7   06:07   2.1   0.2   4.6   1.6  13.0   03:10   SSE
24  15.7  20.3   13:16  10.5   06:17   2.7   0.1   4.6   1.9  18.0   14:59    SE
25  15.2  16.9   14:02  12.2   23:15   3.1   0.0   8.4   1.7  16.0   00:26    SE
26  14.5  19.1   15:11  11.9   04:32   3.5   0.0   4.8   3.8  18.0   10:18   SSE
27  15.2  18.4   16:39  12.3   22:46   3.1   0.0  11.0   7.2  32.0   06:30    SW
28  13.6  16.8   16:30  10.4   05:50   4.7   0.0   0.0   4.0  24.0   13:37     W
29  13.5  16.3   13:27  11.2   05:30   4.8   0.0   0.8   4.7  32.0   22:46     S
30  16.4  19.1   18:23  14.2   00:00   1.9   0.0   7.0   9.8  37.0   13:25   SSE
31  18.5  22.2   18:20  15.8   23:33   0.6   0.8   3.4   6.7  32.0   01:52     S
----------------------------------------------------------------------------------
    15.0  25.2    21     4.9    20   109.2   7.1 132.0   2.4  39.0     5     SSW

Max >=  27.0:  0
Max <=   0.0:  0
Min <=   0.0:  0
Min <= -18.0:  0
Max Rain: 16.6 on day 8
Days of Rain: 24 (>= 0.2 mm)  16 (>= 2.0 mm)  0 (>= 20.0 mm)
Heat Base: 18.3  Cool Base: 18.3  Method: Integration