NOAA-Style Climate Reports


Report for 2020 June
                   Monthly Climatological Summary for Jun 2020

Name: Naas South   City: Naas   State: Kildare
Elevation: 116 m  Lat: N 54° 12' 28"   Lon: W 006° 40' 35"

                  Temperature (°C), Rain (mm), Wind Speed (km/h)

                                      Heat  Cool        Avg
    Mean                              Deg   Deg         Wind                 Dom
Day Temp  High   Time   Low    Time   Days  Days  Rain  Speed High   Time    Dir
----------------------------------------------------------------------------------
 1  18.1  25.6   13:53   9.8   05:07   2.4   2.2   0.0   0.9  13.0   15:52   WNW
 2  17.8  25.9   13:41   8.3   04:00   3.0   2.4   0.0   1.5  21.0   20:45    NE
 3  12.5  15.6   16:34   8.7   23:59   5.8   0.0   0.6   1.5  16.0   20:54   WNW
 4  11.1  16.7   18:20   6.7   02:29   7.2   0.0   0.8   1.5  14.0   17:46    NW
 5  10.4  15.6   12:27   5.7   23:47   7.9   0.0   4.0   2.4  24.0   16:38    NW
 6   8.9  12.1   13:55   4.9   02:48   9.4   0.0   0.8   2.8  23.0   12:53    NW
 7  11.7  16.9   18:58   8.9   04:02   6.6   0.0   0.4   1.3  11.0   10:21   WNW
 8  13.5  20.9   15:51   7.5   03:57   5.1   0.3   0.0   0.9  14.0   13:47   WNW
 9  11.8  16.0   13:57   8.3   01:42   6.5   0.0   0.2   0.3   6.0   16:07   SSW
10  11.8  16.1   12:59   8.8   23:08   6.5   0.0   3.6   1.0  13.0   16:20     W
11  11.8  14.8   14:32   8.6   00:57   6.5   0.0   3.0   2.1  11.0   04:21     W
12  11.5  13.3   15:49  10.0   04:34   6.8   0.0   2.4   1.1  31.0   15:32   WNW
13  14.9  20.1   18:17  11.4   04:05   3.6   0.2   0.2   0.6   6.0   15:25     W
14  16.8  21.6   13:24  13.0   05:32   2.2   0.7   0.0   0.4  16.0   16:23   SSW
15  17.8  26.4   12:22   9.0   05:35   2.6   2.1   0.6   0.5  11.0   14:45     S
16  15.6  23.9   16:45  11.2   04:23   3.2   0.5  12.0   0.1  13.0   16:42   WNW
17  14.7  17.7   13:46  12.4   07:01   3.6   0.0  32.8   0.0  13.0   18:56   ---
18  15.3  20.1   14:53  13.2   23:46   3.1   0.1   4.8   0.0  13.0   19:33   WNW
19  12.7  16.7   17:00   9.9   10:17   5.6   0.0  14.6   0.5  10.0   10:28   WNW
20  13.9  19.1   14:05   8.5   04:21   4.4   0.0   5.0   4.4  34.0   17:22   SSW
21  14.8  19.4   17:15  10.9   03:41   3.6   0.1   6.4   3.2  27.0   00:30     S
22  14.3  18.2   12:31  10.4   02:32   4.0   0.0   3.4   5.9  42.0   12:36   SSW
23  15.5  17.5   15:51  14.2   10:05   2.8   0.0   9.0   3.0  26.0   15:24     S
24  16.8  21.8   18:34  13.6   04:06   2.0   0.6   0.0   0.8  14.0   04:54     S
25  20.0  27.2   16:43  12.3   05:49   1.6   3.3   0.0   0.3  10.0   09:46   ENE
26  18.7  23.9   12:06  14.1   21:45   1.0   1.3   0.6   2.1  29.0   20:39     S
27  14.2  17.4   11:15  11.1   23:08   4.1   0.0   8.4   2.9  26.0   17:03   SSE
28  12.0  15.7   15:21  10.5   05:31   6.3   0.0   7.2   4.1  42.0   15:12    SE
29  11.8  13.8   15:03  10.2   05:23   6.5   0.0   3.4   3.1  19.0   18:10    SE
30  14.4  20.2   14:12  10.4   04:50   4.0   0.1   0.0   0.9  10.0   00:02     S
----------------------------------------------------------------------------------
    14.2  27.2    25     4.9     6   137.9  13.9 124.2   1.7  42.0    22     SSW

Max >=  27.0:  1
Max <=   0.0:  0
Min <=   0.0:  0
Min <= -18.0:  0
Max Rain: 32.8 on day 17
Days of Rain: 23 (>= 0.2 mm)  15 (>= 2.0 mm)  1 (>= 20.0 mm)
Heat Base: 18.3  Cool Base: 18.3  Method: Integration