NOAA-Style Climate Reports


Report for 2020 May
                   Monthly Climatological Summary for May 2020

Name: Naas South   City: Naas   State: Kildare
Elevation: 116 m  Lat: N 54° 12' 28"   Lon: W 006° 40' 35"

                  Temperature (°C), Rain (mm), Wind Speed (km/h)

                                      Heat  Cool        Avg
    Mean                              Deg   Deg         Wind                 Dom
Day Temp  High   Time   Low    Time   Days  Days  Rain  Speed High   Time    Dir
----------------------------------------------------------------------------------
 1   7.8  13.6   12:27   3.7   05:02  10.5   0.0   3.6   1.3  14.0   13:42     N
 2  10.4  19.5   15:53   3.2   06:09   7.9   0.0   0.0   0.7  10.0   16:37   WNW
 3  11.5  18.7   14:00   5.2   06:33   6.7   0.0   0.0   0.4  19.0   16:30   NNW
 4  11.3  17.3   13:03   4.9   06:20   7.0   0.0   0.0   1.4  13.0   17:36   NNE
 5  11.7  16.8   15:44   6.9   05:36   6.6   0.0   0.0   1.8  16.0   01:04    NW
 6  13.0  19.0   13:53   5.1   05:54   5.3   0.0   0.0   1.6  23.0   15:43   WSW
 7  13.9  17.5   17:31   9.8   05:09   4.4   0.0   0.2   2.9  23.0   14:14     E
 8  15.7  23.1   16:18   9.6   06:03   3.6   1.0   0.0   0.7  10.0   00:04   ESE
 9  15.7  25.1   13:59   6.4   05:33   3.9   1.3   0.0   0.2   6.0   11:58   SSW
10   9.7  13.7   00:00   5.8   23:34   8.6   0.0   0.0   2.3  18.0   14:47   SSE
11   7.2  10.2   15:53   3.3   06:07  11.1   0.0   0.0   2.2  14.0   10:08   SSE
12   8.8  14.1   08:27  -0.5   05:41   9.4   0.0   0.0   0.2  29.0   18:30    NW
13   7.6  11.6   08:58   3.3   23:45  10.7   0.0   0.0   1.1  16.0   14:12     S
14   9.5  15.7   15:35  -0.4   05:36   8.7   0.0   0.0   0.1  10.0   15:54   WNW
15   9.7  14.3   16:03   3.9   02:09   8.6   0.0   0.0   0.2   6.0   10:30   WNW
16  12.5  16.4   15:54   7.1   04:24   5.8   0.0   0.0   0.2  10.0   11:44    SE
17  13.3  17.8   18:16   9.8   05:07   5.0   0.0   0.0   0.7  26.0   13:51   WNW
18  13.4  17.4   17:05  10.7   03:45   4.9   0.0   0.2   1.8  21.0   08:29    SW
19  17.0  22.8   17:36  12.7   04:30   2.5   1.2   0.0   1.3  18.0   09:19     S
20  15.3  21.2   13:36  10.1   03:28   3.6   0.6   0.2   1.4  37.0   12:21    NW
21  14.2  21.2   14:47   9.2   06:05   4.3   0.2   2.8   2.5  35.0   19:40     S
22  12.5  16.4   14:40   9.3   22:20   5.8   0.0   6.0   7.2  39.0   11:45     S
23  11.4  15.3   15:53   8.4   04:45   6.8   0.0   0.6   4.9  24.0   00:52    SE
24  15.2  21.4   16:39  11.1   05:31   3.7   0.6   0.2   2.2  16.0   15:24   SSE
25  13.6  19.4   15:11   7.7   02:18   4.7   0.0   0.0   3.4  29.0   12:49    SE
26  17.2  23.9   14:21  12.7   07:08   2.1   1.0   0.0   0.6  10.0   00:35   SSE
27  17.9  24.1   17:07  11.7   03:11   2.1   1.7   0.0   0.2  21.0   19:05    NW
28  18.7  26.3   13:53   9.5   04:47   2.4   2.8   0.0   1.3  31.0   14:08   WSW
29  18.5  23.1   14:51  13.1   03:29   1.4   1.6   0.0   4.4  34.0   13:25   WSW
30  18.1  24.2   15:54   9.9   05:29   2.2   2.0   0.0   2.7  27.0   14:30     W
31  17.5  24.1   18:33   9.4   04:44   2.6   1.8   0.0   1.6  18.0   09:01     W
----------------------------------------------------------------------------------
    13.2  26.3    28    -0.5    12   172.9  15.8  13.8   1.7  39.0    22       S

Max >=  27.0:  0
Max <=   0.0:  0
Min <=   0.0:  2
Min <= -18.0:  0
Max Rain: 6.0 on day 22
Days of Rain: 8 (>= 0.2 mm)  3 (>= 2.0 mm)  0 (>= 20.0 mm)
Heat Base: 18.3  Cool Base: 18.3  Method: Integration