NOAA-Style Climate Reports


Report for 2020 April
                   Monthly Climatological Summary for Apr 2020

Name: Naas South   City: Naas   State: Kildare
Elevation: 116 m  Lat: N 54° 12' 28"   Lon: W 006° 40' 35"

                  Temperature (°C), Rain (mm), Wind Speed (km/h)

                                      Heat  Cool        Avg
    Mean                              Deg   Deg         Wind                 Dom
Day Temp  High   Time   Low    Time   Days  Days  Rain  Speed High   Time    Dir
----------------------------------------------------------------------------------
 1   7.3  10.4   15:59   4.5   07:20  11.0   0.0   0.0   1.5  19.0   19:55   NNW
 2   8.2  11.3   14:21   5.7   23:58  10.1   0.0   2.4   1.7  16.0   11:06   NNE
 3   8.4  12.4   15:30   4.8   00:28   9.9   0.0   0.6   1.0  14.0   15:35   ESE
 4   9.1  12.2   15:21   6.2   06:44   9.2   0.0   0.0   5.5  32.0   23:46     S
 5  11.1  15.2   12:44   8.2   03:19   7.2   0.0  12.0   9.3  39.0   14:45     S
 6   9.5  14.4   14:53   6.0   23:58   8.8   0.0   0.0   3.2  27.0   00:39   SSE
 7   9.0  14.7   16:11   3.1   04:01   9.3   0.0   0.0   3.4  24.0   12:49     S
 8  11.1  18.8   15:49   2.9   03:27   7.3   0.0   0.0   1.1  14.0   14:25   SSE
 9  11.2  18.8   13:06   3.3   06:33   7.1   0.0   0.0   0.5   6.0   15:22    NW
10  13.9  21.7   14:05   7.6   06:26   4.9   0.5   0.0   0.6  24.0   10:52   SSE
11  14.5  21.2   16:32  10.0   23:52   4.1   0.3   0.0   0.9  14.0   16:38     E
12   9.5  11.7   18:17   8.7   07:32   8.8   0.0   0.2   1.7  13.0   16:20   WNW
13   7.6  10.8   12:44   2.9   23:58  10.7   0.0   0.0   2.9  19.0   02:26     W
14   7.8  14.6   14:58  -1.6   06:35  10.5   0.0   0.0   0.6  11.0   17:06   WNW
15  10.3  20.7   14:02   1.7   06:33   8.2   0.2   0.0   0.1  24.0   18:14   WSW
16  10.4  17.0   13:48   5.6   01:07   7.9   0.0   0.0   1.8  19.0   14:53   NNW
17  11.8  17.9   13:01   8.7   05:59   6.5   0.0   2.0   2.7  19.0   14:25   NNE
18   9.2  11.9   15:51   7.4   23:36   9.1   0.0   5.8   1.5  13.0   00:25     N
19  10.0  16.1   14:35   5.6   23:57   8.3   0.0   0.2   1.2  19.0   18:08   ESE
20   9.4  14.3   15:35   4.0   02:50   8.9   0.0   0.0   2.4  21.0   17:28    NE
21  10.6  15.7   16:12   5.1   02:54   7.7   0.0   0.0   2.9  26.0   13:34   NNE
22  11.0  15.1   16:04   7.3   04:20   7.3   0.0   0.0   2.8  18.0   15:14     N
23  12.1  21.1   15:32   7.6   05:20   6.4   0.2   0.0   0.5  11.0   08:51   NNW
24  12.8  21.8   14:43   4.5   06:23   6.0   0.6   0.0   0.4   5.0   13:07     E
25  14.1  23.8   15:55   7.6   06:19   4.9   0.7   0.0   0.4   5.0   12:04     E
26  10.8  13.3   12:05   9.0   23:25   7.5   0.0   0.0   0.1   6.0   00:55    SW
27  10.9  16.3   15:23   5.1   05:54   7.4   0.0   0.0   0.0   2.0   14:44   ---
28   9.3  15.4   14:58   3.4   05:43   8.8   0.0   0.0   0.2  27.0   17:26   WSW
29   9.2  15.7   15:31   5.9   23:12   9.1   0.0   2.0   2.4  26.0   09:55   SSW
30   7.2  10.7   18:48   5.2   09:18  11.1   0.0   5.8   1.3  23.0   19:39   NNW
----------------------------------------------------------------------------------
    10.2  23.8    25    -1.6    14   244.0   2.5  31.0   1.8  39.0     5     SSE

Max >=  27.0:  0
Max <=   0.0:  0
Min <=   0.0:  1
Min <= -18.0:  0
Max Rain: 12.0 on day 5
Days of Rain: 9 (>= 0.2 mm)  6 (>= 2.0 mm)  0 (>= 20.0 mm)
Heat Base: 18.3  Cool Base: 18.3  Method: Integration