NOAA-Style Climate Reports


Report for 2020 March
                   Monthly Climatological Summary for Mar 2020

Name: Naas South   City: Naas   State: Kildare
Elevation: 116 m  Lat: N 54° 12' 28"   Lon: W 006° 40' 35"

                  Temperature (°C), Rain (mm), Wind Speed (km/h)

                                      Heat  Cool        Avg
    Mean                              Deg   Deg         Wind                 Dom
Day Temp  High   Time   Low    Time   Days  Days  Rain  Speed High   Time    Dir
----------------------------------------------------------------------------------
 1   2.6   6.3   14:38   0.9   07:25  15.7   0.0   2.4   3.9  21.0   00:25    SE
 2   2.7   7.0   13:25  -0.1   07:24  15.6   0.0   0.6   3.0  18.0   17:05    SE
 3   4.7   9.4   13:54   2.4   07:24  13.6   0.0   0.2   2.4  14.0   03:14   ENE
 4   4.1  10.1   13:45  -1.7   23:52  14.1   0.0   0.0   0.2  10.0   14:29     W
 5   2.4   7.9   14:25  -2.9   02:39  15.9   0.0   1.0   0.9  14.0   22:57     S
 6   4.4   7.7   15:21   1.5   04:36  13.9   0.0   3.2   2.0  14.0   13:59     S
 7   9.2  12.7   12:06   5.1   00:00   9.1   0.0   1.2   6.8  39.0   18:01   SSE
 8   6.3   9.9   12:19   4.5   07:18  12.0   0.0   1.2   3.8  21.0   11:48    SE
 9   7.3  10.9   19:18   4.6   00:00  11.0   0.0  17.6   4.4  35.0   13:17   SSE
10   8.8  11.6   14:45   4.6   23:35   9.5   0.0   5.0   3.2  21.0   12:35   ESE
11   5.9  10.8   13:56   0.5   23:15  12.4   0.0   9.8   4.7  26.0   02:36   SSE
12   4.0   8.4   13:11   0.2   01:41  14.3   0.0   3.6   5.0  32.0   10:21    SE
13   6.5  11.1   13:56   3.9   00:00  11.8   0.0   0.8   4.0  29.0   20:22   SSE
14   8.1  10.3   18:55   5.6   07:59  10.1   0.0   5.0   4.0  35.0   18:55   SSE
15   6.1  10.0   12:36   1.7   23:30  12.2   0.0   0.0   3.1  21.0   02:35   NNE
16   5.8  10.5   14:53   0.2   03:28  12.5   0.0   0.2   5.0  31.0   15:42   SSE
17   9.9  14.3   15:23   6.1   22:58   8.4   0.0   5.0   5.0  45.0   16:30   SSE
18   5.7   8.2   12:01   2.4   23:55  12.6   0.0   0.0   0.5  10.0   12:54   NNE
19   3.9  10.5   13:56  -1.3   05:56  14.4   0.0   0.0   0.7  11.0   14:30    NW
20   4.2  10.1   12:25  -1.6   05:35  14.1   0.0   0.0   1.8  19.0   14:04   WSW
21   6.1   8.8   16:05   4.1   03:45  12.2   0.0   0.0   2.2  16.0   05:42    SW
22   5.7  12.3   13:43  -1.1   23:22  12.6   0.0   0.0   1.3  19.0   11:18     S
23   7.6  13.1   13:47  -0.9   01:45  10.7   0.0   0.0   4.1  27.0   17:24     S
24   9.0  13.4   14:13   6.8   03:52   9.3   0.0   0.0   7.4  32.0   05:56   SSE
25  10.3  16.7   15:28   4.6   23:51   8.0   0.0   0.0   3.1  24.0   00:18     S
26   8.0  14.4   14:36   2.1   03:49  10.3   0.0   0.0   1.1  11.0   13:52   WNW
27   8.0  11.2   15:12   4.6   23:31  10.3   0.0   0.0   1.6  10.0   11:20   WNW
28   7.2  10.3   10:47   3.9   23:45  11.1   0.0   0.0   2.8  16.0   13:54   WNW
29   4.2   7.0   16:49  -0.4   23:52  13.6   0.0   0.0   2.6  24.0   11:12   WNW
30   3.7   8.4   12:33  -3.0   03:08  14.6   0.0   0.0   0.7  13.0   12:51    NW
31   5.9  11.8   14:53  -0.7   02:30  12.4   0.0   0.0   0.7  18.0   14:23    NW
----------------------------------------------------------------------------------
     6.1  16.7    25    -3.0    30   378.3   0.0  56.8   3.0  45.0    17     SSE

Max >=  27.0:  0
Max <=   0.0:  0
Min <=   0.0: 10
Min <= -18.0:  0
Max Rain: 17.6 on day 9
Days of Rain: 15 (>= 0.2 mm)  8 (>= 2.0 mm)  0 (>= 20.0 mm)
Heat Base: 18.3  Cool Base: 18.3  Method: Integration