NOAA-Style Climate Reports


Report for 2020 February
                   Monthly Climatological Summary for Feb 2020

Name: Naas South   City: Naas   State: Kildare
Elevation: 116 m  Lat: N 54° 12' 28"   Lon: W 006° 40' 35"

                  Temperature (°C), Rain (mm), Wind Speed (km/h)

                                      Heat  Cool        Avg
    Mean                              Deg   Deg         Wind                 Dom
Day Temp  High   Time   Low    Time   Days  Days  Rain  Speed High   Time    Dir
----------------------------------------------------------------------------------
 1   7.7  10.3   15:06   6.2   20:27  10.6   0.0   0.2   3.9  34.0   10:59   SSE
 2   7.2  10.1   13:45   4.2   04:25  11.1   0.0   4.8   3.4  32.0   20:08   SSE
 3   5.3   8.0   00:00   2.9   20:39  13.0   0.0   0.8   2.4  19.0   01:01   ESE
 4   4.2   8.1   13:18   1.3   21:06  14.1   0.0   0.8   2.0  18.0   05:03   NNE
 5   4.0   8.6   13:35  -0.2   01:02  14.3   0.0   0.0   1.1  19.0   13:35     S
 6   4.5   7.9   14:30  -0.1   23:16  13.7   0.0   0.2   1.5  19.0   10:55     S
 7   7.2   9.6   17:07   2.9   01:08  11.1   0.0   1.0   6.4  37.0   17:58     S
 8   6.4   9.8   23:56   2.7   06:30  11.8   0.0  10.8   9.1  48.0   15:20     S
 9   8.1  11.0   08:09   3.9   22:42  10.2   0.0  42.4  10.2  47.0   06:36   SSW
10   1.9   4.3   00:00   1.0   16:01  16.4   0.0   6.8   7.4  40.0   08:45   SSW
11   1.3   2.8   14:55   0.2   07:12  16.8   0.0   3.6   5.7  29.0   01:54   SSW
12   3.1   6.6   13:44  -0.2   07:42  15.2   0.0   2.4   4.6  27.0   23:26     S
13   4.8   7.1   13:43   3.3   21:47  13.5   0.0   4.6   3.2  31.0   00:12     W
14   7.6  11.9   14:48   3.3   00:00  10.7   0.0   3.2   6.7  48.0   07:38   SSW
15   8.1  10.3   13:48   5.8   01:35  10.1   0.0  31.8  10.2  55.0   10:45   SSW
16   4.6   9.7   00:09   2.5   17:56  13.7   0.0   7.0  11.4  45.0   20:22   SSW
17   4.8   8.4   13:51   2.3   21:43  13.5   0.0   0.4   8.7  39.0   01:32    SW
18   3.9   7.1   11:20   1.4   22:30  14.4   0.0   5.6   6.5  34.0   11:16   SSW
19   6.1   9.3   20:55   1.6   01:40  12.2   0.0   7.8   7.7  35.0   13:58   SSW
20   5.2   8.9   00:00   2.8   10:18  13.1   0.0  13.4   6.2  29.0   13:07    SW
21   8.0  10.0   12:14   3.6   00:00  10.3   0.0   6.0  12.8  42.0   07:09   SSW
----------------------------------------------------------------------------------
     5.4  11.9    14    -0.2     5   269.8   0.0 153.6   6.5  55.0    15     SSW

Max >=  27.0:  0
Max <=   0.0:  0
Min <=   0.0:  3
Min <= -18.0:  0
Max Rain: 42.4 on day 9
Days of Rain: 20 (>= 0.2 mm)  14 (>= 2.0 mm)  2 (>= 20.0 mm)
Heat Base: 18.3  Cool Base: 18.3  Method: Integration