NOAA-Style Climate Reports


Report for 2020 January
                   Monthly Climatological Summary for Jan 2020

Name: Naas South   City: Naas   State: Kildare
Elevation: 116 m  Lat: N 54° 12' 28"   Lon: W 006° 40' 35"

                  Temperature (°C), Rain (mm), Wind Speed (km/h)

                                      Heat  Cool        Avg
    Mean                              Deg   Deg         Wind                 Dom
Day Temp  High   Time   Low    Time   Days  Days  Rain  Speed High   Time    Dir
----------------------------------------------------------------------------------
 1   5.7   8.1   22:49   1.6   06:32  12.6   0.0   0.0   3.2  37.0   22:37     S
 2   9.1  10.2   12:40   7.3   23:58   9.2   0.0   3.6   6.9  39.0   09:27     S
 3   5.2   7.3   00:00   3.2   08:37  13.1   0.0   0.0   1.6  13.0   00:06   ENE
 4   6.4   7.8   15:04   4.9   02:08  11.9   0.0   0.0   3.3  16.0   11:40     S
 5   8.4  10.2   14:35   7.0   00:00   9.9   0.0   0.4   5.0  35.0   22:46     S
 6   7.6   9.4   06:50   4.6   21:32  10.7   0.0  12.4   6.2  53.0   06:10   SSE
 7  10.5  13.1   17:23   5.6   00:00   7.8   0.0   1.2   6.9  35.0   09:53     S
 8   6.6   9.9   00:00   3.2   23:49  11.7   0.0   2.0   1.9  13.0   03:16     S
 9   2.3   4.4   13:38   0.1   20:04  16.0   0.0   6.2   1.0  13.0   01:17   NNW
10   4.8   9.8   23:38   0.5   05:57  13.5   0.0   1.4   4.8  37.0   21:20     S
11   9.3  12.3   10:20   5.7   21:18   9.0   0.0  13.0   6.4  43.0   04:43     S
12   4.7   6.2   12:55   3.0   22:47  13.6   0.0   3.4   2.1  40.0   14:04     S
13   5.7   8.2   10:59   3.1   00:13  12.6   0.0  20.4  10.6  58.0   11:12     S
14   3.4   4.9   09:43   1.7   21:27  14.9   0.0   7.2   4.9  31.0   18:24     S
15   4.5   7.6   14:25   2.0   00:00  13.8   0.0   0.0   6.5  27.0   10:11     S
16   7.7  10.2   13:13   4.5   23:59  10.6   0.0   3.6   7.1  50.0   10:08   SSW
17   3.5   6.5   14:43   0.3   23:44  14.8   0.0   0.0   2.2  19.0   12:23   SSW
18   0.2   6.1   14:33  -3.4   08:35  18.1   0.0   0.2   0.4  11.0   01:33   SSW
19   0.8   6.9   13:34  -4.4   07:46  17.4   0.0   0.0   1.4  16.0   13:35     S
20   4.1   7.6   13:35   1.7   03:12  14.2   0.0   0.2   1.9  13.0   10:39     S
21   6.4   7.3   13:22   5.4   07:39  11.9   0.0   0.8   0.3   6.0   00:23     S
22   7.5   9.1   14:41   6.7   04:03  10.8   0.0   0.2   0.0   3.0   02:56   SSW
23   7.1  10.3   13:05   5.7   23:30  11.2   0.0   0.0   0.1   8.0   19:25   SSW
24   5.6   6.4   13:17   4.8   23:21  12.7   0.0   0.2   0.7  14.0   23:52     S
25   6.6   7.9   13:35   4.8   00:00  11.7   0.0   0.0   3.9  29.0   22:41     S
26   5.3   8.6   04:25   1.9   18:10  13.0   0.0   6.2   4.0  34.0   01:50     S
27   3.5   5.9   13:29   1.5   23:58  14.8   0.0   0.0   4.1  23.0   12:12     S
28   2.4   5.3   13:08   0.2   02:18  15.9   0.0   0.0   3.4  26.0   11:15   SSE
29   5.3   9.4   13:47   1.1   02:17  13.0   0.0   0.2   3.9  21.0   14:16   SSE
30   8.8  12.8   13:31   5.9   02:52   9.5   0.0   0.2   4.1  24.0   09:11   SSE
31  10.6  12.7   13:32   7.9   00:00   7.7   0.0   1.2   6.0  27.0   02:22   SSE
----------------------------------------------------------------------------------
     5.8  13.1     7    -4.4    19   387.6   0.0  84.2   3.7  58.0    13       S

Max >=  27.0:  0
Max <=   0.0:  0
Min <=   0.0:  2
Min <= -18.0:  0
Max Rain: 20.4 on day 13
Days of Rain: 21 (>= 0.2 mm)  10 (>= 2.0 mm)  1 (>= 20.0 mm)
Heat Base: 18.3  Cool Base: 18.3  Method: Integration