NOAA-Style Climate Reports


Report for 2020
                   Annual Climatological Summary for 2020

Name: Naas South   City: Naas   State: Kildare
Elevation: 116 m  Lat: N 54° 12' 28"   Lon: W 006° 40' 35"

                  Temperature (°C), Heat Base: 18.3  Cool Base: 18.3
                          Dep.  Heat  Cool                       Max  Max  Min  Min
        Mean  Mean        From  Deg   Deg                        >=   <=   <=   <=
 YR MO  Max   Min   Mean  Norm  Days  Days  Hi  Date  Low  Date 27.0  0.0  0.0 -18.0
------------------------------------------------------------------------------------
 20  1   8.5   3.2   5.8   0.0   387     0  13.1   7  -4.4   19    0    0    2    0
 20  2   8.4   2.3   5.3   0.0   376     0  11.9  14  -0.5   27    0    0    4    0
 20  3  10.5   1.8   6.1   0.0   378     0  16.7  25  -3.0   30    0    0   10    0
 20  4  15.8   5.5  10.2   0.0   244     2  23.8  25  -1.6   14    0    0    1    0
 20  5  18.9   7.5  13.2   0.0   172    15  26.3  28  -0.5   12    0    0    2    0
 20  6  19.0  10.1  14.2   0.0   137    13  27.2  25   4.9    6    1    0    0    0
 20  7  19.3  11.3  15.0   0.0   109     7  25.2  21   4.9   20    0    0    0    0
 20  8  19.3  11.7  15.3   0.0   101     8  23.6   7   3.6   30    0    0    0    0
 20  9  17.7   9.2  13.1   0.0   160     5  24.8  14  -0.4   27    0    0    1    0
 20 10  12.7   6.4   9.3   0.0   278     0  14.7  29   1.7   18    0    0    0    0
 20 11  11.0   4.7   8.1   0.0   305     0  14.9  17  -1.3   27    0    0    2    0
 20 12   7.0   2.0   4.6   0.0   423     0  12.0  18  -3.1    7    0    0   10    0
------------------------------------------------------------------------------------
        14.0   6.3  10.0   0.0  3076    53  27.2 Jun  -4.4  Jan    1    0   32    0

                                Precipitation (mm)

              Dep.   Max        Days of Rain
              From   Obs.           >=
 YR MO Total  Norm   Day Date  0.2  2.0 20.0
---------------------------------------------
 20  1  84.2   0.0  20.4  13    21   10    1
 20  2 221.6   0.0  42.4   9    28   20    2
 20  3  56.8   0.0  17.6   9    15    8    0
 20  4  31.0   0.0  12.0   5     9    6    0
 20  5  13.8   0.0   6.0  22     8    3    0
 20  6 124.2   0.0  32.8  17    23   15    1
 20  7 132.0   0.0  16.6   8    24   16    0
 20  8 112.0   0.0  29.4  18    18   12    2
 20  9  60.4   0.0  18.4   2    19    7    0
 20 10  94.4   0.0  19.4   4    26   15    0
 20 11  76.6   0.0  15.8   1    23   11    0
 20 12  89.4   0.0  20.0  26    24   14    1
---------------------------------------------
      1096.4   0.0  42.4  Feb  238  137    7

                                Wind Speed (km/h)
                          Dom
 YR MO   Avg.  Hi   Date  Dir
------------------------------
 20  1   3.7  58.0   13     S
 20  2   5.8  55.0   15   SSW
 20  3   3.0  45.0   17   SSE
 20  4   1.8  39.0    5     S
 20  5   1.7  39.0   22   SSW
 20  6   1.7  42.0   22   SSW
 20  7   2.4  39.0    5     S
 20  8   4.5  61.0   20   SSE
 20  9   4.1  40.0    2   SSE
 20 10   5.4  77.0   20     S
 20 11   6.2  58.0    1     S
 20 12   6.0  58.0   16     S
------------------------------
         3.9  77.0  Oct     S