NOAA-Style Climate Reports

Select a Year or Month report
2020: Jan Feb Mar Apr May Jun Jul Aug Sep Oct Nov Dec
2019: Jan Feb Mar Apr May Jun Jul Aug Sep Oct Nov Dec
2018: Jan Feb Mar Apr May Jun Jul Aug Sep Oct Nov Dec
2017: Jan Feb Mar Apr May Jun Jul Aug Sep Oct Nov Dec
2016: Jan Feb Mar Apr May Jun Jul Aug Sep Oct Nov Dec
2015: Jan Feb Mar Apr May Jun Jul Aug Sep Oct Nov Dec
2014: Jan Feb Mar Apr May Jun Jul Aug Sep Oct Nov Dec
2013: Jan Feb Mar Apr May Jun Jul Aug Sep Oct Nov Dec
2012: Jan Feb Mar Apr May Jun Jul Aug Sep Oct Nov Dec
2011: Jan Feb Mar Apr May Jun Jul Aug Sep Oct Nov Dec
2010: Jan Feb Mar Apr May Jun Jul Aug Sep Oct Nov Dec

Report for 2019 December
                   Monthly Climatological Summary for Dec 2019

Name: Naas South   City: Naas   State: Kildare
Elevation: 116 m  Lat: N 54° 12' 28"   Lon: W 006° 40' 35"

                  Temperature (°C), Rain (mm), Wind Speed (km/h)

                                      Heat  Cool        Avg
    Mean                              Deg   Deg         Wind                 Dom
Day Temp  High   Time   Low    Time   Days  Days  Rain  Speed High   Time    Dir
----------------------------------------------------------------------------------
 1   0.3   4.8   13:17  -2.8   23:54  18.0   0.0   0.2   0.0   3.0   13:00   ---
 2   0.9   3.9   12:24  -3.4   02:04  17.4   0.0   0.2   0.6  26.0   14:03   SSE
 3   4.0   7.6   12:38  -0.7   04:01  14.3   0.0   0.0   2.7  23.0   13:25   SSE
 4   6.8   9.0   14:03   3.8   23:55  11.5   0.0   0.2   3.2  24.0   05:44   SSE
 5   8.4  11.8   17:52   3.8   00:00   9.9   0.0   1.4   5.4  31.0   10:51   SSE
 6   8.6  11.3   01:48   6.4   21:38   9.7   0.0   5.2   2.4  21.0   05:29   ESE
 7   8.5  11.5   23:07   6.4   03:36   9.8   0.0  10.4   5.0  35.0   20:36   SSE
 8   5.6   9.1   00:00   4.0   09:31  12.7   0.0  12.0   4.7  29.0   16:47   ESE
 9   6.0   7.8   00:38   4.6   08:16  12.3   0.0   0.2   3.1  29.0   00:36    NW
10   7.7  12.1   11:14   3.3   19:05  10.6   0.0  15.0   7.8  51.0   05:12   SSE
11   3.0   4.8   12:44   1.0   20:37  15.3   0.0   0.0   3.2  19.0   03:47     S
12   5.6   7.9   13:36   2.3   00:00  12.7   0.0  15.8   2.6  29.0   03:12   SSE
13   4.7   7.4   12:42   2.6   23:49  13.5   0.0   2.0   3.0  18.0   03:57     E
14   2.2   3.9   16:00   0.8   10:11  16.1   0.0   2.4   4.0  24.0   14:14   SSE
15   2.5   4.9   20:13  -0.2   08:37  15.8   0.0   1.0   4.0  26.0   20:10     S
16   2.6   5.0   12:37   1.0   08:15  15.7   0.0   0.2   2.9  23.0   00:54     S
17   2.4   3.8   12:05   1.4   00:00  15.9   0.0   0.6   1.7  16.0   01:20     S
18   7.1  10.4   18:57   2.0   01:05  11.2   0.0  20.4   9.0  47.0   20:21   SSW
19   7.9   9.6   11:46   6.3   22:33  10.4   0.0   9.2   2.6  27.0   00:41     W
20   4.8   7.2   12:33   3.4   17:03  13.5   0.0   3.4   1.3  18.0   13:58   SSW
21   3.4   5.5   12:58   0.6   06:44  14.9   0.0   0.2   0.2   8.0   01:15     S
22   5.4   7.4   14:38   3.3   01:46  12.9   0.0   0.2   2.3  14.0   05:23   SSE
23   5.6   7.9   12:36   4.4   03:15  12.7   0.0   1.4   2.4  18.0   09:23   SSE
24   5.4   7.6   11:32   2.3   23:48  12.9   0.0   0.4   2.0  23.0   03:23   SSE
25   3.1   7.1   23:25  -0.8   09:18  15.2   0.0   0.4   1.1  27.0   22:35     S
26   8.1   9.7   13:06   6.8   00:36  10.2   0.0   1.8   3.8  29.0   00:23     S
27  10.4  11.2   12:55   8.4   00:00   7.9   0.0   0.4   4.1  26.0   11:09     S
28   9.9  10.8   12:55   9.1   03:49   8.4   0.0   2.4   9.0  37.0   13:54    SW
29   9.7  10.3   01:24   7.7   23:40   8.6   0.0   0.4   8.1  39.0   01:44    SW
30   8.3  10.1   14:22   7.2   06:09  10.0   0.0   0.2   2.8  26.0   02:05     S
31   7.1   8.6   14:06   5.4   08:23  11.2   0.0   0.0   0.4  10.0   13:58     W
----------------------------------------------------------------------------------
     5.7  12.1    10    -3.4     2   391.2   0.0 107.6   3.4  51.0    10       S

Max >=  27.0:  0
Max <=   0.0:  0
Min <=   0.0:  5
Min <= -18.0:  0
Max Rain: 20.4 on day 18
Days of Rain: 28 (>= 0.2 mm)  11 (>= 2.0 mm)  1 (>= 20.0 mm)
Heat Base: 18.3  Cool Base: 18.3  Method: Integration