NOAA-Style Climate Reports

Select a Year or Month report
2020: Jan Feb Mar Apr May Jun Jul Aug Sep Oct Nov Dec
2019: Jan Feb Mar Apr May Jun Jul Aug Sep Oct Nov Dec
2018: Jan Feb Mar Apr May Jun Jul Aug Sep Oct Nov Dec
2017: Jan Feb Mar Apr May Jun Jul Aug Sep Oct Nov Dec
2016: Jan Feb Mar Apr May Jun Jul Aug Sep Oct Nov Dec
2015: Jan Feb Mar Apr May Jun Jul Aug Sep Oct Nov Dec
2014: Jan Feb Mar Apr May Jun Jul Aug Sep Oct Nov Dec
2013: Jan Feb Mar Apr May Jun Jul Aug Sep Oct Nov Dec
2012: Jan Feb Mar Apr May Jun Jul Aug Sep Oct Nov Dec
2011: Jan Feb Mar Apr May Jun Jul Aug Sep Oct Nov Dec
2010: Jan Feb Mar Apr May Jun Jul Aug Sep Oct Nov Dec

Report for 2019 November
                   Monthly Climatological Summary for Nov 2019

Name: Naas South   City: Naas   State: Kildare
Elevation: 116 m  Lat: N 54° 12' 28"   Lon: W 006° 40' 35"

                  Temperature (°C), Rain (mm), Wind Speed (km/h)

                                      Heat  Cool        Avg
    Mean                              Deg   Deg         Wind                 Dom
Day Temp  High   Time   Low    Time   Days  Days  Rain  Speed High   Time    Dir
----------------------------------------------------------------------------------
 1  12.6  13.3   03:49  10.1   23:48   5.7   0.0  11.4   3.0  24.0   02:38     S
 2   8.5  10.1   00:00   5.9   23:55   9.8   0.0  17.6   1.0  16.0   02:19   SSE
 3   6.5   8.2   14:26   2.9   02:13  11.8   0.0   4.2   0.2   6.0   09:36     S
 4   7.0   8.3   13:45   4.6   03:21  11.3   0.0  17.0   1.1  13.0   23:28   NNW
 5   7.8  10.0   12:09   5.3   23:56  10.5   0.0   0.2   1.1  14.0   01:17   NNW
 6   5.5   8.9   12:05   2.2   01:53  12.8   0.0   2.2   0.7  21.0   14:28     S
 7   5.2   6.1   19:17   3.9   02:43  13.1   0.0  18.2   1.6  14.0   10:10   NNW
 8   3.3   6.4   13:44   0.2   06:10  15.0   0.0   0.2   0.5  11.0   23:59   SSE
 9   5.1   6.9   13:29   3.2   23:25  13.2   0.0  14.0   3.3  21.0   02:46    NW
10   3.2   6.1   22:01  -1.0   08:23  15.1   0.0  13.0   1.9  32.0   21:16   SSE
11   4.0   7.3   13:31   1.9   23:01  14.3   0.0   1.4   2.1  16.0   13:44   ENE
12   4.0   7.6   12:41   1.4   23:14  14.3   0.0   0.0   2.4  18.0   10:07     N
13   3.1   5.7   13:11   1.1   19:27  15.2   0.0  11.8   1.7  16.0   09:29     S
14   3.5   5.7   12:52   1.1   23:56  14.8   0.0   0.2   3.2  19.0   11:07   NNW
15   2.8   6.3   13:58  -0.8   04:22  15.4   0.0   0.0   1.5  37.0   09:28   NNW
16   1.0   3.4   14:06  -1.4   07:59  17.3   0.0   0.0   0.0   5.0   11:12   ---
17   1.8   5.2   14:16  -1.1   07:46  16.5   0.0   0.2   0.1  18.0   16:21   NNW
18   1.7   6.8   13:30  -3.6   06:29  16.6   0.0   0.2   0.2   8.0   21:37   SSE
19   6.8  10.3   12:38   0.0   23:36  11.5   0.0   0.6   3.9  31.0   07:23   SSE
20   7.9  10.6   11:14   0.2   00:25  10.4   0.0   1.0   5.0  34.0   10:33   SSE
21   6.9   7.9   04:42   5.4   23:46  11.4   0.0   0.0   2.8  24.0   00:58   SSW
22   5.9   7.6   12:29   4.7   16:50  12.4   0.0  12.4   0.2  11.0   05:14   WSW
23   7.3   8.4   14:47   5.3   00:00  10.9   0.0   6.0   0.7  10.0   08:55    NW
24   7.6   9.2   23:36   6.3   08:33  10.7   0.0   1.8   0.3  19.0   22:29   SSE
25  10.3  12.4   12:48   8.5   23:58   8.0   0.0   1.2   0.9  23.0   00:30     S
26   8.7  11.4   12:08   4.7   23:49   9.6   0.0   2.0   3.2  35.0   14:44     S
27   7.1   9.6   12:25   4.0   01:41  11.2   0.0   0.4   0.0   5.0   05:09   ---
28   6.8   8.5   14:25   4.8   23:55  11.5   0.0   1.2   0.0   6.0   16:52     W
29   2.5   7.2   13:26  -1.4   23:33  15.8   0.0   0.0   0.1   6.0   14:33     S
30   4.1   7.7   12:26  -1.6   00:48  14.2   0.0   0.2   1.2  18.0   05:03    SW
----------------------------------------------------------------------------------
     5.6  13.3     1    -3.6    18   380.3   0.0 138.6   1.5  37.0    15     SSW

Max >=  27.0:  0
Max <=   0.0:  0
Min <=   0.0:  8
Min <= -18.0:  0
Max Rain: 18.2 on day 7
Days of Rain: 25 (>= 0.2 mm)  12 (>= 2.0 mm)  0 (>= 20.0 mm)
Heat Base: 18.3  Cool Base: 18.3  Method: Integration