NOAA-Style Climate Reports


Report for 2019 October
                   Monthly Climatological Summary for Oct 2019

Name: Naas South   City: Naas   State: Kildare
Elevation: 116 m  Lat: N 54° 12' 28"   Lon: W 006° 40' 35"

                  Temperature (°C), Rain (mm), Wind Speed (km/h)

                                      Heat  Cool        Avg
    Mean                              Deg   Deg         Wind                 Dom
Day Temp  High   Time   Low    Time   Days  Days  Rain  Speed High   Time    Dir
----------------------------------------------------------------------------------
 1   9.2  11.9   00:01   3.4   23:57   9.1   0.0   7.0   2.0  21.0   12:37    NW
 2   6.7  13.3   13:57   0.6   06:22  11.6   0.0   0.2   0.1   5.0   10:31   SSE
 3  11.3  15.1   18:20   6.4   01:50   7.0   0.0   2.8   4.6  51.0   20:04   SSE
 4  12.2  14.2   15:21   9.4   23:25   6.1   0.0  12.2   3.0  27.0   04:56    SE
 5  12.7  15.0   13:36   9.8   00:00   5.6   0.0  13.8   2.1  24.0   15:05   SSE
 6  11.6  14.9   14:14   8.4   07:53   6.7   0.0   0.4   1.3  14.0   10:57     N
 7  13.0  16.7   15:53  10.1   01:53   5.3   0.0   9.0   4.5  34.0   05:48   SSE
 8  11.2  14.2   13:48   9.4   22:45   7.1   0.0   1.0   4.7  26.0   13:33    SE
 9   9.5  12.4   16:15   7.1   07:51   8.8   0.0   1.2   2.9  24.0   17:05    SE
10  11.5  15.9   14:54   8.6   00:06   6.8   0.0   3.6   4.0  27.0   13:00    SE
11  11.5  14.8   13:07   8.9   22:48   6.8   0.0   0.2   2.9  16.0   00:00    SE
12   9.9  14.7   13:05   6.6   06:11   8.4   0.0   0.6   2.0  16.0   14:50   SSE
13   9.7  13.3   14:53   7.0   23:41   8.6   0.0   5.2   1.2  16.0   06:00     S
14   9.8  15.1   15:05   5.3   03:42   8.5   0.0   2.6   0.7  21.0   13:49     S
15  10.4  13.8   14:37   6.1   03:46   7.9   0.0   0.2   2.4  27.0   22:14     S
16   9.9  13.8   14:08   6.3   08:33   8.4   0.0   2.0   2.4  24.0   00:47   SSE
17   9.2  12.8   11:25   7.3   21:07   9.1   0.0   4.6   3.8  29.0   12:05     S
18   9.0  13.7   13:50   7.2   07:44   9.3   0.0   1.6   1.6  13.0   00:26     S
19   7.2  10.3   16:46   3.3   22:35  11.1   0.0   2.4   0.2   6.0   13:02   NNW
20   6.6  11.1   13:34   2.7   02:28  11.7   0.0   0.2   0.9  14.0   11:06   NNW
21   5.3  12.1   14:52  -0.1   07:49  13.0   0.0   0.0   0.2  10.0   13:50     S
22   7.8  10.7   15:49   2.8   00:40  10.5   0.0   0.0   2.4  18.0   21:58   SSE
23  11.2  13.6   13:03   9.7   00:00   7.1   0.0   1.8   5.2  31.0   15:09     S
24   8.5  13.8   14:04   3.4   23:14   9.8   0.0   1.2   1.1  11.0   10:07    SE
25   4.5   6.5   11:20   0.9   02:50  13.8   0.0  11.2   0.2   6.0   08:52     W
26   5.0   8.7   14:10   1.7   23:59  13.2   0.0   1.8   0.5  11.0   15:10     N
27   3.8  10.3   13:02  -0.7   23:54  15.2   0.0   0.0   0.5  10.0   13:28     W
28   3.1   9.6   11:58  -2.6   06:28  15.2   0.0   0.2   0.9  16.0   14:00   ENE
29   7.2  11.2   11:56   4.4   05:09  11.1   0.0   0.0   1.8  19.0   10:24    NW
30   8.8  10.4   13:26   6.9   00:00   9.5   0.0   0.6   3.1  23.0   12:36   WNW
31   9.9  11.9   22:35   7.2   07:40   8.4   0.0   3.8   1.1  11.0   16:41   SSW
----------------------------------------------------------------------------------
     8.9  16.7     7    -2.6    28   290.7   0.0  91.4   2.1  51.0     3     SSE

Max >=  27.0:  0
Max <=   0.0:  0
Min <=   0.0:  3
Min <= -18.0:  0
Max Rain: 13.8 on day 5
Days of Rain: 27 (>= 0.2 mm)  13 (>= 2.0 mm)  0 (>= 20.0 mm)
Heat Base: 18.3  Cool Base: 18.3  Method: Integration