NOAA-Style Climate Reports


Report for 2019 September
                   Monthly Climatological Summary for Sep 2019

Name: Naas South   City: Naas   State: Kildare
Elevation: 116 m  Lat: N 54° 12' 28"   Lon: W 006° 40' 35"

                  Temperature (°C), Rain (mm), Wind Speed (km/h)

                                      Heat  Cool        Avg
    Mean                              Deg   Deg         Wind                 Dom
Day Temp  High   Time   Low    Time   Days  Days  Rain  Speed High   Time    Dir
----------------------------------------------------------------------------------
 1  12.3  17.8   14:56   7.7   05:09   6.0   0.0   0.4   1.4  13.0   11:54    NE
 2  13.0  15.7   12:16   9.6   02:30   5.3   0.0   1.2   3.0  19.0   09:34    SE
 3  16.0  20.9   15:40  12.4   01:21   2.7   0.4   1.0   3.4  21.0   08:31    SE
 4  11.9  16.2   12:33   8.3   23:57   6.4   0.0   1.4   3.5  24.0   14:37   NNW
 5  12.2  19.1   16:08   5.8   03:51   6.1   0.0   0.0   1.8  16.0   16:21   ENE
 6  14.1  18.6   15:18  11.2   23:58   4.1   0.0   0.6   3.3  21.0   02:00    NE
 7  13.4  18.8   16:41  10.6   00:49   4.9   0.0   0.0   1.0  14.0   18:54   NNW
 8  14.1  19.5   15:53   8.0   06:30   4.2   0.1   0.2   1.9  13.0   11:52   SSE
 9  13.0  17.7   14:55   7.9   23:53   5.3   0.0   4.0   2.1  16.0   12:17   NNW
10  11.1  16.6   13:37   4.6   05:22   7.2   0.0   0.2   2.7  23.0   21:48   SSE
11  15.8  18.3   12:38  12.6   23:33   2.5   0.0   2.0   3.0  21.0   05:28   ESE
12  14.7  20.2   14:04   8.0   23:59   3.7   0.1   1.4   3.0  23.0   11:14   SSE
13  11.3  19.1   16:19   4.6   04:24   7.0   0.0   0.2   0.3   6.0   06:35    SW
14  13.9  21.0   16:27   6.5   02:19   4.8   0.3   0.0   2.4  18.0   12:37    SE
15  14.9  16.8   13:07  13.7   10:34   3.4   0.0   5.8   1.1  13.0   00:41    SE
16  12.8  16.2   14:17   6.9   23:41   5.5   0.0   1.8   0.5   6.0   08:56    NW
17  10.8  18.9   15:35   4.3   07:23   7.5   0.0   0.2   0.3   6.0   11:15   WNW
18  12.1  21.2   15:49   4.9   05:05   6.6   0.3   0.0   0.2   8.0   12:48   SSW
19  13.9  23.8   15:56   6.4   07:19   5.4   1.0   0.0   0.1   6.0   11:26     S
20  13.8  20.7   14:12   6.3   06:19   4.8   0.3   0.0   2.2  35.0   23:37   SSE
21  17.0  21.0   12:35  14.8   06:31   1.5   0.2   1.6   6.0  35.0   00:47   SSE
22  14.9  16.8   01:15  11.3   23:48   3.4   0.0  43.8   0.7  16.0   00:28    SE
23  13.1  19.4   14:50   8.6   05:16   5.2   0.0   2.6   3.3  29.0   13:00   SSE
24  15.6  19.4   14:55  10.9   00:00   2.8   0.0   0.6   2.3  18.0   09:15   SSE
25  14.9  17.8   14:45  10.9   00:00   3.4   0.0   3.0   3.1  21.0   19:28   SSE
26  12.9  16.1   15:08  11.1   20:43   5.4   0.0  15.8   4.1  26.0   14:45    SE
27  12.5  15.9   14:42  10.5   03:00   5.8   0.0   5.2   3.1  21.0   22:52   ESE
28  13.3  16.4   13:01  11.0   20:34   5.0   0.0  13.2   2.3  16.0   13:40    SE
29  11.9  16.3   15:11   7.7   23:01   6.4   0.0   8.4   1.9  13.0   06:29    NW
30  10.1  13.2   13:16   6.2   07:00   8.2   0.0  18.8   0.5  16.0   18:06   SSW
----------------------------------------------------------------------------------
    13.4  23.8    19     4.3    17   150.5   2.7 133.4   2.1  35.0    20      SE

Max >=  27.0:  0
Max <=   0.0:  0
Min <=   0.0:  0
Min <= -18.0:  0
Max Rain: 43.8 on day 22
Days of Rain: 24 (>= 0.2 mm)  11 (>= 2.0 mm)  1 (>= 20.0 mm)
Heat Base: 18.3  Cool Base: 18.3  Method: Integration