NOAA-Style Climate Reports


Report for 2019 August
                   Monthly Climatological Summary for Aug 2019

Name: Naas South   City: Naas   State: Kildare
Elevation: 116 m  Lat: N 54° 12' 28"   Lon: W 006° 40' 35"

                  Temperature (°C), Rain (mm), Wind Speed (km/h)

                                      Heat  Cool        Avg
    Mean                              Deg   Deg         Wind                 Dom
Day Temp  High   Time   Low    Time   Days  Days  Rain  Speed High   Time    Dir
----------------------------------------------------------------------------------
 1  17.7  24.1   14:53  11.6   06:24   2.2   1.6   0.0   0.0   3.0   11:05   WSW
 2  18.4  26.6   13:41   9.9   06:03   2.5   2.6   0.0   0.6  13.0   18:37   SSW
 3  17.7  22.4   14:07  13.5   02:08   1.5   0.9   0.8   1.3  19.0   18:18   SSW
 4  17.5  23.3   14:17  13.9   06:41   1.7   0.9  14.8   2.0  21.0   16:51   SSW
 5  15.6  21.1   14:36  11.1   05:42   3.0   0.3   3.0   2.2  16.0   16:50     S
 6  15.9  20.4   16:13  13.6   23:41   2.5   0.1   7.8   2.5  18.0   12:58     S
 7  16.6  22.6   17:13  13.1   04:37   2.4   0.7   1.6   1.4  19.0   16:23   WSW
 8  16.3  23.0   16:05  10.3   05:52   2.8   0.8   1.8   0.8  32.0   20:34    SW
 9  17.4  21.1   13:37  15.0   00:16   1.3   0.4  18.2   5.3  32.0   15:52   SSE
10  16.2  17.7   13:12  14.2   21:33   2.1   0.0   8.2   3.1  21.0   15:58    SE
11  13.9  18.7   14:49  10.3   23:49   4.4   0.0   7.4   1.3  19.0   15:21   NNW
12  12.2  18.3   14:44   7.9   06:18   6.1   0.0   2.0   1.1  19.0   19:43    SE
13  13.1  19.0   14:01   7.6   05:25   5.2   0.0   2.4   1.5  37.0   12:41   SSE
14  16.5  20.5   13:29  13.5   00:11   2.1   0.2   5.6   1.3  14.0   04:02    SE
15  16.5  21.2   17:25  12.4   07:06   2.2   0.4   0.2   2.2  16.0   23:37    NE
16  16.7  20.8   14:13  13.9   05:26   2.0   0.4  20.0   4.9  35.0   07:15   SSE
17  14.8  18.8   15:14  11.3   06:11   3.5   0.0   1.6   4.2  29.0   19:16    SE
18  13.4  17.3   14:45  10.7   03:37   4.9   0.0   4.2   3.0  19.0   09:16    SE
19  13.5  18.4   13:53  10.1   03:06   4.8   0.0   2.8   1.8  16.0   08:32     E
20  12.5  15.8   17:34   8.3   06:31   5.8   0.0  12.2   1.8  21.0   10:49   SSE
21  13.7  15.9   12:18  10.9   05:14   4.6   0.0   7.2   3.7  29.0   19:11   SSE
22  17.2  20.9   17:54  14.1   00:00   1.6   0.5   0.4   3.4  21.0   13:18    SE
23  17.3  21.0   13:16  13.9   23:44   1.5   0.5   0.0   4.0  23.0   18:48   SSE
24  18.4  25.2   13:02  11.1   04:22   2.0   2.1   0.0   2.1  23.0   14:08   SSE
25  17.2  23.3   16:43  14.1   00:17   1.7   0.6   0.0   0.2   6.0   13:49   ESE
26  16.6  22.9   16:17   9.7   06:41   2.8   1.1   0.0   1.0  11.0   10:46    SE
27  15.9  21.7   13:38  12.2   06:15   2.7   0.3   0.0   3.3  24.0   23:18   SSE
28  15.4  20.1   14:06  11.4   08:28   3.0   0.1   0.2   2.7  23.0   00:56    SE
29  15.3  19.2   15:08  11.4   03:51   3.0   0.1   0.2   4.7  29.0   13:51    SE
30  16.9  20.4   17:12  15.0   01:47   1.6   0.2   0.2   5.9  29.0   20:25   SSE
31  14.1  18.2   15:20   9.7   23:59   4.3   0.0   8.6   3.3  31.0   03:40   ESE
----------------------------------------------------------------------------------
    15.8  26.6     2     7.6    13    91.8  14.8 131.4   2.5  37.0    13     SSE

Max >=  27.0:  0
Max <=   0.0:  0
Min <=   0.0:  0
Min <= -18.0:  0
Max Rain: 20.0 on day 16
Days of Rain: 24 (>= 0.2 mm)  15 (>= 2.0 mm)  1 (>= 20.0 mm)
Heat Base: 18.3  Cool Base: 18.3  Method: Integration