NOAA-Style Climate Reports


Report for 2019 July
                   Monthly Climatological Summary for Jul 2019

Name: Naas South   City: Naas   State: Kildare
Elevation: 116 m  Lat: N 54° 12' 28"   Lon: W 006° 40' 35"

                  Temperature (°C), Rain (mm), Wind Speed (km/h)

                                      Heat  Cool        Avg
    Mean                              Deg   Deg         Wind                 Dom
Day Temp  High   Time   Low    Time   Days  Days  Rain  Speed High   Time    Dir
----------------------------------------------------------------------------------
 1  15.4  21.7   17:25  11.9   23:33   3.3   0.4   0.0   1.7  13.0   16:52   WNW
 2  15.5  22.0   14:48  10.6   23:59   3.2   0.4   0.0   0.2  26.0   11:08    NW
 3  15.1  23.4   16:39   6.1   05:44   4.6   1.3   0.0   0.3  10.0   20:02     W
 4  17.1  25.7   16:13   8.5   05:28   3.1   1.9   0.0   0.7  13.0   19:28   WNW
 5  16.6  22.8   19:31   9.8   05:35   2.6   0.9   0.0   0.5   8.0   12:19     W
 6  15.6  18.3   17:30  12.8   23:21   2.7   0.0   0.6   0.1   5.0   04:37    NW
 7  16.9  24.1   18:03  10.4   06:29   2.8   1.4   0.0   0.0  10.0   16:36   WNW
 8  15.9  20.2   13:10  10.4   05:00   2.7   0.3   0.4   0.0   6.0   14:10   ---
 9  19.7  25.4   16:30  14.4   06:00   1.1   2.5   0.0   0.4   8.0   14:35    SW
10  17.7  22.6   13:24  15.1   23:55   1.1   0.6   7.2   0.6  13.0   08:38   SSW
11  18.1  23.0   15:25  14.9   00:15   1.4   1.3   0.8   0.9  11.0   18:10     W
12  15.6  18.3   14:47  13.1   06:39   2.7   0.0   0.0   0.7  10.0   06:37   WNW
13  16.7  22.5   17:05  12.8   05:17   2.6   1.0   0.0   0.4  27.0   19:39    NW
14  16.7  23.8   14:22   9.2   05:45   3.3   1.7   0.0   0.5  10.0   15:18   WNW
15  17.6  25.9   14:14   8.0   05:46   3.0   2.3   0.0   1.1  14.0   18:02   SSW
16  18.9  24.0   15:24  15.4   01:51   1.0   1.6   0.0   0.6  13.0   06:50   SSW
17  16.1  19.5   18:36  13.1   23:30   2.3   0.1   6.2   1.1  19.0   13:02   SSW
18  16.4  22.1   18:25  12.2   02:55   2.6   0.7   0.0   1.3  14.0   16:38   SSW
19  17.3  23.4   14:55  13.5   06:16   1.8   0.8  13.4   1.4  21.0   16:20   SSW
20  16.3  19.7   16:05  13.3   08:10   2.1   0.1   5.6   1.0  11.0   14:10   WNW
21  16.5  20.2   15:00  12.7   03:55   1.9   0.2  11.6   4.2  35.0   14:20   SSW
22  20.7  25.9   15:21  17.6   23:58   0.0   2.4   0.2   4.6  24.0   20:02   SSW
23  20.0  25.8   19:06  16.9   05:19   0.4   2.1   0.0   2.6  19.0   00:33   SSW
24  19.3  24.5   13:50  16.3   02:54   0.6   1.6   0.0   2.4  18.0   16:00   SSW
25  19.7  22.8   12:00  16.8   00:05   0.1   1.5   0.0   4.1  27.0   12:00   SSW
26  18.9  24.0   15:25  15.1   23:56   0.6   1.3   0.2   2.7  19.0   00:39   SSW
27  16.6  23.4   16:10  10.6   06:27   2.7   1.0   1.4   0.3   6.0   13:31   WNW
28  16.6  22.1   13:51  11.7   04:43   2.5   0.8   0.0   0.5  10.0   14:26   WNW
29  17.3  26.4   14:44  12.9   06:03   2.2   1.2   1.4   0.2  10.0   17:43   SSW
30  15.6  19.6   14:31  13.6   04:28   2.8   0.1   7.4   0.2   8.0   21:27   WNW
31  16.8  23.8   17:34  12.3   06:47   2.7   1.2   0.0   0.3   8.0   00:04   WNW
----------------------------------------------------------------------------------
    17.2  26.4    29     6.1     3    66.5  32.7  56.4   1.1  35.0    21      SW

Max >=  27.0:  0
Max <=   0.0:  0
Min <=   0.0:  0
Min <= -18.0:  0
Max Rain: 13.4 on day 19
Days of Rain: 13 (>= 0.2 mm)  6 (>= 2.0 mm)  0 (>= 20.0 mm)
Heat Base: 18.3  Cool Base: 18.3  Method: Integration