NOAA-Style Climate Reports


Report for 2019 June
                   Monthly Climatological Summary for Jun 2019

Name: Naas South   City: Naas   State: Kildare
Elevation: 116 m  Lat: N 54° 12' 28"   Lon: W 006° 40' 35"

                  Temperature (°C), Rain (mm), Wind Speed (km/h)

                                      Heat  Cool        Avg
    Mean                              Deg   Deg         Wind                 Dom
Day Temp  High   Time   Low    Time   Days  Days  Rain  Speed High   Time    Dir
----------------------------------------------------------------------------------
 1  13.7  18.7   13:42   7.8   04:16   4.6   0.0   2.0   1.7  18.0   16:47   SSW
 2  14.6  18.4   13:20  10.5   23:27   3.7   0.0   2.8   4.6  23.0   05:01   SSW
 3  11.5  18.2   14:39   7.8   05:27   6.8   0.0   5.2   2.4  16.0   17:05   SSW
 4  10.9  13.4   15:20   7.9   02:22   7.4   0.0  21.4   0.0   5.0   20:04   ---
 5   9.9  13.4   20:12   7.4   22:33   8.4   0.0  10.2   1.5  16.0   19:26    NW
 6  10.1  17.0   14:24   7.0   23:54   8.2   0.0   3.2   1.7  14.0   18:42   SSW
 7  10.3  17.3   12:24   3.7   04:03   8.0   0.0   0.4   0.2   8.0   14:02   WSW
 8  11.9  17.3   17:16   7.2   05:40   6.4   0.0   0.0   1.5  13.0   17:22   WNW
 9  11.0  18.2   14:52   6.2   05:29   7.3   0.0   1.2   1.3  14.0   12:47   SSW
10  13.2  18.9   14:12   8.6   05:21   5.1   0.0   0.0   0.8  13.0   15:22   NNW
11  11.3  16.6   16:17   5.5   04:41   7.0   0.0   0.0   0.9   8.0   09:51   NNW
12  10.3  12.5   17:32   8.7   00:00   8.0   0.0   0.8   0.7   8.0   12:53   NNW
13  10.3  12.8   15:53   8.8   23:32   8.0   0.0   2.8   0.2   6.0   10:32    NW
14  10.4  15.8   17:13   6.9   04:22   7.9   0.0  10.8   1.2  16.0   11:56   SSW
15  11.6  17.2   14:38   8.4   08:57   6.7   0.0   8.0   0.6  10.0   17:52   SSW
16  12.1  18.4   14:56   7.4   03:08   6.1   0.0   9.0   1.7  23.0   15:31   SSW
17  14.0  19.3   18:44   9.0   04:02   4.3   0.0   0.4   2.3  24.0   11:16   SSW
18  15.1  22.2   15:48   8.7   05:56   3.6   0.4   0.0   0.8  10.0   10:32   SSW
19  14.0  19.5   14:00  10.1   05:30   4.3   0.0   0.0   0.7  10.0   14:47   SSW
20  12.7  18.8   14:35   7.9   05:34   5.5   0.0   0.2   0.6  11.0   13:15    SW
21  13.3  21.3   15:43   6.1   04:55   5.3   0.3   0.0   0.6  10.0   18:50   SSW
22  15.8  23.1   15:30   9.9   05:20   3.4   0.9   0.0   1.2  19.0   13:46   SSW
23  14.5  16.8   12:43  12.5   02:53   3.8   0.0  12.8   0.1   8.0   14:24    SW
24  16.3  22.6   14:00  12.7   23:56   2.5   0.5   0.0   0.0   6.0   17:10   ---
25  15.8  21.3   14:30  11.3   03:29   2.8   0.3   0.0   0.1   6.0   14:02   NNW
26  15.8  20.9   14:41  11.8   02:36   3.0   0.4   0.0   0.5  13.0   20:07   WNW
27  17.0  22.5   17:11  12.5   04:26   2.3   1.0   0.0   1.7  13.0   08:34   NNW
28  20.1  27.5   13:57  14.4   05:14   0.8   2.6   0.0   1.3  14.0   09:35   SSW
29  17.9  24.1   17:58  14.4   08:10   1.4   1.0   2.2   0.9  11.0   23:10     S
30  15.8  19.8   16:35  13.1   23:50   2.5   0.1   1.2   2.5  18.0   13:07     S
----------------------------------------------------------------------------------
    13.4  27.5    28     3.7     7   155.1   7.5  94.6   1.1  24.0    17      SW

Max >=  27.0:  1
Max <=   0.0:  0
Min <=   0.0:  0
Min <= -18.0:  0
Max Rain: 21.4 on day 4
Days of Rain: 18 (>= 0.2 mm)  12 (>= 2.0 mm)  1 (>= 20.0 mm)
Heat Base: 18.3  Cool Base: 18.3  Method: Integration