NOAA-Style Climate Reports


Report for 2019 May
                   Monthly Climatological Summary for May 2019

Name: Naas South   City: Naas   State: Kildare
Elevation: 116 m  Lat: N 54° 12' 28"   Lon: W 006° 40' 35"

                  Temperature (°C), Rain (mm), Wind Speed (km/h)

                                      Heat  Cool        Avg
    Mean                              Deg   Deg         Wind                 Dom
Day Temp  High   Time   Low    Time   Days  Days  Rain  Speed High   Time    Dir
----------------------------------------------------------------------------------
 1  10.0  15.4   15:29   6.2   04:22   8.3   0.0   0.2   1.4  16.0   15:28   WSW
 2  10.4  14.6   15:59   5.4   23:46   7.9   0.0   0.0   2.4  13.0   01:51   WNW
 3   7.6  12.0   13:24   3.5   02:57  10.7   0.0   0.0   3.2  18.0   18:49   NNE
 4   6.3  12.2   16:55   0.6   05:39  12.0   0.0   0.0   4.8  24.0   10:20    NE
 5   6.7  13.1   17:17  -1.2   06:00  11.6   0.0   0.0   1.7  14.0   22:04    NE
 6   8.1  13.2   13:31   2.0   04:44  10.2   0.0   0.0   1.1  11.0   16:03    NE
 7   9.7  14.8   13:34   5.6   06:19   8.6   0.0   0.2   2.1  19.0   14:24   SSE
 8   7.6   8.9   04:08   6.7   23:04  10.7   0.0   1.8   7.6  27.0   11:42    NE
 9   7.6  10.6   12:29   5.0   23:58  10.7   0.0   2.6   1.9  13.0   16:35    NE
10   7.9  14.7   18:18   2.1   06:14  10.4   0.0   1.0   1.0  16.0   15:30     E
11   8.4  15.2   19:29   1.6   05:27   9.9   0.0   0.0   1.7  14.0   10:00   NNE
12  10.7  18.1   16:19   1.5   05:25   7.6   0.0   0.2   2.3  21.0   15:02     S
13  12.4  18.4   14:46   3.3   04:31   5.9   0.0   0.0   3.1  26.0   15:17     S
14  13.5  20.0   14:37   5.6   06:29   4.9   0.2   0.0   1.8  19.0   15:27     S
15  14.6  21.4   17:27   7.1   05:58   4.3   0.6   0.0   1.8  21.0   15:43     S
16  12.8  20.2   14:13   6.6   05:55   5.6   0.1   0.0   0.6  11.0   15:09     S
17   9.9  12.2   10:56   7.3   01:23   8.4   0.0   2.0   0.4  10.0   10:51   NNW
18  11.1  16.0   18:04   7.6   04:13   7.2   0.0   0.4   0.3   8.0   16:27   NNW
19  10.8  15.7   17:15   6.4   23:29   7.5   0.0   0.2   0.4  11.0   17:40   NNW
20  11.5  20.5   14:57   4.4   01:52   6.8   0.0   0.2   0.3   6.0   13:51   NNW
21  12.1  20.2   13:29   2.9   05:01   6.3   0.1   0.2   0.8  13.0   19:39     S
22  14.5  21.1   18:11   9.5   05:28   4.0   0.2   0.0   0.8  11.0   20:50     S
23  14.1  18.2   14:21  10.7   05:52   4.2   0.0   0.0   1.0   8.0   00:20     S
24  14.6  18.4   13:26  10.7   06:03   3.7   0.0   0.0   0.5  10.0   18:04   WSW
25  14.7  20.2   16:01  10.9   03:18   3.7   0.1   0.0   1.3  11.0   13:05   SSE
26  15.0  18.5   15:02  11.2   23:59   3.3   0.0   0.6   3.3  21.0   14:04     W
27  11.7  16.0   11:15   8.8   22:43   6.6   0.0   4.6   2.0  18.0   09:47     N
28  11.7  17.3   16:53   8.2   06:24   6.6   0.0   0.2   0.2  11.0   09:08    NW
29  13.2  16.9   14:53   9.3   06:07   5.1   0.0   1.6   1.9  14.0   15:50     S
30  16.7  20.6   12:55  13.9   02:20   1.9   0.3   0.2   2.2  21.0   09:30     S
31  14.8  17.1   20:10   9.8   23:20   3.5   0.0   0.2   3.3  23.0   12:07   SSW
----------------------------------------------------------------------------------
    11.3  21.4    15    -1.2     5   218.1   1.6  16.4   1.8  27.0     8     ESE

Max >=  27.0:  0
Max <=   0.0:  0
Min <=   0.0:  1
Min <= -18.0:  0
Max Rain: 4.6 on day 27
Days of Rain: 17 (>= 0.2 mm)  3 (>= 2.0 mm)  0 (>= 20.0 mm)
Heat Base: 18.3  Cool Base: 18.3  Method: Integration