NOAA-Style Climate Reports


Report for 2019 April
                   Monthly Climatological Summary for Apr 2019

Name: Naas South   City: Naas   State: Kildare
Elevation: 116 m  Lat: N 54° 12' 28"   Lon: W 006° 40' 35"

                  Temperature (°C), Rain (mm), Wind Speed (km/h)

                                      Heat  Cool        Avg
    Mean                              Deg   Deg         Wind                 Dom
Day Temp  High   Time   Low    Time   Days  Days  Rain  Speed High   Time    Dir
----------------------------------------------------------------------------------
 1   8.2  11.9   13:13   5.7   23:45  10.1   0.0   5.2   2.8  21.0   08:34   SSW
 2   3.5   7.0   13:25   0.7   05:35  14.6   0.0   1.4   3.2  27.0   18:30   WNW
 3   3.8   7.7   13:22   0.8   01:45  14.5   0.0   3.0   8.2  35.0   11:55   NNW
 4   3.5   7.4   13:50   1.2   19:13  14.8   0.0  11.0   9.3  37.0   12:43    NE
 5   4.8   9.2   16:53  -0.6   06:20  13.5   0.0   0.2   3.7  23.0   22:57   ENE
 6   7.9  11.9   14:43   2.2   23:58  10.4   0.0   0.0   6.6  26.0   14:01   ENE
 7   6.9  11.7   12:44   0.6   01:29  11.4   0.0   0.0   6.4  27.0   12:55    NE
 8   8.6  10.2   18:22   6.7   01:56   9.7   0.0   0.6   4.1  18.0   13:48    NE
 9   8.2  10.5   15:23   4.9   23:52  10.1   0.0   0.6   6.6  24.0   15:08    NE
10   6.5   9.9   15:35   2.6   03:23  11.8   0.0   0.0   4.1  18.0   12:15    NE
11   7.1  13.2   15:19   0.9   05:14  11.2   0.0   0.0   1.1  14.0   15:42   SSW
12   6.3  10.4   15:26   1.1   05:29  12.0   0.0   0.0   2.1  21.0   15:52   SSE
13   7.6  10.0   14:17   3.1   00:36  10.7   0.0   0.0   5.6  29.0   11:39    SE
14   6.7   7.6   17:09   5.5   08:40  11.6   0.0   0.0   6.6  31.0   07:39   ESE
15   6.6   8.7   16:31   4.5   04:02  11.7   0.0   4.6   7.3  37.0   17:35   ESE
16   9.3  13.8   16:39   4.4   23:45   9.0   0.0   1.4   1.5  11.0   00:09   ESE
17   8.3  15.9   16:08   0.3   06:26  10.0   0.0   0.0   2.1  16.0   10:37   ENE
18  12.7  19.4   15:34   5.9   03:41   5.7   0.1   0.0   3.1  16.0   10:44     E
19  14.4  22.7   15:39   5.5   05:46   4.9   1.0   0.0   1.3  19.0   14:25   SSW
20  16.0  24.4   15:17   6.1   06:26   3.8   1.6   0.0   1.3  14.0   16:10   SSW
21  15.2  21.3   14:11   7.3   06:32   3.7   0.7   0.0   3.8  32.0   15:00   SSW
22  16.0  22.8   16:30   8.7   02:20   3.3   1.0   0.0   3.6  24.0   13:44   SSE
23  15.4  21.4   15:28  11.3   04:14   3.4   0.4   0.0   2.9  19.0   14:19     E
24  11.0  15.0   01:01   8.3   23:48   7.3   0.0   6.8   2.5  27.0   17:56   ESE
25   8.6  10.5   13:52   5.9   05:27   9.7   0.0  13.2   2.1  16.0   23:31     E
26   8.7  11.8   15:25   5.6   22:57   9.6   0.0   5.4   6.7  42.0   19:18   SSW
27   7.4  10.8   17:40   4.4   05:03  10.9   0.0  11.0   7.5  34.0   02:05   WNW
28   9.0  13.5   19:00   5.2   02:07   9.3   0.0   0.4   1.6  14.0   14:54   SSW
29  11.2  13.6   12:54   8.8   01:10   7.1   0.0   0.0   2.2  26.0   23:36     S
30  10.6  11.8   14:38   9.5   21:59   7.7   0.0   6.6   4.1  29.0   07:57     S
----------------------------------------------------------------------------------
     9.0  24.4    20    -0.6     5   283.5   4.8  71.4   4.1  42.0    26       E

Max >=  27.0:  0
Max <=   0.0:  0
Min <=   0.0:  1
Min <= -18.0:  0
Max Rain: 13.2 on day 25
Days of Rain: 15 (>= 0.2 mm)  9 (>= 2.0 mm)  0 (>= 20.0 mm)
Heat Base: 18.3  Cool Base: 18.3  Method: Integration