NOAA-Style Climate Reports


Report for 2019 February
                   Monthly Climatological Summary for Feb 2019

Name: Naas South   City: Naas   State: Kildare
Elevation: 116 m  Lat: N 54° 12' 28"   Lon: W 006° 40' 35"

                  Temperature (°C), Rain (mm), Wind Speed (km/h)

                                      Heat  Cool        Avg
    Mean                              Deg   Deg         Wind                 Dom
Day Temp  High   Time   Low    Time   Days  Days  Rain  Speed High   Time    Dir
----------------------------------------------------------------------------------
 1   0.7   3.8   13:17  -1.9   23:23  17.6   0.0   0.0   1.4  14.0   12:48     N
 2  -0.7   4.9   13:57  -5.3   08:37  19.0   0.0   0.2   0.5   8.0   13:45    SW
 3   4.3   8.1   23:13  -1.1   00:39  14.0   0.0   3.2   5.2  34.0   21:48     S
 4   5.8   9.3   12:27   0.3   20:28  12.5   0.0   1.2   1.6  24.0   00:26    SW
 5   7.3  11.7   15:34  -0.8   01:32  11.0   0.0   5.4   4.9  35.0   17:10     S
 6   6.6  10.3   13:55   3.8   00:27  11.7   0.0   1.6   4.3  26.0   10:54     S
 7   4.9   8.1   23:43   1.0   01:42  13.4   0.0   4.2   4.3  34.0   22:02   SSW
 8   7.9   9.7   12:55   4.8   20:31  10.4   0.0   5.6  12.1  50.0   05:28   SSW
 9   5.6   8.9   13:03   2.6   23:59  12.7   0.0   1.0   6.1  34.0   00:14   SSW
10   4.1   7.4   15:02   0.9   08:14  14.2   0.0   3.0   4.3  40.0   19:44     W
11   5.6   8.7   13:18   2.1   07:00  12.7   0.0   0.0   2.1  23.0   21:44   SSW
12   9.5  11.8   14:53   6.2   00:00   8.8   0.0   0.0   7.3  32.0   02:15   SSW
13   9.5  10.4   11:31   8.9   03:04   8.8   0.0   0.0   8.8  40.0   08:50   SSW
14   8.7  11.6   14:22   6.1   21:39   9.6   0.0   0.0   6.5  39.0   00:26   SSW
15   9.5  13.2   13:10   5.6   02:58   8.8   0.0   0.0   8.2  42.0   13:57   SSW
16   9.6  11.9   13:55   6.7   06:50   8.7   0.0   0.4   8.6  42.0   15:13   SSW
17   9.3  11.4   13:47   7.2   23:48   9.0   0.0   3.8   9.9  43.0   13:58   SSW
18   6.8  10.1   14:24   4.5   07:25  11.5   0.0   0.2   6.7  29.0   01:01   SSW
19   6.5   8.9   23:26   2.8   06:07  11.8   0.0   8.0   7.2  40.0   16:21   SSW
20  10.5  12.6   14:42   8.9   00:00   7.8   0.0   0.4   9.3  43.0   05:34   SSW
21  11.0  12.9   13:53  10.0   22:36   7.3   0.0   0.0   8.7  39.0   07:15   SSW
22  11.4  13.8   13:48   9.3   23:24   6.9   0.0   0.0   8.7  43.0   03:19   SSW
23  10.1  13.1   16:02   5.0   23:59   8.2   0.0   1.0   5.4  35.0   01:30     S
24   7.6  13.3   11:39  -0.6   07:11  10.7   0.0   0.2   2.2  27.0   12:06     S
25  10.7  15.4   14:53   5.6   07:18   7.6   0.0   0.0   3.0  27.0   11:07   SSW
26   9.0  19.1   14:46   0.9   07:38   9.3   0.0   0.0   0.9  13.0   00:01   SSW
27   8.1  15.6   15:23   3.4   05:45  10.2   0.0   0.0   1.7  18.0   09:17   SSW
28   8.5  11.2   15:13   5.4   01:41   9.8   0.0   0.0   1.4  23.0   04:29    SW
----------------------------------------------------------------------------------
     7.4  19.1    26    -5.3     2   304.0   0.0  39.4   5.4  50.0     8     SSW

Max >=  27.0:  0
Max <=   0.0:  0
Min <=   0.0:  5
Min <= -18.0:  0
Max Rain: 8.0 on day 19
Days of Rain: 16 (>= 0.2 mm)  7 (>= 2.0 mm)  0 (>= 20.0 mm)
Heat Base: 18.3  Cool Base: 18.3  Method: Integration