NOAA-Style Climate Reports


Report for 2019 January
                   Monthly Climatological Summary for Jan 2019

Name: Naas South   City: Naas   State: Kildare
Elevation: 116 m  Lat: N 54° 12' 28"   Lon: W 006° 40' 35"

                  Temperature (°C), Rain (mm), Wind Speed (km/h)

                                      Heat  Cool        Avg
    Mean                              Deg   Deg         Wind                 Dom
Day Temp  High   Time   Low    Time   Days  Days  Rain  Speed High   Time    Dir
----------------------------------------------------------------------------------
 1   7.9   9.3   00:00   4.1   23:59  10.4   0.0   0.4   2.5  16.0   16:55     N
 2   3.9   7.2   14:53  -0.7   08:12  14.4   0.0   0.2   0.3  10.0   23:27   SSE
 3   5.9   7.0   13:07   5.2   06:47  12.4   0.0   0.0   2.4  21.0   12:21     S
 4   5.2   6.4   23:55   4.4   09:00  13.1   0.0   0.0   1.2  11.0   01:20     S
 5   6.6   7.5   20:30   5.3   06:10  11.7   0.0   0.0   3.1  21.0   02:45   SSW
 6   8.2   9.6   14:17   7.2   02:35   9.9   0.0   0.0   2.8  14.0   12:20   SSW
 7   8.9  10.5   08:28   5.6   20:17   9.4   0.0   0.2   3.8  23.0   09:55    SW
 8   6.4   8.6   12:59   5.0   08:32  11.9   0.0   0.0   1.7  14.0   13:54    NW
 9   6.0   7.6   13:58   3.9   06:53  12.3   0.0   0.2   0.7   8.0   12:43   NNE
10   7.6  10.2   13:45   5.6   00:00  10.7   0.0   3.0   0.5  13.0   12:54   NNE
11   7.8   9.6   14:07   6.3   06:01  10.5   0.0   0.2   1.1  16.0   23:41   SSW
12   8.7   9.8   16:53   7.3   09:01   9.6   0.0   0.4   4.2  23.0   04:23   WSW
13   8.6  10.4   14:11   7.1   22:06   9.7   0.0   1.2   5.4  29.0   18:06     W
14   7.2   8.3   14:11   6.3   06:03  11.1   0.0   0.2   3.3  16.0   03:45    SW
15   7.7   8.9   14:55   5.8   09:19  10.5   0.0   0.2   4.5  26.0   21:16   SSW
16   4.8   8.1   00:35   1.4   21:48  13.5   0.0   2.2   3.4  27.0   00:13   SSW
17   1.1   3.1   13:59  -1.5   08:58  17.2   0.0   0.2   1.2  14.0   23:33    NW
18   5.7   9.3   14:32   2.6   00:00  12.6   0.0   2.4   3.1  32.0   02:36     S
19   5.1   6.0   12:17   3.8   19:39  13.2   0.0   0.4   0.1   5.0   00:06    NW
20   3.9   6.8   14:21  -1.2   23:59  14.4   0.0   0.4   1.9  24.0   12:02     N
21   1.5   5.5   15:25  -1.7   00:32  16.8   0.0   4.8   3.9  42.0   16:34   SSW
22   1.4   3.5   13:39   0.1   03:13  16.9   0.0   0.2   2.3  19.0   17:06    SW
23   2.1   4.1   15:48  -0.5   03:39  16.2   0.0   0.6   0.1  13.0   00:07   WNW
24   7.3   9.7   14:32   4.0   00:00  11.0   0.0   4.2   0.1   8.0   19:18   WNW
25   9.1  10.5   13:05   7.5   23:37   9.2   0.0   0.0   0.5  13.0   11:58     W
26   7.4   8.8   10:39   4.3   23:17  10.9   0.0   6.8   3.6  27.0   09:51   SSW
27   2.5   5.5   13:11   0.1   21:54  15.8   0.0   0.0   2.5  18.0   00:20   WNW
28   2.2   6.0   13:14  -0.1   05:04  16.0   0.0   0.2   0.8  11.0   13:06    SW
29   1.8   3.6   14:00  -0.8   21:12  16.5   0.0   5.2   2.5  18.0   01:28    SW
30  -0.4   4.1   13:59  -2.4   23:57  18.7   0.0   0.2   0.6  10.0   01:22     S
31   1.3   3.1   11:02  -3.6   01:44  16.8   0.0   0.4   2.0  18.0   07:55   SSE
----------------------------------------------------------------------------------
     5.3  10.5     7    -3.6    31   403.3   0.0  34.4   2.1  42.0    21      SW

Max >=  27.0:  0
Max <=   0.0:  0
Min <=   0.0:  9
Min <= -18.0:  0
Max Rain: 6.8 on day 26
Days of Rain: 24 (>= 0.2 mm)  7 (>= 2.0 mm)  0 (>= 20.0 mm)
Heat Base: 18.3  Cool Base: 18.3  Method: Integration