NOAA-Style Climate Reports


Report for 2019
                   Annual Climatological Summary for 2019

Name: Naas South   City: Naas   State: Kildare
Elevation: 116 m  Lat: N 54° 12' 28"   Lon: W 006° 40' 35"

                  Temperature (°C), Heat Base: 18.3  Cool Base: 18.3
                          Dep.  Heat  Cool                       Max  Max  Min  Min
        Mean  Mean        From  Deg   Deg                        >=   <=   <=   <=
 YR MO  Max   Min   Mean  Norm  Days  Days  Hi  Date  Low  Date 27.0  0.0  0.0 -18.0
------------------------------------------------------------------------------------
 19  1   7.4   2.9   5.3   0.0   403     0  10.5   7  -3.6   31    0    0    9    0
 19  2  11.0   3.7   7.4   0.0   304     0  19.1  26  -5.3    2    0    0    5    0
 19  3  11.2   3.1   7.0   0.0   348     0  17.2  28  -1.0   31    0    0    3    0
 19  4  13.2   4.6   9.0   0.0   283     4  24.4  20  -0.6    5    0    0    1    0
 19  5  16.5   6.2  11.3   0.0   218     1  21.4  15  -1.2    5    0    0    1    0
 19  6  18.8   9.1  13.4   0.0   155     7  27.5  28   3.7    7    1    0    0    0
 19  7  22.8  12.6  17.2   0.0    66    32  26.4  29   6.1    3    0    0    0    0
 19  8  20.6  11.8  15.8   0.0    91    14  26.6   2   7.6   13    0    0    0    0
 19  9  18.3   8.8  13.4   0.0   150     2  23.8  19   4.3   17    0    0    0    0
 19 10  12.8   5.4   8.9   0.0   290     0  16.7   7  -2.6   28    0    0    3    0
 19 11   8.3   3.6   6.2   0.0   132     0  13.3   1  -1.0   10    0    0    1    0
 19 12
------------------------------------------------------------------------------------
        14.6   6.5  10.5   0.0  2444    64  27.5 Jun  -5.3  Feb    1    0   23    0

                                Precipitation (mm)

              Dep.   Max        Days of Rain
              From   Obs.           >=
 YR MO Total  Norm   Day Date  0.2  2.0 20.0
---------------------------------------------
 19  1  34.4   0.0   6.8  26    24    7    0
 19  2  39.4   0.0   8.0  19    16    7    0
 19  3 117.8   0.0  18.2  16    22   16    0
 19  4  71.4   0.0  13.2  25    15    9    0
 19  5  16.4   0.0   4.6  27    17    3    0
 19  6  94.6   0.0  21.4   4    18   12    1
 19  7  56.4   0.0  13.4  19    13    6    0
 19  8 131.4   0.0  20.0  16    24   15    1
 19  9 133.4   0.0  43.8  22    24   11    1
 19 10  91.4   0.0  13.8   5    27   13    0
 19 11  99.4   0.0  18.2   7    11    8    0
 19 12
---------------------------------------------
       886.0   0.0  43.8  Sep  211  107    3

                                Wind Speed (km/h)
                          Dom
 YR MO   Avg.  Hi   Date  Dir
------------------------------
 19  1   2.1  42.0   21    SW
 19  2   5.4  50.0    8   SSW
 19  3   4.8  53.0   11    SW
 19  4   4.1  42.0   26     E
 19  5   1.8  27.0    8   ESE
 19  6   1.1  24.0   17    SW
 19  7   1.1  35.0   21    SW
 19  8   2.5  37.0   13   SSE
 19  9   2.1  35.0   20    SE
 19 10   2.1  51.0    3   SSE
 19 11   1.5  32.0   10   SSE
 19 12
------------------------------
         2.6  53.0  Mar     S