NOAA-Style Climate Reports


Report for 2018 December
                   Monthly Climatological Summary for Dec 2018

Name: Naas South   City: Naas   State: Kildare
Elevation: 116 m  Lat: N 54° 12' 28"   Lon: W 006° 40' 35"

                  Temperature (°C), Rain (mm), Wind Speed (km/h)

                                      Heat  Cool        Avg
    Mean                              Deg   Deg         Wind                 Dom
Day Temp  High   Time   Low    Time   Days  Days  Rain  Speed High   Time    Dir
----------------------------------------------------------------------------------
 1   8.4  10.6   13:30   5.2   00:00   9.9   0.0   6.6   1.1  13.0   00:01   SSE
 2  10.4  12.3   12:31   8.9   23:47   7.9   0.0   6.0   5.1  37.0   13:25   SSW
 3   5.6   8.9   00:00   1.1   23:49  12.7   0.0   8.2   2.0  13.0   13:07    NW
 4   2.4   4.9   23:53  -0.7   03:26  15.9   0.0   1.6   0.9  14.0   23:09   SSE
 5   8.6  10.9   12:28   4.9   00:00   9.7   0.0  12.2   1.3  18.0   01:25   ENE
 6  10.4  12.3   13:30   8.8   18:49   7.8   0.0   5.2   4.7  35.0   21:59   SSW
 7   6.8  11.9   01:17   3.7   12:21  11.5   0.0  10.0   6.9  37.0   00:56   SSW
 8   7.8   9.3   12:41   6.6   21:25  10.5   0.0  12.8   6.6  32.0   03:01    SW
 9   7.0   9.1   13:23   4.3   23:57  11.3   0.0   3.0   4.5  24.0   03:16     W
10   6.2   9.6   22:35   1.9   04:51  12.1   0.0   0.0   2.4  23.0   14:56     S
11   9.5  10.4   13:01   8.3   22:52   8.8   0.0   2.8   5.6  35.0   10:20     S
12   7.5   8.8   00:00   6.9   07:06  10.7   0.0   5.0   1.9  27.0   19:09     E
13   5.3   7.1   00:00   4.6   09:55  13.0   0.0   2.6   6.0  32.0   02:30   ENE
14   6.2   7.6   21:22   4.6   04:50  12.0   0.0   0.0   7.1  43.0   22:20     E
15   7.4  11.1   15:39   4.8   20:12  10.9   0.0  14.0   8.2  45.0   06:34     E
16   4.6   6.4   10:12   2.9   23:33  13.7   0.0   0.2   3.3  21.0   12:48   SSW
17   7.8  11.6   21:12   2.8   04:04  10.5   0.0   1.8   7.9  50.0   17:45     S
18   8.1  11.2   00:33   4.8   23:48  10.2   0.0  21.8   8.1  60.0   02:47   SSW
19   5.8   7.5   12:32   4.1   04:37  12.5   0.0   2.0   5.7  29.0   12:25   SSW
20   6.6   7.2   14:37   5.4   04:38  11.7   0.0   1.0   5.2  26.0   13:55   SSW
21   6.5   8.3   14:27   5.1   04:23  11.8   0.0   5.2   4.2  21.0   03:35   SSW
22   7.0   9.7   14:05   5.7   08:30  11.3   0.0   4.4   3.5  18.0   11:42   SSW
23   6.5   7.2   13:57   4.7   22:37  11.8   0.0   6.6   4.6  21.0   07:54   NNE
24   6.5   9.6   23:23   5.2   05:34  11.8   0.0   0.0   0.5  13.0   12:20     E
25  10.4  11.0   13:54   8.8   00:00   7.9   0.0   0.0   4.5  29.0   23:26   SSW
26  10.0  11.0   12:47   8.9   22:47   8.3   0.0   0.0   5.0  29.0   10:46   SSW
27   8.8  10.1   13:00   8.3   04:53   9.5   0.0   0.0   1.3  13.0   02:16   SSW
28  10.0  11.1   23:47   8.6   00:00   8.3   0.0   0.0   3.3  26.0   22:48   SSW
29  10.9  11.3   03:09  10.2   10:37   7.4   0.0   2.6   3.5  23.0   00:18   SSW
30  10.1  11.2   12:38   8.5   23:54   8.2   0.0   0.2   2.9  16.0   00:12   SSW
31   9.1   9.6   12:49   8.5   00:00   9.2   0.0   0.0   3.0  21.0   11:23   SSW
----------------------------------------------------------------------------------
     7.7  12.3     2    -0.7     4   328.8   0.0 135.8   4.1  60.0    18       S

Max >=  27.0:  0
Max <=   0.0:  0
Min <=   0.0:  1
Min <= -18.0:  0
Max Rain: 21.8 on day 18
Days of Rain: 23 (>= 0.2 mm)  18 (>= 2.0 mm)  1 (>= 20.0 mm)
Heat Base: 18.3  Cool Base: 18.3  Method: Integration