NOAA-Style Climate Reports


Report for 2018 November
                   Monthly Climatological Summary for Nov 2018

Name: Naas South   City: Naas   State: Kildare
Elevation: 116 m  Lat: N 54° 12' 28"   Lon: W 006° 40' 35"

                  Temperature (°C), Rain (mm), Wind Speed (km/h)

                                      Heat  Cool        Avg
    Mean                              Deg   Deg         Wind                 Dom
Day Temp  High   Time   Low    Time   Days  Days  Rain  Speed High   Time    Dir
----------------------------------------------------------------------------------
 1   3.2   8.6   13:41   0.1   23:03  14.6   0.0   0.2   1.1  11.0   14:39    SW
 2   4.8  11.8   23:55  -1.4   04:10  12.8   0.0   1.4   4.1  53.0   12:33   SSW
 3  12.5  13.5   06:26  10.7   23:57   5.8   0.0   3.0  10.1  43.0   08:53   SSW
 4   9.7  12.3   12:28   8.1   06:23   8.6   0.0   4.4   3.6  24.0   01:28   SSW
 5  10.0  11.0   14:18   9.3   00:00   8.3   0.0   7.6   1.5  18.0   21:47     E
 6  10.5  11.6   03:50   8.3   00:00   7.8   0.0   4.0   5.1  37.0   13:08   SSE
 7   7.1   8.9   13:20   3.3   22:37  11.0   0.0  12.4   1.9  21.0   14:35    SW
 8   7.8  10.4   13:00   4.9   05:52  10.5   0.0   0.8   3.9  27.0   01:02     S
 9   8.8  11.0   11:44   7.0   06:06   9.5   0.0  20.4   6.0  64.0   13:14   SSE
10   6.9   9.3   14:18   4.9   20:21  11.4   0.0   1.4   2.6  23.0   00:34   SSW
11   7.4  10.2   12:22   4.9   01:45  10.9   0.0   4.4   3.9  27.0   10:26   SSW
12   8.7  11.3   12:23   7.5   22:55   9.6   0.0   1.2   6.4  37.0   11:20   SSW
13   8.9  11.3   22:49   5.7   07:40   9.4   0.0   2.8   6.0  37.0   22:12   SSW
14  12.2  12.7   04:29  11.1   00:00   6.1   0.0   2.4   9.7  42.0   04:28   SSW
15  11.0  13.5   11:31   7.0   23:38   7.3   0.0   0.8   6.0  40.0   13:10     S
16  11.4  13.8   13:08   5.4   02:36   6.9   0.0   0.2   3.5  31.0   11:28    SE
17  10.6  13.6   11:58   5.6   18:04   7.7   0.0   0.0   3.2  24.0   02:58   ENE
18   8.6  12.6   12:12   5.7   05:20   9.7   0.0   0.0   6.3  26.0   06:46   ENE
19   7.3   8.4   14:20   4.7   05:05  10.9   0.0   0.2   6.6  26.0   22:40   ENE
20   5.1   6.2   00:00   3.6   23:03  13.2   0.0  15.0   7.3  35.0   11:45    NE
21   4.1   5.2   23:25   3.3   09:39  14.2   0.0  11.2   0.9  18.0   14:15   SSW
22   4.2   6.6   12:54   0.7   20:59  14.1   0.0  12.4   0.5  13.0   10:24    SW
23   5.7   7.9   21:03   3.3   06:45  12.2   0.0   0.0   0.9   8.0   03:51   WNW
24   7.4   9.3   11:05   5.5   23:55  10.9   0.0   0.0   1.0   8.0   13:22     W
25   4.4   6.9   13:24   1.3   20:41  13.9   0.0   1.4   0.2   8.0   11:25   WNW
26   4.6   7.8   13:07   2.4   08:12  13.7   0.0   0.0   0.3  23.0   12:33     S
27   7.7   9.5   11:22   6.1   17:47  10.6   0.0  10.2   4.3  39.0   08:23   SSE
28  10.8  13.1   08:25   8.2   21:51   7.5   0.0   9.4  10.5  58.0   12:26     S
29   7.5   9.7   14:30   5.8   08:23  10.8   0.0  17.2   5.1  31.0   17:30   SSW
30   5.7   7.5   13:43   4.2   19:43  12.6   0.0   1.4   5.6  26.0   12:02   SSW
----------------------------------------------------------------------------------
     7.8  13.8    16    -1.4     2   312.5   0.0 145.8   4.3  64.0     9       S

Max >=  27.0:  0
Max <=   0.0:  0
Min <=   0.0:  1
Min <= -18.0:  0
Max Rain: 20.4 on day 9
Days of Rain: 25 (>= 0.2 mm)  15 (>= 2.0 mm)  1 (>= 20.0 mm)
Heat Base: 18.3  Cool Base: 18.3  Method: Integration