NOAA-Style Climate Reports


Report for 2018 October
                   Monthly Climatological Summary for Oct 2018

Name: Naas South   City: Naas   State: Kildare
Elevation: 116 m  Lat: N 54° 12' 28"   Lon: W 006° 40' 35"

                  Temperature (°C), Rain (mm), Wind Speed (km/h)

                                      Heat  Cool        Avg
    Mean                              Deg   Deg         Wind                 Dom
Day Temp  High   Time   Low    Time   Days  Days  Rain  Speed High   Time    Dir
----------------------------------------------------------------------------------
 1   8.3  14.0   17:15   1.6   06:59  10.0   0.0   0.6   2.3  21.0   20:53   SSW
 2  13.7  15.7   15:13  12.1   00:00   4.6   0.0   1.2   3.6  19.0   13:34   WSW
 3  13.2  15.5   16:17  11.6   04:41   5.1   0.0   0.2   2.3  16.0   14:42   SSW
 4  13.5  16.0   16:17  11.7   23:57   4.8   0.0  11.0   3.4  23.0   09:55     S
 5   9.0  11.8   00:00   6.1   23:01   9.3   0.0   5.0   3.3  16.0   04:06   NNE
 6   6.9  12.5   15:18   1.9   23:36  11.4   0.0   0.0   1.9  21.0   14:25     N
 7   8.9  14.2   15:30   2.2   00:02   9.4   0.0   0.0   5.7  31.0   10:05     S
 8  13.4  15.3   15:04  11.9   00:00   4.9   0.0   0.0   8.5  31.0   10:33     S
 9  14.0  16.1   12:57  12.9   22:27   4.3   0.0   0.0   9.6  37.0   09:55     S
10  16.0  20.6   15:13  10.3   07:30   2.6   0.4   0.4   3.8  29.0   11:03     E
11  13.1  16.4   00:24  10.3   20:38   5.2   0.0   2.0   4.0  31.0   00:49    SE
12  12.7  15.2   09:52  10.7   12:56   5.6   0.0  19.6   8.7  51.0   02:40     S
13  11.2  13.2   05:23   8.6   00:00   7.1   0.0  21.6   1.8  26.0   05:53   SSW
14   7.6  13.2   16:00   2.8   23:40  10.7   0.0   0.0   0.2   8.0   00:10     W
15   6.8  13.0   15:37   2.5   08:25  11.3   0.0   0.0   1.3  13.0   13:00    NE
16  10.0  14.6   16:05   2.6   03:21   8.3   0.0   0.2   3.4  31.0   14:07     S
17   8.7  12.8   14:12   2.6   23:58   9.6   0.0   0.0   1.1  16.0   13:29    NW
18   5.8  14.4   15:15  -0.9   07:53  12.5   0.0   0.2   0.3   8.0   13:55     S
19  10.2  14.8   14:56   5.7   00:00   8.1   0.0   0.0   2.3  21.0   10:32     S
20  13.4  16.6   14:54  10.4   00:00   4.9   0.0   0.0   3.7  23.0   10:28     S
21  11.4  13.8   00:00   6.2   21:51   6.9   0.0   0.6   3.1  21.0   07:27   WSW
22   7.0  12.8   15:14   1.1   06:55  11.3   0.0   0.0   1.2  14.0   15:25    SW
23   9.6  14.1   15:57   6.9   02:15   8.7   0.0   0.0   2.5  19.0   11:22    SW
24   9.3  10.9   14:51   8.3   07:01   9.0   0.0   0.0   2.0  11.0   00:12     W
25   9.5  10.7   13:30   8.5   04:55   8.8   0.0   0.4   1.1  16.0   20:40   WSW
26   5.6   9.4   00:00   2.2   23:55  12.7   0.0   0.6   3.6  19.0   10:25    NW
27   2.4   6.6   13:20  -2.1   00:00  15.9   0.0   0.0   3.9  27.0   12:25     N
28   1.7   9.2   15:01  -2.5   01:35  15.7   0.0   0.2   1.8  19.0   15:10   NNE
29   2.3   9.0   13:23  -1.9   06:06  16.0   0.0   0.2   1.1  18.0   11:40     E
30   3.7   9.7   14:21  -3.4   07:04  14.6   0.0   1.2   1.2  16.0   12:01     S
31   6.1   9.2   14:38   2.4   23:56  12.2   0.0   2.4   1.4  19.0   12:05     S
----------------------------------------------------------------------------------
     9.2  20.6    10    -3.4    30   281.5   0.4  67.6   3.2  51.0    12     SSW

Max >=  27.0:  0
Max <=   0.0:  0
Min <=   0.0:  5
Min <= -18.0:  0
Max Rain: 21.6 on day 13
Days of Rain: 18 (>= 0.2 mm)  6 (>= 2.0 mm)  1 (>= 20.0 mm)
Heat Base: 18.3  Cool Base: 18.3  Method: Integration