NOAA-Style Climate Reports


Report for 2018 September
                   Monthly Climatological Summary for Sep 2018

Name: Naas South   City: Naas   State: Kildare
Elevation: 116 m  Lat: N 54° 12' 28"   Lon: W 006° 40' 35"

                  Temperature (°C), Rain (mm), Wind Speed (km/h)

                                      Heat  Cool        Avg
    Mean                              Deg   Deg         Wind                 Dom
Day Temp  High   Time   Low    Time   Days  Days  Rain  Speed High   Time    Dir
----------------------------------------------------------------------------------
 1  18.0  24.5   17:40  14.2   08:18   1.7   1.4   0.8   1.0  21.0   00:42     S
 2  17.6  23.3   14:45  13.6   23:59   1.7   1.0   4.0   3.2  23.0   15:33     S
 3  12.7  17.0   15:00   8.2   07:02   5.6   0.0   0.0   3.0  19.0   12:05     N
 4  11.2  17.7   16:07   4.0   06:58   7.1   0.0   0.0   1.8  16.0   15:34     N
 5  13.5  20.1   14:18   5.9   06:48   4.9   0.1   1.0   1.0  11.0   14:05   SSW
 6  12.1  15.2   15:35   6.8   23:55   6.2   0.0   4.8   1.5  13.0   09:43   NNW
 7  11.0  15.8   17:34   5.0   06:31   7.3   0.0   0.2   1.2  11.0   12:54   SSW
 8  14.7  18.0   13:57  12.7   02:07   3.6   0.0   5.4   3.5  24.0   20:42     S
 9  14.4  17.9   16:08  12.1   23:15   3.9   0.0   0.0   4.4  23.0   00:47   SSW
10  13.5  16.4   12:32  11.2   05:40   4.8   0.0   4.2   4.5  27.0   16:44     S
11  13.0  16.9   13:09  10.7   05:52   5.3   0.0   2.8   2.9  19.0   18:01   SSW
12  11.8  16.6   17:54   7.5   07:27   6.5   0.0   0.4   1.8  16.0   17:44    SW
13  12.2  17.4   14:01   8.1   06:31   6.1   0.0   0.0   3.6  23.0   12:40     S
14  12.6  15.9   14:40  11.2   07:25   5.7   0.0   1.4   2.6  16.0   00:50   SSW
15  13.7  17.4   15:23  10.7   04:05   4.6   0.0   1.2   6.3  47.0   21:20     S
16  14.8  19.6   16:59  11.6   23:54   3.5   0.1   4.0   4.1  40.0   00:14   SSW
17  15.0  19.8   15:21  10.8   01:27   3.5   0.2   0.0   5.6  45.0   16:41     S
18  16.1  20.5   14:45  12.3   09:16   2.4   0.2   2.2   4.3  37.0   14:55     S
19  13.0  15.8   09:20  10.0   23:36   5.3   0.0   4.2   7.8  50.0   07:54     S
20   8.5  11.1   11:15   5.8   22:36   9.8   0.0  13.4   2.9  23.0   01:06    NE
21   9.2  15.6   16:10   5.2   05:26   9.0   0.0   0.6   4.1  26.0   11:53    SW
22   9.2  12.8   13:26   7.2   23:31   9.1   0.0   0.0   1.7  13.0   17:25   ENE
23   8.0  13.2   14:25   3.9   23:38  10.2   0.0   0.8   2.2  21.0   11:53   NNW
24   7.9  14.9   16:14   2.1   05:16  10.4   0.0   0.0   1.0  11.0   14:36   SSW
25  10.9  15.4   15:26   5.6   03:08   7.4   0.0   0.0   6.5  35.0   15:09     S
26  15.6  19.4   16:05  12.6   02:10   2.7   0.1   0.0   5.2  31.0   03:16     S
27  12.8  16.6   12:53   7.8   23:48   5.4   0.0   0.0   3.6  21.0   20:33    NW
28   8.1  14.2   15:18   3.2   07:47  10.1   0.0   0.0   1.9  14.0   12:45    NE
29   8.8  15.4   16:15   2.3   04:45   9.4   0.0   0.0   1.6  14.0   16:50   SSW
30   9.5  12.1   13:55   5.6   23:31   8.7   0.0   0.2   1.6  19.0   13:15   WNW
----------------------------------------------------------------------------------
    12.3  24.5     1     2.1    24   181.9   3.1  51.6   3.1  50.0    19     SSW

Max >=  27.0:  0
Max <=   0.0:  0
Min <=   0.0:  0
Min <= -18.0:  0
Max Rain: 13.4 on day 20
Days of Rain: 18 (>= 0.2 mm)  9 (>= 2.0 mm)  0 (>= 20.0 mm)
Heat Base: 18.3  Cool Base: 18.3  Method: Integration