NOAA-Style Climate Reports


Report for 2018 August
                   Monthly Climatological Summary for Aug 2018

Name: Naas South   City: Naas   State: Kildare
Elevation: 116 m  Lat: N 54° 12' 28"   Lon: W 006° 40' 35"

                  Temperature (°C), Rain (mm), Wind Speed (km/h)

                                      Heat  Cool        Avg
    Mean                              Deg   Deg         Wind                 Dom
Day Temp  High   Time   Low    Time   Days  Days  Rain  Speed High   Time    Dir
----------------------------------------------------------------------------------
 1  15.5  17.5   14:55  12.2   02:57   2.8   0.0   4.4   4.4  27.0   14:45     S
 2  19.9  25.0   15:10  16.8   05:30   0.5   2.1   0.0   2.1  18.0   17:55     S
 3  19.8  24.1   17:15  16.8   00:00   0.3   1.8   0.6   2.0  16.0   16:16     W
 4  18.1  23.9   16:40  14.6   23:55   1.2   1.1   0.0   1.2  11.0   16:40   WNW
 5  18.9  25.5   14:25  13.1   05:50   1.6   2.2   0.0   2.1  18.0   12:32     S
 6  17.4  23.1   17:00  13.7   04:40   1.8   0.9   1.0   1.6  16.0   17:35     S
 7  15.1  18.8   14:15  11.3   23:55   3.2   0.0   0.6   1.6  18.0   17:10    SW
 8  14.5  19.6   15:25  10.1   00:00   3.8   0.0   0.2   2.9  19.0   15:30   WSW
 9  13.0  19.3   12:45   7.9   06:00   5.3   0.0   0.0   2.3  16.0   17:35   SSW
10  13.1  19.1   19:05   8.7   02:35   5.1   0.0   0.4   2.0  19.0   14:55   WNW
11  15.1  20.8   14:10   5.9   05:35   3.9   0.6   0.0   2.7  24.0   14:20     E
12  17.0  19.2   16:02  15.1   06:00   1.3   0.0   6.4   0.3  14.0   00:00     S
13  15.9  19.1   18:39  13.1   08:25   2.4   0.0   0.4  ----  14.0   17:00     W
14  16.9  19.2   15:05  14.9   00:20   1.5   0.1   1.0  ----  23.0   08:47     S
15  17.4  21.3   14:18  13.0   23:52   1.3   0.4   3.6  ----  27.0   09:46     S
16  13.5  17.8   13:04   9.8   03:51   4.8   0.0   1.6  ----  19.0   07:49    SW
17  13.8  16.6   19:02  11.6   04:25   4.4   0.0   2.6  ----  21.0   09:20     S
18  19.2  26.2   15:34  15.2   02:54   1.1   2.0   0.4  ----  32.0   22:35     S
19  17.6  20.2   19:36  15.4   07:28   1.1   0.4   5.8  ----  26.0   00:35   SSW
20  17.9  20.9   14:48  16.1   23:50   0.8   0.4   2.4  ----   8.0   17:02     W
21  18.7  25.4   18:40  14.1   06:45   1.5   1.9   0.0  ----  16.0   08:53     S
22  16.2  18.2   00:00  11.8   23:05   2.1   0.0   3.8  ----  21.0   05:10    SW
23  12.8  16.8   16:20  10.1   00:00   5.5   0.0   2.2  ----  32.0   15:10   WSW
24  10.9  15.1   18:02   8.3   03:25   7.4   0.0   2.8  ----  18.0   12:53   WSW
25  12.0  18.8   16:10   6.1   06:15   6.3   0.0   0.2  ----  18.0   22:07    SW
26  13.8  16.9   15:55  11.1   02:25   4.5   0.0  12.0  ----  23.0   19:50     S
27  14.1  18.7   16:55  10.6   23:52   4.2   0.0   1.0  ----  19.0   12:50    SW
28  13.3  18.3   16:43   9.1   03:10   5.0   0.0   0.0  ----  21.0   13:39     S
29  12.7  18.4   15:25   7.5   06:33   5.5   0.0   1.8  ----  16.0   00:42   WNW
30  12.7  19.3   15:19   8.3   02:10   5.6   0.0   0.0  ----  11.0   18:19   ESE
31  14.8  20.2   15:40   8.8   02:24   3.6   0.1   0.0  ----  32.0   13:00   SSE
----------------------------------------------------------------------------------
    15.5  26.2    18     5.9    11    99.4  14.0  55.2   2.2  32.0    18     SSW

Max >=  27.0:  0
Max <=   0.0:  0
Min <=   0.0:  0
Min <= -18.0:  0
Max Rain: 12.0 on day 26
Days of Rain: 22 (>= 0.2 mm)  10 (>= 2.0 mm)  0 (>= 20.0 mm)
Heat Base: 18.3  Cool Base: 18.3  Method: Integration