NOAA-Style Climate Reports


Report for 2018 July
                   Monthly Climatological Summary for Jul 2018

Name: Naas South   City: Naas   State: Kildare
Elevation: 116 m  Lat: N 54° 12' 28"   Lon: W 006° 40' 35"

                  Temperature (°C), Rain (mm), Wind Speed (km/h)

                                      Heat  Cool        Avg
    Mean                              Deg   Deg         Wind                 Dom
Day Temp  High   Time   Low    Time   Days  Days  Rain  Speed High   Time    Dir
----------------------------------------------------------------------------------
 1  18.7  25.3   13:56  11.8   05:01   1.8   2.2   0.0   1.6  39.0   17:48   NNE
 2  18.2  25.7   15:05   9.8   05:22   2.4   2.3   0.0   1.9  11.0   10:24     N
 3  19.2  24.8   14:09  13.8   05:20   1.3   2.2   0.0   1.3  13.0   14:25    NW
 4  20.2  29.1   14:36   9.7   04:50   2.2   4.1   0.0   0.5  13.0   19:54   WSW
 5  18.5  24.2   15:57  12.9   06:00   1.4   1.6   0.0   1.1  11.0   12:42   NNE
 6  19.9  25.6   17:21  14.7   04:42   0.7   2.3   0.0   0.9  10.0   07:57     N
 7  21.0  26.9   16:33  14.2   05:29   0.7   3.5   0.0   0.8  10.0   12:37     N
 8  20.8  27.1   16:39  14.0   05:31   0.9   3.4   0.0   1.4  11.0   14:39   NNE
 9  19.3  24.2   13:46  14.1   05:32   0.9   1.9   0.0   1.0  13.0   13:34     N
10  17.3  25.4   14:27   8.4   05:19   3.0   2.0   0.0   1.3  10.0   10:49   NNW
11  17.3  20.7   11:31  13.6   03:45   1.5   0.5   0.0   0.9  10.0   17:30     N
12  15.9  18.8   16:49  13.1   06:32   2.4   0.0   0.0   1.5   8.0   01:09   NNE
13  17.4  21.3   15:37  13.0   04:13   1.7   0.8   0.0   0.7   8.0   11:49   NNE
14  20.3  28.0   15:40  12.8   05:23   1.3   3.3   0.0   1.3  11.0   09:27    SW
15  17.4  18.8   13:51  14.6   23:56   0.9   0.1   0.4   2.4  14.0   16:13   SSW
16  16.6  21.8   14:40  13.7   03:54   2.0   0.4   0.0   0.9  13.0   18:46   NNE
17  16.7  21.5   18:05  12.5   06:18   2.1   0.5   0.0   0.5  24.0   20:25    SW
18  17.2  23.1   17:40  12.2   05:16   2.0   1.0   0.0   0.8  10.0   14:33     N
19  16.9  24.9   17:26   8.9   05:36   2.9   1.5   0.0   0.8  13.0   15:05     N
20  16.2  21.2   15:33  13.2   07:54   2.3   0.2   8.0   0.6  10.0   19:07   WSW
21  16.9  23.0   19:31  11.7   05:11   2.2   0.9   0.0   0.5   8.0   14:39   NNE
22  20.5  29.0   17:05  16.0   03:52   0.7   2.9   0.0   0.4  10.0   12:57     N
23  21.0  28.3   15:59  15.1   23:28   0.2   2.8   5.4   0.9  19.0   20:23     N
24  17.7  24.2   17:25  14.1   05:51   1.8   1.2   0.0   0.4  10.0   12:46   NNE
25  18.4  26.9   16:28  10.8   06:20   2.1   2.2   0.0   1.3  14.0   19:46    SW
26  19.4  24.5   15:40  14.4   02:18   1.0   2.1   0.0   4.3  23.0   10:10    SW
27  17.8  20.4   16:46  14.3   23:52   0.9   0.4   7.6   2.6  24.0   14:40     S
28  12.7  16.3   14:17   9.7   08:42   5.6   0.0  13.4   1.2  13.0   11:43   ESE
29  13.9  18.9   17:34   9.2   00:21   4.5   0.0   6.4   1.0  14.0   01:31    SW
30  15.2  20.9   15:11  12.2   06:12   3.2   0.1   0.6   2.4  16.0   14:13    SE
31  14.7  19.2   16:38  10.3   04:14   3.7   0.1   0.4   4.7  31.0   14:04     S
----------------------------------------------------------------------------------
    17.8  29.1     4     8.4    10    60.3  46.5  42.2   1.3  39.0     1     WNW

Max >=  27.0:  5
Max <=   0.0:  0
Min <=   0.0:  0
Min <= -18.0:  0
Max Rain: 13.4 on day 28
Days of Rain: 8 (>= 0.2 mm)  5 (>= 2.0 mm)  0 (>= 20.0 mm)
Heat Base: 18.3  Cool Base: 18.3  Method: Integration