NOAA-Style Climate Reports


Report for 2018 June
                   Monthly Climatological Summary for Jun 2018

Name: Naas South   City: Naas   State: Kildare
Elevation: 116 m  Lat: N 54° 12' 28"   Lon: W 006° 40' 35"

                  Temperature (°C), Rain (mm), Wind Speed (km/h)

                                      Heat  Cool        Avg
    Mean                              Deg   Deg         Wind                 Dom
Day Temp  High   Time   Low    Time   Days  Days  Rain  Speed High   Time    Dir
----------------------------------------------------------------------------------
 1  17.6  24.0   14:33  14.1   02:00   1.5   0.8   0.4   1.0  16.0   16:52     S
 2  16.5  19.8   17:01  14.6   02:41   1.9   0.1   0.0   2.2  19.0   18:51   SSW
 3  16.9  23.5   17:55  10.4   05:31   2.4   1.0   0.0   1.9  16.0   15:14     S
 4  16.3  22.1   16:03   8.9   05:33   3.0   1.0   0.0   4.2  23.0   16:24   ENE
 5  15.4  18.3   15:59  12.2   23:58   2.9   0.0   0.0   6.3  24.0   13:51   ENE
 6  16.0  21.6   17:12   7.9   05:11   3.2   0.9   0.0   5.0  23.0   11:53   ENE
 7  17.3  22.2   16:22  11.3   02:33   2.2   1.2   0.0   5.0  23.0   11:55   ENE
 8  18.0  23.9   16:06  11.1   04:57   2.0   1.7   0.0   3.1  18.0   13:55   ENE
 9  18.5  24.2   12:34  12.3   05:06   1.8   2.0   0.0   2.1  18.0   14:27   ENE
10  16.7  22.4   16:51  10.4   05:58   2.6   1.0   0.0   3.3  16.0   16:35   ENE
11  15.8  18.9   13:24  13.7   05:34   2.5   0.0   0.0   4.0  16.0   16:27    NE
12  14.0  17.2   15:39   9.7   05:36   4.2   0.0   0.0   2.0  13.0   08:10    NE
13  14.4  18.5   14:20  10.8   04:47   3.8   0.0   2.6   5.4  45.0   23:42   SSW
14  15.2  18.3   14:35  11.1   23:56   3.1   0.0   0.8   8.0  42.0   01:23   WSW
15  12.8  17.7   16:47   9.6   05:05   5.4   0.0   0.4   3.4  21.0   21:02   SSW
16  13.3  17.3   14:57  10.2   08:32   5.0   0.0   5.4   4.8  27.0   13:04    SW
17  14.2  20.2   14:42   9.9   05:08   4.2   0.1   0.8   4.2  24.0   09:29    SW
18  14.5  18.7   16:14  11.3   04:48   3.8   0.0   0.6   3.6  23.0   09:17    SW
19  15.3  23.4   17:54   8.2   05:39   4.1   1.1   0.0   3.6  39.0   22:32   SSW
20  14.4  17.3   14:53  10.3   23:11   3.9   0.0   0.8   5.0  32.0   00:26   WNW
21  12.2  18.4   16:43   5.7   05:16   6.1   0.0   0.0   3.4  18.0   11:42   NNE
22  13.6  22.2   18:20   3.7   05:06   5.3   0.6   0.0   1.9  13.0   09:52   NNE
23  16.1  24.6   17:14   6.9   05:24   3.8   1.6   0.0   1.4  13.0   19:05   NNW
24  19.0  28.7   16:38   9.1   05:11   2.6   3.3   0.0   0.9  11.0   14:34    SW
25  21.1  28.4   14:19  12.1   05:16   1.3   4.0   0.0   0.7  24.0   18:49    SW
26  21.2  31.6   14:52  11.5   05:50   1.5   4.4   0.0   0.3  10.0   13:32   WSW
27  22.6  29.8   14:40  14.0   04:50   0.8   5.1   0.0   0.8  31.0   16:28     W
28  21.4  28.0   15:44  11.3   05:20   1.5   4.6   0.0   1.1  16.0   17:31     W
29  22.0  30.7   13:47  14.4   02:56   0.6   4.3   0.0   1.7  11.0   15:28    NW
30  19.9  24.6   12:46  13.8   05:30   1.1   2.7   0.0   1.0  24.0   19:03   WNW
----------------------------------------------------------------------------------
    16.7  31.6    26     3.7    22    88.1  41.5  11.8   3.0  45.0    13       S

Max >=  27.0:  6
Max <=   0.0:  0
Min <=   0.0:  0
Min <= -18.0:  0
Max Rain: 5.4 on day 16
Days of Rain: 8 (>= 0.2 mm)  2 (>= 2.0 mm)  0 (>= 20.0 mm)
Heat Base: 18.3  Cool Base: 18.3  Method: Integration