NOAA-Style Climate Reports


Report for 2018 May
                   Monthly Climatological Summary for May 2018

Name: Naas South   City: Naas   State: Kildare
Elevation: 116 m  Lat: N 54° 12' 28"   Lon: W 006° 40' 35"

                  Temperature (°C), Rain (mm), Wind Speed (km/h)

                                      Heat  Cool        Avg
    Mean                              Deg   Deg         Wind                 Dom
Day Temp  High   Time   Low    Time   Days  Days  Rain  Speed High   Time    Dir
----------------------------------------------------------------------------------
 1   7.9  10.7   15:44   3.4   05:08  10.4   0.0   5.8   7.9  40.0   16:31   SSW
 2   8.4  11.4   13:12   5.4   07:14   9.9   0.0   1.0   4.6  26.0   16:09   WNW
 3   9.2  12.1   17:37   5.4   00:45   9.1   0.0   0.2   5.3  31.0   16:07   SSW
 4  13.5  20.2   17:11   9.2   04:52   4.9   0.1   0.0   3.3  18.0   21:29   SSW
 5  15.0  21.4   15:06   9.5   05:22   3.9   0.6   0.0   4.3  23.0   14:37   SSW
 6  15.7  23.2   18:06   6.3   06:03   3.8   1.3   0.0   2.7  23.0   15:22    SW
 7  14.8  21.7   18:09   9.2   05:50   4.1   0.6   0.0   3.4  19.0   14:23    SW
 8  12.3  16.6   15:45   7.2   23:45   5.9   0.0   1.4   5.4  27.0   06:13    SW
 9   8.7  11.3   13:10   6.1   03:10   9.6   0.0   5.2   5.1  35.0   13:15   SSW
10   9.4  15.1   17:35   4.3   05:55   8.9   0.0   0.0   4.7  26.0   20:05    SW
11   9.1  12.2   19:31   6.8   23:57   9.1   0.0   5.2   4.9  50.0   10:33   SSE
12   9.7  15.8   13:23   3.1   05:45   8.6   0.0   0.2   2.2  16.0   09:49     S
13  10.3  16.9   15:25   2.8   05:24   7.9   0.0   0.0   2.8  19.0   15:34   SSW
14  13.0  17.5   15:40   8.4   01:51   5.3   0.0   0.0   2.5  18.0   04:05   SSW
15  13.0  17.4   14:11   7.1   23:57   5.2   0.0   0.0   1.9  21.0   16:53     N
16   9.1  14.5   17:09   2.5   05:54   9.2   0.0   0.0   6.3  27.0   13:13    NE
17  11.5  17.4   17:45   5.9   03:05   6.8   0.0   0.0   3.9  19.0   11:32   ENE
18  13.7  21.2   16:50   7.1   03:55   4.8   0.2   0.0   1.7  13.0   13:10   SSW
19  13.9  20.1   15:19   7.8   05:14   4.5   0.1   0.0   5.9  34.0   15:24   SSW
20  13.3  16.0   13:40  11.0   23:58   5.0   0.0   1.6   7.0  29.0   02:56     S
21  12.0  15.6   13:30   7.7   23:49   5.3   0.0   3.4   3.3  19.0   21:23    SE
22  10.6  15.6   17:49   5.0   05:37   7.7   0.0   0.0   5.2  19.0   13:12    NE
23  13.4  19.7   16:00   7.8   04:34   5.1   0.1   0.0   6.1  23.0   14:31    NE
24  11.5  16.7   12:11   5.6   05:46   6.8   0.0   0.4   4.3  23.0   12:00    NE
25  15.9  21.8   15:41   7.9   05:08   3.3   0.9   0.0   7.5  35.0   13:10    NE
26  14.8  19.2   16:19  11.7   04:22   3.5   0.0   0.0   8.4  29.0   10:59   ENE
27  15.4  20.3   19:10  10.8   07:14   3.1   0.2   1.4   6.7  32.0   04:48   ENE
28  16.3  23.4   14:17   9.2   04:30   3.1   1.1   0.0   3.3  21.0   15:36    NE
29  16.7  20.9   17:19  12.4   05:35   2.1   0.6   0.0   7.9  29.0   13:55   ENE
30  15.5  20.8   16:24  11.1   05:03   3.2   0.4   0.0   7.0  24.0   12:20    NE
31  18.5  24.5   15:45  12.9   05:32   1.8   1.9   0.0   1.6  18.0   16:12   SSW
----------------------------------------------------------------------------------
    12.6  24.5    31     2.5    16   181.9   8.1  25.8   4.8  50.0    11      SE

Max >=  27.0:  0
Max <=   0.0:  0
Min <=   0.0:  0
Min <= -18.0:  0
Max Rain: 5.8 on day 1
Days of Rain: 11 (>= 0.2 mm)  4 (>= 2.0 mm)  0 (>= 20.0 mm)
Heat Base: 18.3  Cool Base: 18.3  Method: Integration