NOAA-Style Climate Reports


Report for 2018 March
                   Monthly Climatological Summary for Mar 2018

Name: Naas South   City: Naas   State: Kildare
Elevation: 116 m  Lat: N 54° 12' 28"   Lon: W 006° 40' 35"

                  Temperature (°C), Rain (mm), Wind Speed (km/h)

                                      Heat  Cool        Avg
    Mean                              Deg   Deg         Wind                 Dom
Day Temp  High   Time   Low    Time   Days  Days  Rain  Speed High   Time    Dir
----------------------------------------------------------------------------------
 1  -3.0  -1.0   23:54  -5.4   01:41  21.3   0.0   0.0  16.6  51.0   19:46   ENE
 2  -1.0  -0.5   12:16  -1.3   06:39  19.3   0.0   0.0  18.9  56.0   06:48   ENE
 3   1.1   2.4   16:15  -1.2   00:57  17.2   0.0   4.2  11.4  35.0   07:28   ENE
 4   2.5   4.1   14:27   1.1   02:18  15.8   0.0   0.6   6.6  27.0   07:54    NE
 5   2.8   4.0   13:17   1.7   00:29  15.4   0.0   1.4   1.1  10.0   04:35   ENE
 6   3.7   7.1   14:58   1.8   06:21  14.6   0.0   0.2   1.5  18.0   23:18     S
 7   3.8   8.9   14:40   0.9   07:04  14.5   0.0   0.2   5.4  31.0   11:28   SSW
 8   3.2   9.1   15:05  -0.5   05:40  15.0   0.0   0.2   2.0  18.0   10:09    SW
 9   2.6   7.1   12:13  -3.1   06:01  15.7   0.0   1.2   5.0  29.0   21:14   ENE
10   7.7  12.3   15:26   4.7   00:24  10.6   0.0   7.2   5.6  32.0   14:54    SE
11   6.4  10.2   14:07   2.2   03:46  11.8   0.0   0.8   4.6  27.0   13:34   ENE
12   7.0  10.8   15:53   3.8   23:58  11.3   0.0   2.6   4.4  18.0   06:36     N
13   5.7   9.8   13:07   0.4   05:05  12.6   0.0   0.0   5.4  37.0   22:41   SSE
14   8.7   9.5   10:18   7.6   23:14   9.5   0.0  12.8  11.9  60.0   14:53    SE
15   8.9  12.7   14:22   7.1   01:05   9.4   0.0   0.0   5.7  29.0   13:55   ESE
16   7.9  11.4   14:34   4.3   07:22  10.4   0.0   0.8   3.3  23.0   14:50   ESE
17   2.3   7.1   00:10  -2.4   22:52  16.0   0.0   1.6  13.7  48.0   20:13   ENE
18  -0.7   1.1   19:03  -2.6   02:28  19.0   0.0   1.0  14.5  51.0   00:56    NE
19   2.2   5.3   15:48  -1.0   23:57  16.1   0.0   0.0  11.4  37.0   05:25    NE
20   2.0   9.8   15:45  -4.8   06:42  16.3   0.0   0.0   1.0  13.0   12:04    NW
21   4.5   9.6   16:17  -1.3   01:23  13.8   0.0   0.0   2.8  18.0   10:16   SSW
22   6.7   8.8   13:10   3.4   03:24  11.5   0.0   4.8   8.4  39.0   15:31     S
23   7.4   9.6   12:19   4.7   22:55  11.0   0.0   0.8   4.9  32.0   04:28   SSW
24   6.5  11.1   15:58   2.2   06:46  11.8   0.0   0.0   3.4  18.0   14:04     N
25   5.6  10.6   14:28  -0.6   07:02  12.2   0.0   0.0   1.1  11.0   13:58     W
26   6.4  10.8   13:32   0.3   06:02  11.9   0.0   2.4   5.0  32.0   21:21   SSE
27   7.4   9.6   05:16   4.1   23:04  10.9   0.0   3.4   5.2  31.0   10:50   WSW
28   5.1   9.8   15:13   2.9   05:02  13.2   0.0   0.4   2.9  21.0   15:54   WSW
29   3.6   6.7   11:14   0.7   06:37  14.7   0.0   9.2   2.4  18.0   10:06   ESE
30   3.8   5.7   17:22   2.2   02:16  14.5   0.0   3.8   4.5  23.0   13:22   NNE
31   4.5   7.2   17:49  -0.3   22:50  13.8   0.0   0.0   6.6  24.0   12:52   NNE
----------------------------------------------------------------------------------
     4.4  12.7    15    -5.4     1   431.1   0.0  59.6   6.5  60.0    14       E

Max >=  27.0:  0
Max <=   0.0:  2
Min <=   0.0: 12
Min <= -18.0:  0
Max Rain: 12.8 on day 14
Days of Rain: 21 (>= 0.2 mm)  9 (>= 2.0 mm)  0 (>= 20.0 mm)
Heat Base: 18.3  Cool Base: 18.3  Method: Integration