NOAA-Style Climate Reports


Report for 2018 February
                   Monthly Climatological Summary for Feb 2018

Name: Naas South   City: Naas   State: Kildare
Elevation: 116 m  Lat: N 54° 12' 28"   Lon: W 006° 40' 35"

                  Temperature (°C), Rain (mm), Wind Speed (km/h)

                                      Heat  Cool        Avg
    Mean                              Deg   Deg         Wind                 Dom
Day Temp  High   Time   Low    Time   Days  Days  Rain  Speed High   Time    Dir
----------------------------------------------------------------------------------
 1   3.0   5.9   13:40   0.7   22:40  15.3   0.0   0.2   4.5  32.0   13:45    NW
 2   2.7   6.2   14:35  -0.8   06:50  15.6   0.0   2.2   2.1  19.0   22:50    SW
 3   3.2   5.8   15:00   1.4   23:00  15.1   0.0   0.8   4.5  37.0   16:35    NW
 4   2.0   6.4   14:55  -1.9   07:55  15.3   0.0   0.2   1.2  14.0   14:55    NE
 5   1.2   3.9   13:09  -2.1   01:56  13.4   0.0   0.0   0.3   8.0   21:41     S
 6   0.5   3.7   14:50  -1.9   22:21  14.6   0.0   2.6   4.1  31.0   13:30   NNW
 7   1.5   4.8   23:57  -1.1   04:45  16.6   0.0   1.4   3.7  26.0   19:22     S
 8   6.2   8.1   12:50   2.3   23:55  12.1   0.0   3.8   4.6  23.0   00:35   SSW
 9   1.8   5.2   15:04  -0.4   07:26  16.5   0.0   0.4   4.7  23.0   01:09   WSW
10   7.0   9.8   15:25   2.5   00:00  11.3   0.0  10.4   8.4  39.0   19:54   SSW
11   1.1   3.3   15:24  -1.0   22:53  17.2   0.0   0.2   5.0  29.0   13:54     W
12   2.1   5.9   14:41  -1.3   04:11  16.2   0.0   1.0   8.3  55.0   23:53     S
13   2.5   5.9   14:39   0.5   20:14  15.8   0.0   6.2   4.8  51.0   01:06    SW
14   5.9   9.3   15:09   1.9   00:00  12.3   0.0   1.6   9.8  53.0   07:24     S
15   2.8   5.6   14:41   0.6   07:42  15.5   0.0   0.6   7.1  40.0   04:19   SSW
16   4.3   7.8   14:31   0.7   01:50  14.0   0.0   2.4   7.5  40.0   18:51     S
17   4.8   9.3   15:06   1.7   06:25  13.3   0.0   0.2   1.6  18.0   10:43   SSW
18   7.6  10.2   18:36   3.9   07:09  10.7   0.0   1.8   2.0  18.0   09:52     S
19   9.4  12.6   15:14   4.8   23:58   8.9   0.0   1.2   1.6  19.0   19:11     W
20   4.1   9.2   14:41  -0.5   23:45  14.2   0.0   0.4   2.6  19.0   14:07   NNW
21   2.8   9.1   14:08  -2.7   07:06  15.5   0.0   0.2   1.0  13.0   13:55   SSE
22   4.7   6.7   10:18   2.4   22:22  13.6   0.0   0.0   3.2  24.0   13:45   SSE
23   3.0   5.4   12:32  -0.4   22:02  15.3   0.0   0.0   4.5  26.0   10:14    SE
24   2.5   5.9   14:12   0.0   20:46  15.8   0.0   0.0   4.7  26.0   09:43   ESE
25   2.8   9.3   14:52  -2.9   05:16  15.5   0.0   0.0   2.4  23.0   13:24   ESE
26   0.2   2.2   12:24  -3.8   04:50  18.1   0.0   0.0   4.8  29.0   09:13     E
27   0.2   3.1   14:34  -2.2   23:52  18.1   0.0   0.2   7.8  40.0   15:20    NE
28  -2.8  -0.9   13:39  -5.1   23:34  21.1   0.0   0.0   9.2  55.0   16:24   ENE
----------------------------------------------------------------------------------
     3.1  12.6    19    -5.1    28   416.9   0.0  38.0   4.8  55.0    12       S

Max >=  27.0:  0
Max <=   0.0:  1
Min <=   0.0: 16
Min <= -18.0:  0
Max Rain: 10.4 on day 10
Days of Rain: 21 (>= 0.2 mm)  6 (>= 2.0 mm)  0 (>= 20.0 mm)
Heat Base: 18.3  Cool Base: 18.3  Method: Integration