NOAA-Style Climate Reports


Report for 2018 January
                   Monthly Climatological Summary for Jan 2018

Name: Naas South   City: Naas   State: Kildare
Elevation: 116 m  Lat: N 54° 12' 28"   Lon: W 006° 40' 35"

                  Temperature (°C), Rain (mm), Wind Speed (km/h)

                                      Heat  Cool        Avg
    Mean                              Deg   Deg         Wind                 Dom
Day Temp  High   Time   Low    Time   Days  Days  Rain  Speed High   Time    Dir
----------------------------------------------------------------------------------
 1   4.8   7.8   13:17   2.1   22:03  13.5   0.0   0.2   6.2  39.0   13:12   WSW
 2   6.7   9.5   18:23   2.1   00:17  11.6   0.0  12.4   8.5  40.0   17:56   SSW
 3   6.2   7.8   16:04   4.7   00:55  12.1   0.0   7.2   7.4  32.0   07:03   WSW
 4   5.4   9.0   08:51   3.2   20:43  12.9   0.0   7.4   5.0  40.0   10:36    SW
 5   2.8   6.1   14:30   0.5   07:34  15.3   0.0   0.0   2.1  18.0   13:06   SSE
 6   3.2   5.9   13:56  -0.8   22:31  15.1   0.0   0.4   7.9  39.0   11:42    NE
 7   1.0   5.2   12:56  -2.4   05:07  17.3   0.0   0.2   3.1  27.0   14:25   ENE
 8   1.9   5.3   13:25  -1.2   20:40  16.4   0.0   0.0   3.5  26.0   23:42   ESE
 9   5.8   8.3   18:09   2.8   00:00  12.5   0.0   1.0   6.5  32.0   06:51    SE
10   4.3   7.8   14:09   1.8   06:48  14.0   0.0   0.4   2.3  16.0   20:58   ENE
11   2.1   4.7   00:00  -2.1   22:31  16.2   0.0   0.2   0.9  10.0   00:00    NE
12   5.2   8.5   22:30  -2.1   02:20  13.0   0.0   0.2   8.3  42.0   12:59   SSE
13   7.2   8.7   13:21   4.1   23:56  11.1   0.0   0.8   6.9  37.0   01:56   SSE
14   5.6   8.7   23:31   0.8   05:34  12.7   0.0   8.2   6.2  39.0   17:34     S
15   6.8   9.3   01:12   3.2   23:58  11.5   0.0   7.4   5.4  27.0   16:07   WSW
16   1.7   3.5   01:17   0.1   19:06  16.6   0.0   4.2   5.3  26.0   10:47   WSW
17   3.5   9.7   22:13   0.4   07:01  14.8   0.0   7.8   6.6  40.0   23:43    SW
18   3.3   9.3   00:00  -0.1   21:46  15.0   0.0   0.4   5.3  40.0   01:28     W
19   1.4   4.2   14:46   0.1   05:49  16.9   0.0   0.2   5.0  26.0   07:18   SSW
----------------------------------------------------------------------------------
     4.2   9.7    17    -2.4     7   268.5   0.0  58.6   5.4  42.0    12     SSW

Max >=  27.0:  0
Max <=   0.0:  0
Min <=   0.0:  6
Min <= -18.0:  0
Max Rain: 12.4 on day 2
Days of Rain: 17 (>= 0.2 mm)  7 (>= 2.0 mm)  0 (>= 20.0 mm)
Heat Base: 18.3  Cool Base: 18.3  Method: Integration