NOAA-Style Climate Reports


Report for 2018
                   Annual Climatological Summary for 2018

Name: Naas South   City: Naas   State: Kildare
Elevation: 116 m  Lat: N 54° 12' 28"   Lon: W 006° 40' 35"

                  Temperature (°C), Heat Base: 18.3  Cool Base: 18.3
                          Dep.  Heat  Cool                       Max  Max  Min  Min
        Mean  Mean        From  Deg   Deg                        >=   <=   <=   <=
 YR MO  Max   Min   Mean  Norm  Days  Days  Hi  Date  Low  Date 27.0  0.0  0.0 -18.0
------------------------------------------------------------------------------------
 18  1   7.5   1.5   4.6   0.0   347     0  12.3  28  -2.4    7    0    0    6    0
 18  2   6.4  -0.2   3.1   0.0   416     0  12.6  19  -5.1   28    0    1   16    0
 18  3   7.8   1.0   4.4   0.0   431     0  12.7  15  -5.4    1    0    2   12    0
 18  4  12.7   5.0   8.6   0.0   290     0  20.2  21  -3.3    5    0    0    2    0
 18  5  17.8   7.4  12.6   0.0   181     8  24.5  31   2.5   16    0    0    0    0
 18  6  22.5  10.7  16.7   0.0    88    41  31.6  26   3.7   22    6    0    0    0
 18  7  23.5  12.5  17.8   0.0    60    46  29.1   4   8.4   10    5    0    0    0
 18  8  20.1  11.6  15.5   0.0    99    13  26.2  18   5.9   11    0    0    0    0
 18  9  16.9   8.3  12.3   0.0   181     3  24.5   1   2.1   24    0    0    0    0
 18 10  13.3   5.3   9.2   0.0   281     0  20.6  10  -3.4   30    0    0    5    0
 18 11  10.2   5.2   7.8   0.0   312     0  13.8  16  -1.4    2    0    0    1    0
 18 12   9.6   5.7   7.7   0.0   328     0  12.3   2  -0.7    4    0    0    1    0
------------------------------------------------------------------------------------
        14.0   6.2  10.0   0.0  3019   113  31.6 Jun  -5.4  Mar   11    3   43    0

                                Precipitation (mm)

              Dep.   Max        Days of Rain
              From   Obs.           >=
 YR MO Total  Norm   Day Date  0.2  2.0 20.0
---------------------------------------------
 18  1  85.0   0.0  12.4   2    24   12    0
 18  2  38.0   0.0  10.4  10    21    6    0
 18  3  59.6   0.0  12.8  14    21    9    0
 18  4  62.4   0.0  12.2  17    22   10    0
 18  5  25.8   0.0   5.8   1    11    4    0
 18  6  11.8   0.0   5.4  16     8    2    0
 18  7  42.2   0.0  13.4  28     8    5    0
 18  8  55.2   0.0  12.0  26    22   10    0
 18  9  51.6   0.0  13.4  20    18    9    0
 18 10  67.6   0.0  21.6  13    18    6    1
 18 11 145.8   0.0  20.4   9    25   15    1
 18 12 135.8   0.0  21.8  18    23   18    1
---------------------------------------------
       780.8   0.0  21.8  Dec  221  106    3

                                Wind Speed (km/h)
                          Dom
 YR MO   Avg.  Hi   Date  Dir
------------------------------
 18  1   5.4  42.0   12   SSW
 18  2   4.8  55.0   12     S
 18  3   6.5  60.0   14   ENE
 18  4   6.2  63.0   16   SSE
 18  5   4.8  50.0   11   ESE
 18  6   3.0  45.0   13   ESE
 18  7   1.3  39.0    1     W
 18  8   2.4  32.0   18   SSW
 18  9   3.1  50.0   19   SSW
 18 10   3.2  51.0   12     S
 18 11   4.3  64.0    9     S
 18 12   4.1  60.0   18   SSW
------------------------------
         4.1  64.0  Nov   SSE