NOAA-Style Climate Reports


Report for 2017 December
                   Monthly Climatological Summary for Dec 2017

Name: Naas South   City: Naas   State: Kildare
Elevation: 116 m  Lat: N 54° 12' 28"   Lon: W 006° 40' 35"

                  Temperature (°C), Rain (mm), Wind Speed (km/h)

                                      Heat  Cool        Avg
    Mean                              Deg   Deg         Wind                 Dom
Day Temp  High   Time   Low    Time   Days  Days  Rain  Speed High   Time    Dir
----------------------------------------------------------------------------------
 1   0.5   4.7   13:33  -3.8   08:16  17.8   0.0   0.2   0.6  10.0   15:26    NW
 2   5.3   6.9   19:48   2.8   00:00  13.0   0.0   0.2   1.6  13.0   13:13   WNW
 3   7.4   8.4   13:51   6.4   01:25  10.9   0.0   0.0   2.0  14.0   12:10   WNW
 4   6.4   7.2   00:00   5.5   09:14  11.9   0.0   0.2   1.0  10.0   00:19     W
 5   6.6   8.4   23:51   4.9   07:48  11.6   0.0   0.0   3.8  19.0   23:15     S
 6  10.5  12.6   23:56   8.4   00:00   7.8   0.0   4.8  10.4  40.0   11:53     S
 7   5.3  12.6   00:00   0.8   22:45  13.0   0.0   7.6   6.0  40.0   03:30     W
 8   0.7   2.4   14:50  -1.4   23:57  17.5   0.0   1.4   4.2  27.0   00:55   WNW
 9   0.5   2.9   13:57  -2.3   02:29  17.8   0.0   0.2   1.2  11.0   12:07   SSE
10   0.8   3.1   00:40  -3.4   23:49  17.5   0.0  10.0   5.8  27.0   06:11    NE
11  -1.4   3.3   13:36  -6.2   05:19  19.6   0.0   0.2   1.8  19.0   13:39   NNW
12   2.0   4.9   16:45  -1.8   00:30  16.2   0.0   3.2   2.5  27.0   15:55     S
13   3.8   5.8   07:40   0.7   16:13  14.5   0.0   8.6   5.0  26.0   23:32    SW
14   2.9   4.6   11:58   1.5   08:50  15.4   0.0   0.8   4.4  23.0   09:33    SW
15   3.5   5.8   11:59  -1.2   23:10  14.8   0.0   0.0   6.0  31.0   02:09   NNW
16   2.7   6.0   14:00  -1.7   02:07  15.6   0.0   0.2   1.5  14.0   14:13   SSW
17   7.0  10.5   13:36   1.4   23:53  11.3   0.0   3.2   3.3  31.0   06:51   SSW
18   4.8   8.7   13:45  -0.1   06:04  13.5   0.0   0.2   1.9  21.0   18:27     S
19   9.7  10.9   13:58   7.5   00:00   8.6   0.0   0.0   4.6  19.0   18:20     S
20  10.4  11.2   10:08   9.3   23:03   7.9   0.0   0.4   2.0  19.0   00:55     S
21  10.8  11.6   12:31   9.9   00:00   7.4   0.0   4.2   3.8  19.0   07:26     S
22   9.8  10.8   11:57   8.4   23:32   8.5   0.0   0.8   0.9  11.0   00:08   SSW
23   9.0  10.4   21:39   7.9   05:31   9.3   0.0   0.4   3.8  21.0   21:43     S
24  10.3  11.0   23:59   9.1   00:04   8.0   0.0   1.0   7.7  34.0   22:11   SSW
25   5.4  11.2   00:52   1.1   23:35  12.9   0.0  15.0   4.1  34.0   01:23    SW
26   1.6   4.2   13:39  -0.1   23:55  16.7   0.0   0.2   4.6  24.0   20:51     N
27   0.5   3.2   13:50  -1.2   02:19  17.8   0.0   0.2   2.9  24.0   06:00    NW
28   0.2   3.3   23:42  -2.9   05:27  18.1   0.0   0.2   2.0  21.0   21:11     S
29   4.3   6.7   13:13   2.0   23:55  14.0   0.0  14.4   5.8  34.0   03:14   SSW
30   7.3   9.8   23:52   1.9   00:01  11.0   0.0   2.6   6.2  35.0   22:49   SSW
31   6.0  10.8   00:28   2.8   19:46  12.3   0.0   3.8   7.6  39.0   03:46   SSW
----------------------------------------------------------------------------------
     5.0  12.6     6    -6.2    11   412.2   0.0  84.2   3.9  40.0     6      SW

Max >=  27.0:  0
Max <=   0.0:  0
Min <=   0.0: 12
Min <= -18.0:  0
Max Rain: 15.0 on day 25
Days of Rain: 27 (>= 0.2 mm)  11 (>= 2.0 mm)  0 (>= 20.0 mm)
Heat Base: 18.3  Cool Base: 18.3  Method: Integration