NOAA-Style Climate Reports


Report for 2017 November
                   Monthly Climatological Summary for Nov 2017

Name: Naas South   City: Naas   State: Kildare
Elevation: 116 m  Lat: N 54° 12' 28"   Lon: W 006° 40' 35"

                  Temperature (°C), Rain (mm), Wind Speed (km/h)

                                      Heat  Cool        Avg
    Mean                              Deg   Deg         Wind                 Dom
Day Temp  High   Time   Low    Time   Days  Days  Rain  Speed High   Time    Dir
----------------------------------------------------------------------------------
 1   9.7  14.0   14:09   6.8   19:50   8.6   0.0   0.0   1.9  14.0   12:10    SW
 2   9.3  10.7   12:40   7.8   20:07   9.0   0.0   0.2   0.9  10.0   12:54    NE
 3   8.9  10.9   12:27   6.6   18:54   9.4   0.0   0.0   2.0  14.0   14:22   WSW
 4   6.0   9.3   00:00   2.9   20:49  12.3   0.0   0.6   2.6  24.0   13:48     W
 5   4.6   9.6   14:04   1.3   23:40  13.7   0.0   0.6   2.1  19.0   12:04   NNW
 6   9.0  12.2   14:38   1.6   00:00   9.3   0.0   0.0   7.0  42.0   20:15    SW
 7   5.7  11.4   01:45   0.6   22:31  12.4   0.0   4.6   1.8  35.0   01:15   WNW
 8   7.3  10.2   23:43  -0.4   02:07   7.3   0.0   2.0   3.6  18.0   12:05   SSW
 9   9.9  11.3   23:59   6.7   18:35   8.4   0.0   2.4   3.4  23.0   21:24     W
10   8.4  11.4   00:16   6.1   08:30   9.9   0.0   6.2   3.8  27.0   01:54     W
11   7.9  11.6   03:24   3.4   23:55  10.4   0.0   8.4   2.1  14.0   00:45     N
12   4.2   7.3   13:23   0.1   23:55  14.1   0.0   0.2   4.8  34.0   11:34   NNW
13   3.9   8.3   23:57  -1.7   04:36  14.4   0.0   3.8   3.1  19.0   21:58     S
14  10.2  12.2   14:47   7.3   23:32   8.1   0.0   1.4   2.6  19.0   00:07   SSW
15   8.2  10.8   13:59   3.4   07:40  10.1   0.0   0.0   1.9  14.0   19:01     S
16   6.1   9.9   04:30  -0.1   22:06  12.2   0.0   2.0   3.0  24.0   05:48     W
17   3.4   6.9   13:58  -0.4   02:27  14.9   0.0   0.2   2.1  14.0   13:07     S
18   6.4   8.1   12:43   3.9   23:54  11.9   0.0   2.8   0.5  10.0   00:08   SSW
19   6.6   9.9   23:43   3.3   06:41  11.7   0.0   1.6   2.7  26.0   20:00     S
20  12.1  13.4   23:10   9.9   00:00   6.2   0.0   2.4   3.9  24.0   00:01   SSW
21  12.3  13.4   15:23  10.7   23:30   6.0   0.0   1.8   4.4  26.0   12:41     S
22   8.4  13.1   08:34   2.9   23:56   9.9   0.0  49.2   3.4  42.0   08:39    NW
23   3.6   6.7   12:22  -0.5   23:20  14.7   0.0   1.0   3.7  27.0   06:56    SW
24   0.9   4.3   13:04  -1.3   07:25  17.3   0.0   0.2   1.8  18.0   08:52    SW
25   1.6   4.2   14:36  -0.4   01:02  16.7   0.0   0.2   2.7  19.0   15:21     W
26   4.5   8.9   23:34   0.8   01:11  13.8   0.0   7.0   3.8  27.0   20:31   SSW
27   6.0   8.6   00:00   3.6   23:55  12.3   0.0   1.0   4.1  24.0   19:53     W
28   2.5   5.9   14:35   0.3   23:40  15.8   0.0   0.2   4.0  26.0   11:45    NW
29   1.0   3.9   13:25  -1.2   04:10  17.1   0.0   0.2   3.2  24.0   14:35   NNW
30   2.3   5.3   13:37  -1.0   23:50  16.0   0.0   0.2   5.3  32.0   15:03   NNW
----------------------------------------------------------------------------------
     6.4  14.0     1    -1.7    13   353.9   0.0 100.4   3.1  42.0     6     WSW

Max >=  27.0:  0
Max <=   0.0:  0
Min <=   0.0:  9
Min <= -18.0:  0
Max Rain: 49.2 on day 22
Days of Rain: 26 (>= 0.2 mm)  11 (>= 2.0 mm)  1 (>= 20.0 mm)
Heat Base: 18.3  Cool Base: 18.3  Method: Integration