NOAA-Style Climate Reports


Report for 2017 October
                   Monthly Climatological Summary for Oct 2017

Name: Naas South   City: Naas   State: Kildare
Elevation: 116 m  Lat: N 54° 12' 28"   Lon: W 006° 40' 35"

                  Temperature (°C), Rain (mm), Wind Speed (km/h)

                                      Heat  Cool        Avg
    Mean                              Deg   Deg         Wind                 Dom
Day Temp  High   Time   Low    Time   Days  Days  Rain  Speed High   Time    Dir
----------------------------------------------------------------------------------
 1  13.1  17.4   12:53   7.9   00:00   5.2   0.0   3.0   5.4  39.0   23:23   SSW
 2  11.7  15.3   14:23   7.9   23:34   6.6   0.0   0.0   4.8  29.0   02:32   WSW
 3  10.0  13.9   15:32   6.7   02:17   8.3   0.0   0.0   2.8  21.0   12:10     W
 4  11.4  14.4   23:52   9.0   02:32   6.9   0.0   4.2   5.2  26.0   22:12   SSW
 5  11.0  14.6   00:22   6.0   23:59   7.3   0.0   1.6   4.4  31.0   03:22   NNW
 6   8.6  13.3   14:52   2.2   05:38   9.7   0.0   0.4   2.9  21.0   20:15     S
 7  12.6  14.3   14:35  11.2   07:07   5.7   0.0   0.6   2.3  18.0   01:24     W
 8  12.1  14.3   13:14  10.9   22:59   6.2   0.0   0.4   0.1   6.0   03:44   NNW
 9  11.5  14.2   13:10   8.3   03:50   6.8   0.0   2.6   0.8  13.0   22:58    SW
10  12.9  15.3   15:27   9.9   08:11   5.4   0.0   1.8   1.7  16.0   21:55    SW
11  12.5  15.7   13:25   7.8   21:48   5.8   0.0   8.0   2.8  24.0   13:52     W
12  11.7  15.9   23:36   7.2   05:40   6.6   0.0   0.0   3.5  26.0   17:09    SW
13  16.2  18.8   16:02  13.5   20:40   2.1   0.0   3.8   3.6  26.0   00:45    SW
14  15.2  18.1   14:34  13.7   00:00   3.1   0.0   6.0   5.5  40.0   21:13     S
15  14.0  15.3   13:30  12.6   21:35   4.3   0.0   1.0   6.5  39.0   02:32     S
16  13.5  17.4   09:59  11.3   23:31   4.8   0.0  19.0  12.1  72.0   15:27   SSE
17   9.6  13.7   15:26   3.6   23:41   8.7   0.0   0.4   4.9  32.0   02:37   SSW
18   7.9  13.6   13:44   0.5   07:18  10.3   0.0   0.4   2.2  21.0   21:49   ESE
19  12.7  14.3   11:59  10.1   23:58   5.6   0.0   6.0   5.3  32.0   06:25    SE
20   9.3  13.0   19:46   4.1   08:18   9.0   0.0   3.8   5.8  35.0   14:53     S
21  10.8  12.9   14:40   8.2   23:55   7.5   0.0  16.8  12.4  51.0   10:25   ESE
22   9.3  12.4   16:00   6.4   06:30   8.8   0.0   0.0   4.8  31.0   00:37   NNE
23  13.2  16.3   15:47  10.2   23:08   5.1   0.0   1.4   4.9  27.0   03:00     S
24  12.9  15.3   08:02  10.2   22:20   5.4   0.0  10.4   4.6  27.0   04:57   SSW
25  10.7  14.2   13:54   8.5   03:35   7.6   0.0   0.0   3.8  21.0   14:28    SW
26  10.8  13.1   15:40   6.9   23:55   7.4   0.0   0.0   1.4  13.0   13:57     E
27   6.0  11.9   15:55   1.9   07:05  12.3   0.0   0.4   0.5  10.0   13:20   WSW
28  11.8  13.6   23:35   7.7   00:00   6.5   0.0   0.0   3.2  19.0   15:10     W
29  10.5  13.6   00:00   2.3   23:21   7.3   0.0   0.6   2.6  19.0   01:55    NE
30   7.5  12.1   14:20   1.4   04:31  10.8   0.0   0.4   3.0  23.0   12:02    SW
31  11.0  12.9   14:38   9.6   02:49   7.3   0.0   0.2   4.6  24.0   15:41    SW
----------------------------------------------------------------------------------
    11.4  18.8    13     0.5    18   214.4   0.0  93.2   4.2  72.0    16       S

Max >=  27.0:  0
Max <=   0.0:  0
Min <=   0.0:  0
Min <= -18.0:  0
Max Rain: 19.0 on day 16
Days of Rain: 24 (>= 0.2 mm)  11 (>= 2.0 mm)  0 (>= 20.0 mm)
Heat Base: 18.3  Cool Base: 18.3  Method: Integration