NOAA-Style Climate Reports


Report for 2017 September
                   Monthly Climatological Summary for Sep 2017

Name: Naas South   City: Naas   State: Kildare
Elevation: 116 m  Lat: N 54° 12' 28"   Lon: W 006° 40' 35"

                  Temperature (°C), Rain (mm), Wind Speed (km/h)

                                      Heat  Cool        Avg
    Mean                              Deg   Deg         Wind                 Dom
Day Temp  High   Time   Low    Time   Days  Days  Rain  Speed High   Time    Dir
----------------------------------------------------------------------------------
 1  11.3  18.6   15:31   4.8   04:27   7.0   0.0   0.0   1.0  14.0   16:52   NNW
 2  12.7  17.5   13:57   5.9   05:37   5.6   0.0   1.6   4.6  42.0   18:13   SSE
 3  17.5  22.6   18:10  13.2   00:00   1.7   0.9  14.0   4.5  47.0   02:04   SSE
 4  16.8  18.6   12:50  13.6   23:57   1.5   0.0   1.4   1.7  16.0   12:18     S
 5  13.5  17.6   14:26  10.9   06:44   4.8   0.0   4.8   2.5  23.0   13:37   WSW
 6  13.8  17.7   14:14  11.1   06:31   4.5   0.0   0.0   2.6  21.0   11:37   WSW
 7  13.9  16.8   14:35  11.7   02:37   4.4   0.0   0.6   3.8  19.0   16:15     S
 8  12.8  16.2   13:05   9.9   22:45   5.4   0.0   8.8   2.7  21.0   16:15     W
 9  12.6  16.6   15:33   9.2   01:36   5.7   0.0   1.8   4.5  29.0   17:18     W
10  12.2  16.3   14:31  10.2   22:11   6.1   0.0   6.4   5.5  34.0   16:03    SW
11  12.6  15.7   14:26   9.8   23:47   5.7   0.0   1.0   6.1  31.0   14:43    NW
12  10.7  15.0   13:35   7.2   07:14   7.5   0.0   8.4   3.4  35.0   22:25   SSW
13   9.8  14.6   13:38   6.5   23:20   8.5   0.0   0.8   3.3  21.0   15:10     W
14  10.3  15.4   14:40   6.4   00:55   7.9   0.0   2.2   6.1  29.0   17:05     N
15  10.7  15.1   15:31   8.1   23:23   7.5   0.0   0.2   6.1  37.0   12:10   NNE
16   8.8  11.7   13:23   7.0   02:48   9.5   0.0   4.0   3.8  23.0   13:35   NNE
17  10.2  15.7   14:27   5.8   07:50   8.1   0.0   0.2   2.7  23.0   13:44    NE
18   9.2  16.2   15:28   3.1   05:03   9.1   0.0   0.0   1.2  16.0   14:01   NNW
19  12.0  17.9   14:10   6.1   01:40   6.2   0.0   0.0   3.3  24.0   21:10     S
20  14.3  16.9   12:18  11.2   23:54   3.9   0.0  10.0   5.0  31.0   02:15     S
21  11.7  17.2   14:48   8.9   08:53   6.6   0.0   4.4   1.6  14.0   14:57   WSW
22  12.8  18.3   14:17   8.4   01:32   5.5   0.0   2.8   3.8  35.0   09:10     S
23  13.9  15.9   12:14   9.6   00:00   4.4   0.0   0.4   7.3  37.0   20:44     S
24  14.6  19.7   16:15   7.6   23:57   3.8   0.1   1.0   1.4  24.0   00:21     S
25  11.9  20.3   16:35   4.9   06:32   6.7   0.3   0.0   0.9  13.0   15:33     S
26  12.7  17.7   16:11   8.5   03:18   5.6   0.0   0.0   3.8  29.0   13:43     S
27  13.6  14.8   17:42  11.3   23:35   4.7   0.0   7.2   5.5  40.0   12:36   SSE
28  13.1  16.3   13:28  10.3   07:11   5.2   0.0   2.4   5.9  39.0   21:41     S
29  12.0  15.9   14:49   8.6   23:38   6.3   0.0   0.4   4.9  27.0   12:10     S
30  10.8  16.3   15:55   7.9   05:14   7.5   0.0   0.0   2.0  16.0   00:30     S
----------------------------------------------------------------------------------
    12.4  22.6     3     3.1    18   176.9   1.3  84.8   3.7  47.0     3     SSW

Max >=  27.0:  0
Max <=   0.0:  0
Min <=   0.0:  0
Min <= -18.0:  0
Max Rain: 14.0 on day 3
Days of Rain: 23 (>= 0.2 mm)  12 (>= 2.0 mm)  0 (>= 20.0 mm)
Heat Base: 18.3  Cool Base: 18.3  Method: Integration