NOAA-Style Climate Reports


Report for 2017 August
                   Monthly Climatological Summary for Aug 2017

Name: Naas South   City: Naas   State: Kildare
Elevation: 116 m  Lat: N 54° 12' 28"   Lon: W 006° 40' 35"

                  Temperature (°C), Rain (mm), Wind Speed (km/h)

                                      Heat  Cool        Avg
    Mean                              Deg   Deg         Wind                 Dom
Day Temp  High   Time   Low    Time   Days  Days  Rain  Speed High   Time    Dir
----------------------------------------------------------------------------------
 1  14.7  20.2   14:45   9.8   04:02   3.7   0.2   1.0   3.1  23.0   14:54   SSW
 2  16.0  21.2   15:36  12.3   00:00   2.5   0.2   1.0   4.4  24.0   10:28     S
 3  16.0  20.6   16:48  13.1   02:42   2.6   0.3   0.4   4.4  26.0   00:54    SW
 4  14.4  18.7   13:59   9.4   06:34   3.9   0.0   0.0   2.5  18.0   10:48   NNW
 5  12.8  17.7   20:19   8.3   23:41   5.5   0.0   2.0   1.7  19.0   14:30     N
 6  12.3  15.9   13:13   7.8   00:24   6.0   0.0   3.6   3.9  27.0   08:53   SSW
 7  13.9  18.6   14:22  10.2   03:51   4.4   0.0   0.6   2.3  18.0   19:29    SW
 8  12.7  18.2   16:15   9.7   06:04   5.6   0.0   0.0   2.9  21.0   14:29   NNE
 9  14.0  19.8   14:42   8.4   04:52   4.5   0.1   0.0   6.0  31.0   16:22   NNE
10  12.9  19.5   15:50   5.0   05:57   5.4   0.1   0.0   1.5  16.0   14:54   WSW
11  15.8  21.3   16:58  11.1   00:00   3.0   0.5   0.4   4.8  23.0   13:06    SW
12  15.0  18.5   16:06  11.8   23:31   3.3   0.0   0.0   4.2  23.0   09:31     N
13  13.7  20.2   13:44   6.2   04:59   4.7   0.1   3.2   2.1  26.0   18:15     S
14  14.9  19.6   13:10  12.1   23:56   3.4   0.0  49.8   4.5  27.0   01:31     S
15  13.9  19.8   15:58   9.1   06:09   4.5   0.1   0.4   1.6  16.0   12:49    SW
16  15.5  18.4   15:33  12.2   02:47   2.8   0.0   1.8   7.9  39.0   10:06     S
17  15.1  20.6   13:27  10.4   07:01   3.4   0.2   5.2   3.4  26.0   10:52   SSW
18  12.7  16.7   12:33   9.8   06:18   5.6   0.0   0.4   4.1  23.0   12:50    SW
19  12.9  17.0   16:26   9.8   22:30   5.4   0.0   6.0   3.3  21.0   12:46     W
20  12.7  15.9   18:55   7.7   02:46   5.6   0.0   3.4   0.8  14.0   10:09   SSE
21  17.3  22.6   17:43  13.6   00:34   1.8   0.9   9.2   2.0  21.0   20:23     S
22  17.8  20.4   18:01  13.7   03:59   1.1   0.6   0.2   4.0  37.0   19:09     S
23  15.7  20.4   14:53  11.2   04:42   2.8   0.2   0.0   2.4  16.0   07:29   SSW
24  14.7  18.6   12:05  12.0   06:47   3.5   0.0   0.2   2.9  18.0   17:03   SSW
25  15.1  18.4   15:50  12.4   05:26   3.2   0.0   0.0   2.6  18.0   09:11   SSW
26  15.6  21.2   17:57  10.8   04:05   3.0   0.3   0.0   0.8  13.0   15:58    NW
27  17.6  22.2   13:54  14.7   06:16   1.5   0.8   0.0   3.2  21.0   19:38     S
28  16.4  19.7   13:47  12.9   21:36   2.0   0.2   6.6   3.6  21.0   08:08   SSW
29  12.0  15.3   16:12   9.1   06:45   6.3   0.0   0.0   0.8  14.0   19:00   WSW
30  12.6  18.6   17:11   8.4   06:11   5.7   0.0   0.0   1.3  21.0   15:21   WNW
31  12.0  18.0   15:28   7.1   04:49   6.3   0.0   0.0   1.0  14.0   14:42     N
----------------------------------------------------------------------------------
    14.5  22.6    21     5.0    10   123.0   4.8  95.4   3.0  39.0    16     SSW

Max >=  27.0:  0
Max <=   0.0:  0
Min <=   0.0:  0
Min <= -18.0:  0
Max Rain: 49.8 on day 14
Days of Rain: 19 (>= 0.2 mm)  9 (>= 2.0 mm)  1 (>= 20.0 mm)
Heat Base: 18.3  Cool Base: 18.3  Method: Integration