NOAA-Style Climate Reports


Report for 2017 July
                   Monthly Climatological Summary for Jul 2017

Name: Naas South   City: Naas   State: Kildare
Elevation: 116 m  Lat: N 54° 12' 28"   Lon: W 006° 40' 35"

                  Temperature (°C), Rain (mm), Wind Speed (km/h)

                                      Heat  Cool        Avg
    Mean                              Deg   Deg         Wind                 Dom
Day Temp  High   Time   Low    Time   Days  Days  Rain  Speed High   Time    Dir
----------------------------------------------------------------------------------
 1  12.3  17.8   17:02   4.9   04:48   6.0   0.0   0.8   2.1  16.0   11:54    SE
 2  14.3  21.4   15:25   6.4   05:26   4.4   0.4   0.0   1.5  16.0   14:56   SSE
 3  15.5  20.1   15:41  12.9   08:09   3.0   0.2   3.4   1.0  11.0   14:08   SSE
 5  18.1  24.2   15:00  13.9   03:29   1.9   1.6   0.0   1.0  18.0   09:43   SSE
 6  17.9  23.2   16:17  13.9   23:46   1.3   0.9   0.6   0.6  16.0   18:09   WNW
 7  15.5  19.6   19:36  10.3   23:55   2.8   0.1   0.0   1.8  14.0   17:04   WSW
 8  15.9  22.7   18:30   8.7   03:16   3.3   1.0   0.0   1.7  18.0   13:42   SSW
 9  16.6  21.9   15:33  13.6   23:53   2.2   0.5   1.0   2.3  18.0   16:37     W
10  14.5  18.6   16:27  12.2   08:31   3.8   0.0   1.2   1.9  16.0   08:24     N
11  13.7  16.4   13:22  10.2   23:52   4.6   0.0   0.4   2.8  23.0   13:31    NE
12  13.9  23.3   17:52   4.6   05:35   5.0   0.6   0.0   2.2  23.0   18:35   SSE
13  15.2  21.1   17:30  10.3   05:37   3.5   0.3   0.0   3.3  19.0   14:40    SW
14  16.0  21.6   15:17  11.8   02:37   2.8   0.5   0.0   2.4  14.0   11:02     W
15  18.6  24.4   14:53  14.7   03:03   1.2   1.5   0.4   4.3  21.0   15:03    SW
16  16.6  20.6   16:53  11.2   23:57   2.1   0.4   0.8   3.2  19.0   11:26     N
17  16.7  25.8   17:40   7.7   05:18   3.7   2.1   0.0   1.9  21.0   18:44    NE
18  20.0  25.9   13:48  12.8   05:24   1.2   2.9   0.0   2.2  19.0   13:14   ESE
19  17.5  20.4   14:09   8.9   23:58   1.3   0.6   8.8   2.9  24.0   19:04     S
20  12.0  16.8   16:44   7.9   06:20   6.3   0.0   3.4   3.2  24.0   16:51   SSW
21  13.5  18.5   16:59  10.5   02:42   4.8   0.0  13.2   4.7  31.0   15:27     S
22  15.1  20.8   16:07  10.7   00:00   3.3   0.2   1.0   1.9  14.0   11:17   ENE
23  16.1  20.9   17:42  13.2   00:00   2.6   0.4   1.6   2.5  19.0   14:57   NNE
24  16.4  23.6   16:39  10.3   04:17   3.0   1.1   0.0   2.4  19.0   15:27     N
25  17.8  25.4   17:22  13.1   00:05   2.0   1.5   0.0   1.7  21.0   19:44   SSW
26  16.0  19.8   15:19  10.7   22:55   2.4   0.1   8.6   5.6  29.0   06:38    SW
27  13.5  18.0   15:55  10.7   03:53   4.8   0.0   2.2   4.7  26.0   14:56   SSW
28  14.9  19.8   18:04  11.8   01:44   3.4   0.1   1.0   5.0  26.0   08:17   SSW
29  14.7  19.7   14:42  11.4   22:25   3.6   0.0   0.0   3.9  19.0   04:05   SSW
30  13.4  18.6   15:17  10.9   23:52   4.9   0.0   9.4   3.7  26.0   14:54   SSW
31  13.8  18.5   14:59  10.7   00:24   4.5   0.0   2.6   3.8  23.0   12:26   SSW
----------------------------------------------------------------------------------
    15.5  25.9    18     4.6    12    99.7  17.0  60.4   2.8  31.0    21     SSW

Max >=  27.0:  0
Max <=   0.0:  0
Min <=   0.0:  0
Min <= -18.0:  0
Max Rain: 13.2 on day 21
Days of Rain: 18 (>= 0.2 mm)  8 (>= 2.0 mm)  0 (>= 20.0 mm)
Heat Base: 18.3  Cool Base: 18.3  Method: Integration