NOAA-Style Climate Reports


Report for 2017 June
                   Monthly Climatological Summary for Jun 2017

Name: Naas South   City: Naas   State: Kildare
Elevation: 116 m  Lat: N 54° 12' 28"   Lon: W 006° 40' 35"

                  Temperature (°C), Rain (mm), Wind Speed (km/h)

                                      Heat  Cool        Avg
    Mean                              Deg   Deg         Wind                 Dom
Day Temp  High   Time   Low    Time   Days  Days  Rain  Speed High   Time    Dir
----------------------------------------------------------------------------------
 1  13.4  15.6   13:54  11.8   22:42   4.9   0.0   7.6   3.4  27.0   01:26    SE
 2  14.6  19.4   15:21   9.4   23:59   3.8   0.1   0.0   1.0  11.0   11:54    SW
 3  12.7  18.1   15:48   8.5   05:11   5.6   0.0   3.4   2.1  18.0   16:05   SSE
 4  12.0  17.2   13:03   7.3   03:09   6.3   0.0   4.2   2.2  18.0   23:49    SE
 5  11.8  16.5   12:24   8.8   19:41   6.5   0.0  14.8   3.1  23.0   00:38     E
 6  11.4  15.6   14:47   8.0   06:10   6.9   0.0   1.8   4.6  32.0   14:12     W
 7  12.3  16.7   14:06   7.7   05:07   6.0   0.0   3.0   2.4  23.0   15:04   SSE
 8  14.0  17.9   12:40  10.5   23:03   4.3   0.0  18.8   1.9  23.0   13:28    SE
 9  13.5  19.4   14:45   8.3   05:26   4.8   0.1   2.4   2.3  21.0   23:52    SE
10  15.8  20.4   13:26  11.4   00:02   2.8   0.3   9.2   6.6  29.0   04:37    SE
11  14.0  17.8   13:19  12.0   03:53   4.3   0.0   2.4   4.5  26.0   09:20   SSE
12  13.6  16.6   12:13  11.1   04:36   4.7   0.0   0.4   2.7  21.0   08:58   WSW
13  15.5  20.1   14:39  12.1   23:56   3.0   0.2   0.0   1.8  13.0   16:15   SSE
14  14.6  19.2   14:59  11.3   02:40   3.7   0.1   0.0   4.3  24.0   20:49   SSE
15  14.2  18.1   12:18  11.2   23:20   4.1   0.0   1.2   3.2  23.0   16:36   SSW
16  16.2  22.1   18:53  11.4   00:00   2.7   0.6   0.0   1.4  16.0   15:16     S
17  20.6  27.7   17:26  11.1   05:10   1.3   3.6   0.0   1.1  23.0   16:25   SSE
18  19.0  27.6   17:58  10.7   04:46   2.3   3.1   0.0   0.7   8.0   11:53   SSW
19  20.2  27.2   16:13  12.7   04:57   1.2   3.1   0.0   3.0  27.0   20:04   NNE
20  17.0  22.3   15:51  12.3   05:12   2.2   0.9   0.0   7.1  24.0   07:44   NNE
21  21.1  28.2   12:32  12.7   01:32   0.9   3.7   1.0   2.1  19.0   05:03   SSE
22  16.3  21.0   16:54  13.9   05:50   2.2   0.2   0.0   1.9  14.0   13:18     W
23  15.2  18.3   17:39  12.6   23:55   3.1   0.0   0.2   2.7  19.0   00:12     S
24  15.1  21.2   14:42  11.0   02:03   3.5   0.3   0.4   2.4  18.0   11:10     W
25  13.7  18.2   15:45  11.5   03:31   4.6   0.0   2.8   2.0  14.0   11:00    NW
26  13.2  19.5   13:15   7.1   05:00   5.2   0.1   6.4   1.2  16.0   15:15   ENE
27  16.8  22.1   14:10  11.7   00:00   2.5   1.0  16.8   3.1  21.0   13:50    SE
28  13.1  16.4   10:25  10.8   23:55   5.2   0.0   5.6   3.4  23.0   16:10    NE
29  11.2  13.7   15:30   8.7   05:15   7.0   0.0   2.4   5.9  31.0   16:17     N
30  11.6  14.6   15:57   8.0   23:59   6.7   0.0   0.8   5.9  27.0   02:12   NNW
----------------------------------------------------------------------------------
    14.8  28.2    21     7.1    26   122.3  17.4 105.6   3.0  32.0     6      SE

Max >=  27.0:  4
Max <=   0.0:  0
Min <=   0.0:  0
Min <= -18.0:  0
Max Rain: 18.8 on day 8
Days of Rain: 21 (>= 0.2 mm)  14 (>= 2.0 mm)  0 (>= 20.0 mm)
Heat Base: 18.3  Cool Base: 18.3  Method: Integration