NOAA-Style Climate Reports


Report for 2017 May
                   Monthly Climatological Summary for May 2017

Name: Naas South   City: Naas   State: Kildare
Elevation: 116 m  Lat: N 54° 12' 28"   Lon: W 006° 40' 35"

                  Temperature (°C), Rain (mm), Wind Speed (km/h)

                                      Heat  Cool        Avg
    Mean                              Deg   Deg         Wind                 Dom
Day Temp  High   Time   Low    Time   Days  Days  Rain  Speed High   Time    Dir
----------------------------------------------------------------------------------
 1  10.6  16.5   16:18   4.5   03:40   7.7   0.0   0.0   3.3  19.0   16:36    NE
 2   9.9  16.3   15:05   2.1   06:16   8.4   0.0   0.0   3.5  23.0   10:32    NE
 3  11.0  15.2   17:25   4.7   01:10   7.3   0.0   0.0   5.2  29.0   16:09    NE
 4  11.2  15.3   16:46   7.5   05:28   7.1   0.0   0.0   7.8  39.0   14:03   ENE
 5  10.5  13.7   16:35   7.2   05:38   7.8   0.0   0.0   8.4  35.0   15:52   ENE
 6   9.4  11.4   16:31   7.7   04:02   8.9   0.0   0.0   5.5  26.0   13:13   ENE
 7  13.2  19.9   17:26   3.8   06:04   5.3   0.2   0.0   1.5  11.0   12:40   NNE
 8  10.3  13.9   14:10   4.3   04:49   8.0   0.0   0.0   4.3  23.0   13:17   ENE
 9   9.5  15.2   16:35   1.6   06:03   8.7   0.0   0.0   1.8  16.0   13:50    NE
10  10.8  20.4   14:52   1.6   02:11   7.5   0.1   0.0   1.6  11.0   16:18     E
11  10.5  18.9   13:23   1.5   06:00   7.8   0.0   0.0   2.2  19.0   13:27   ENE
12  12.3  14.4   13:47  10.9   05:05   6.0   0.0  13.6   0.4  11.0   16:05     E
13  11.3  15.3   15:36   8.1   22:32   7.0   0.0  15.0   5.5  37.0   15:34     S
14  11.1  16.7   15:04   5.7   05:49   7.2   0.0   0.4   5.9  32.0   13:00     S
15  13.7  17.1   15:51  10.8   02:39   4.6   0.0   6.0  10.3  37.0   05:02   SSE
16  15.1  19.2   19:49   9.3   23:58   3.2   0.0   0.0   6.6  34.0   06:39     S
17  11.2  17.8   14:00   5.8   05:17   7.1   0.0   3.2   2.2  27.0   14:40     S
18   8.9  15.5   13:46   4.5   02:05   9.4   0.0   6.6   1.9  16.0   12:40     S
19  10.0  16.0   13:42   3.6   05:33   8.2   0.0   0.4   1.2  16.0   16:40    SW
20  10.8  15.4   16:58   7.8   05:14   7.5   0.0   1.6   1.9  18.0   18:25   SSW
21  12.3  15.4   16:50   9.4   00:55   5.9   0.0   2.8   7.2  32.0   11:10   SSE
22  14.8  19.4   16:48  11.2   00:00   3.6   0.0   0.0   5.1  29.0   01:34     S
23  15.8  21.3   17:01  10.2   01:28   2.9   0.4   0.0   1.8  21.0   11:02    SW
24  18.2  24.9   16:15  12.7   23:58   1.8   1.6   0.0   0.7  11.0   14:25     S
25  17.7  24.6   12:57   8.7   04:44   2.9   2.3   0.0   3.1  27.0   14:48   SSE
26  19.7  24.9   16:18  10.8   05:00   1.4   2.8   0.0   4.4  27.0   18:26    SE
27  13.9  18.4   00:06  11.5   23:58   4.3   0.0  25.8   1.4  21.0   16:24     W
28  12.1  17.5   14:20   6.6   05:06   6.2   0.0   0.4   1.4  10.0   17:14    NE
29  13.4  17.0   15:38  10.6   04:52   4.9   0.0   3.2   2.3  18.0   05:05     N
30  15.3  19.0   15:44  10.4   23:57   3.1   0.0   0.2   1.7  18.0   12:53   WNW
31  14.3  20.2   15:40   6.4   05:04   4.2   0.2   0.0   3.1  19.0   10:50   ESE
----------------------------------------------------------------------------------
    12.5  24.9    24     1.5    11   185.9   7.6  79.2   3.7  39.0     4     ESE

Max >=  27.0:  0
Max <=   0.0:  0
Min <=   0.0:  0
Min <= -18.0:  0
Max Rain: 25.8 on day 27
Days of Rain: 13 (>= 0.2 mm)  8 (>= 2.0 mm)  1 (>= 20.0 mm)
Heat Base: 18.3  Cool Base: 18.3  Method: Integration