NOAA-Style Climate Reports


Report for 2017 April
                   Monthly Climatological Summary for Apr 2017

Name: Naas South   City: Naas   State: Kildare
Elevation: 116 m  Lat: N 54° 12' 28"   Lon: W 006° 40' 35"

                  Temperature (°C), Rain (mm), Wind Speed (km/h)

                                      Heat  Cool        Avg
    Mean                              Deg   Deg         Wind                 Dom
Day Temp  High   Time   Low    Time   Days  Days  Rain  Speed High   Time    Dir
----------------------------------------------------------------------------------
 1   8.7  13.4   14:49   5.3   23:58   9.6   0.0   0.0   3.9  32.0   15:33   NNW
 2   7.7  14.4   15:34   1.0   05:10  10.6   0.0   0.2   3.5  24.0   22:22     S
 3   9.7  12.3   18:20   7.1   00:35   8.6   0.0   1.2   8.8  43.0   10:31     S
 4   8.9  11.2   14:42   6.2   06:49   9.4   0.0   0.0   4.4  21.0   02:45   NNW
 5   8.9  11.1   13:59   7.2   06:36   9.4   0.0   0.0   3.1  16.0   13:22   NNW
 6   8.8  11.0   16:04   7.4   05:03   9.5   0.0   0.0   1.5  10.0   11:52    NW
 7   9.4  15.3   18:25   5.7   23:53   8.9   0.0   0.0   1.5  14.0   13:00   SSW
 8  10.0  18.3   16:35   2.1   03:09   8.3   0.0   0.0   2.7  21.0   14:40     S
 9   9.4  14.4   14:28   5.3   06:02   8.9   0.0   0.2   2.6  23.0   19:11     W
10   7.4  12.6   14:52   2.4   06:44  10.9   0.0   0.0   3.4  21.0   15:56   NNW
11   7.8  12.5   14:54   2.0   02:02  10.5   0.0   0.0   3.1  18.0   16:06   WSW
12   9.8  13.9   16:02   6.9   23:56   8.5   0.0   0.2   4.9  26.0   15:53   WNW
13   8.8  11.6   15:59   5.4   06:45   9.5   0.0   0.0   1.9  14.0   10:42     W
14   9.9  12.0   11:05   7.3   23:55   8.4   0.0   1.8   3.4  18.0   13:35   WSW
15   8.1  12.9   16:48   3.5   06:06  10.2   0.0   0.0   3.2  19.0   13:32   WNW
16   8.8  13.3   13:30   4.4   02:03   9.5   0.0   0.8   4.0  24.0   17:38     W
17   8.4  11.7   16:44   3.2   23:57   9.9   0.0   0.0   3.0  14.0   11:37   NNW
18   8.0  14.8   14:57   0.7   04:04  10.3   0.0   0.0   1.3  10.0   11:13   ENE
19  10.3  14.0   15:19   8.2   06:03   8.0   0.0   1.8   1.5  11.0   15:22   SSW
20  11.2  13.8   15:17   8.8   05:54   7.1   0.0   0.0   1.0  11.0   15:29   WNW
21  10.6  12.8   14:54   8.8   05:43   7.7   0.0   0.0   1.5  16.0   13:14    NW
22  10.5  12.9   15:01   8.2   05:49   7.8   0.0   0.0   0.9  10.0   16:38   NNW
23  10.2  13.7   17:33   5.2   04:08   8.1   0.0   0.0   1.5  13.0   11:24   WNW
24   7.6  12.3   13:52  -0.8   23:43  10.7   0.0   0.0   4.8  26.0   16:00     N
25   4.2   9.6   16:19  -1.4   06:24  14.1   0.0   0.0   6.1  40.0   13:58   NNE
26   4.4   9.6   17:32  -2.8   06:11  13.9   0.0   0.2   3.0  21.0   12:06     N
27   6.6  10.9   13:10   0.3   04:14  11.7   0.0   0.0   3.4  19.0   11:11   NNW
28   8.3  11.0   17:00   6.1   05:53  10.0   0.0   0.0   2.7  21.0   22:44   SSW
29   9.3  12.2   15:49   6.9   04:19   9.0   0.0   0.2   7.2  37.0   15:11    SE
30  10.1  12.7   10:10   6.2   23:58   8.2   0.0   2.4   6.7  37.0   08:35   ESE
----------------------------------------------------------------------------------
     8.7  18.3     8    -2.8    26   287.2   0.0   9.0   3.4  43.0     3     WNW

Max >=  27.0:  0
Max <=   0.0:  0
Min <=   0.0:  3
Min <= -18.0:  0
Max Rain: 2.4 on day 30
Days of Rain: 10 (>= 0.2 mm)  1 (>= 2.0 mm)  0 (>= 20.0 mm)
Heat Base: 18.3  Cool Base: 18.3  Method: Integration