NOAA-Style Climate Reports


Report for 2017 March
                   Monthly Climatological Summary for Mar 2017

Name: Naas South   City: Naas   State: Kildare
Elevation: 116 m  Lat: N 54° 12' 28"   Lon: W 006° 40' 35"

                  Temperature (°C), Rain (mm), Wind Speed (km/h)

                                      Heat  Cool        Avg
    Mean                              Deg   Deg         Wind                 Dom
Day Temp  High   Time   Low    Time   Days  Days  Rain  Speed High   Time    Dir
----------------------------------------------------------------------------------
 1   4.3   8.4   14:53   0.9   06:52  14.0   0.0   6.0   4.1  27.0   22:41    SW
 2   5.4   6.9   14:29   2.6   00:00  12.9   0.0   4.4   6.2  35.0   01:01   SSW
 3   6.6   8.2   19:49   4.8   03:36  11.7   0.0   6.6   3.6  23.0   13:59   ENE
 4   5.1   7.3   00:00   3.4   23:30  13.2   0.0   7.4   2.9  19.0   05:10    SW
 5   4.2   6.4   11:26   1.7   23:48  14.1   0.0   4.0   3.5  23.0   18:17    SW
 6   3.3   7.5   12:55   0.5   22:55  15.0   0.0   2.4   2.4  16.0   11:21   SSW
 7   5.8  10.9   23:40   0.2   01:52  12.5   0.0   3.4   6.7  37.0   15:23     S
 8   9.4  13.8   14:07   6.9   05:17   8.9   0.0  35.7   3.7  24.0   22:30    SW
 9   9.1  13.0   14:25   4.7   07:05   9.1   0.0   0.0   2.0  19.0   02:45     S
10  10.2  12.1   10:54   9.4   00:00   8.1   0.0   0.0   7.8  37.0   19:00     S
11  10.1  13.5   16:31   8.1   23:27   8.2   0.0   2.8   2.7  23.0   21:45     S
12   8.0  11.7   13:47   3.4   22:40  10.3   0.0   1.0   3.9  24.0   14:51     W
13  10.5  15.8   15:18   3.8   00:00   7.8   0.0   0.0   4.2  19.0   21:28   SSW
14  11.4  15.0   14:36   6.1   23:56   6.9   0.0   1.4   4.5  27.0   14:24   WSW
15  10.4  16.6   14:54   5.7   02:02   7.9   0.0   0.0   4.4  24.0   12:58   SSW
16   8.0  12.3   12:44   2.4   23:08  10.3   0.0   0.8   5.4  26.0   12:51    SW
17   7.5  11.1   18:48   3.1   00:13  10.8   0.0   3.2   8.5  34.0   15:42    SW
18  11.1  12.2   14:41  10.2   06:25   7.2   0.0   3.4   5.7  26.0   19:34   WSW
19  10.8  12.2   12:22   9.1   20:33   7.5   0.0   6.2   6.2  35.0   01:56    SW
20   7.3  10.4   13:23   1.2   23:56  11.0   0.0   0.6   5.9  27.0   02:44    SW
21   3.6   8.4   14:14   0.1   04:35  14.7   0.0   2.6   5.5  27.0   12:15   SSW
22   3.0   4.4   12:49   0.4   02:09  15.3   0.0   6.8  13.0  42.0   09:19   NNE
23   6.0   9.6   14:13   3.6   00:00  12.3   0.0   0.8   9.8  29.0   04:55   NNE
24   6.2  10.4   14:40   0.5   23:52  12.1   0.0   0.0   7.1  26.0   12:10    NE
25   6.2  14.0   15:10  -2.3   05:37  12.1   0.0   0.0   5.1  23.0   15:29    NE
26   8.4  13.5   12:35   2.3   07:03   9.5   0.0   0.0   6.0  29.0   16:07    NE
27   9.2  15.6   13:29   4.4   07:45   9.1   0.0   0.0   4.1  21.0   15:44    NE
28   8.1  13.8   15:24   0.9   06:22  10.2   0.0   1.4   3.7  31.0   16:03     S
29  11.9  15.6   15:31   9.4   00:00   6.4   0.0   0.6   7.2  31.0   10:14     S
30  12.0  14.6   15:22  10.9   03:20   6.3   0.0   1.8   7.3  32.0   11:28     S
31  11.3  15.0   14:51   7.9   23:43   7.0   0.0   4.4   7.1  37.0   13:15     S
----------------------------------------------------------------------------------
     7.9  16.6    15    -2.3    25   322.4   0.0 107.7   5.6  42.0    22     SSW

Max >=  27.0:  0
Max <=   0.0:  0
Min <=   0.0:  1
Min <= -18.0:  0
Max Rain: 35.7 on day 8
Days of Rain: 23 (>= 0.2 mm)  15 (>= 2.0 mm)  1 (>= 20.0 mm)
Heat Base: 18.3  Cool Base: 18.3  Method: Integration