NOAA-Style Climate Reports


Report for 2017 February
                   Monthly Climatological Summary for Feb 2017

Name: Naas South   City: Naas   State: Kildare
Elevation: 116 m  Lat: N 54° 12' 28"   Lon: W 006° 40' 35"

                  Temperature (°C), Rain (mm), Wind Speed (km/h)

                                      Heat  Cool        Avg
    Mean                              Deg   Deg         Wind                 Dom
Day Temp  High   Time   Low    Time   Days  Days  Rain  Speed High   Time    Dir
----------------------------------------------------------------------------------
 1   7.6   9.9   23:58   4.1   00:43  10.7   0.0   0.4   7.5  42.0   14:55     S
 2  10.1  11.3   05:16   8.1   23:46   8.2   0.0   8.2  12.6  69.0   16:33     S
 3   4.9   8.1   00:00   1.6   23:54  13.4   0.0   0.2   4.2  32.0   01:02   SSW
 4   2.5   6.7   15:03  -0.5   23:14  15.8   0.0   0.2   3.5  24.0   12:23   SSW
 5   1.3   8.2   15:03  -3.9   05:37  17.0   0.0   0.2   1.7  16.0   13:57    SW
 6   5.9   9.3   18:00   0.5   00:33  12.4   0.0   4.4   7.2  60.0   11:35   SSE
 7   3.7   6.8   14:24  -0.3   22:44  14.6   0.0   1.0   2.0  19.0   01:00   WNW
 8   2.5   8.8   13:43  -2.4   03:40  15.8   0.0   0.2   1.8  19.0   13:27     S
 9   3.6   5.1   03:15   2.0   17:54  14.7   0.0   0.0   6.5  24.0   06:13   ESE
10   2.6   3.6   12:06   1.6   23:51  15.7   0.0   0.0   4.7  23.0   12:36     E
11   1.6   3.7   23:40  -2.0   07:13  16.7   0.0   4.6  10.0  34.0   20:03    NE
12   3.5   4.4   02:46   1.7   16:56  14.8   0.0   3.6  11.8  37.0   18:56   ENE
13   7.1  10.4   14:57   3.8   00:00  11.2   0.0   0.0   9.9  40.0   09:07   ENE
14   6.8   9.8   14:01   4.1   21:27  11.5   0.0   0.0   6.7  34.0   04:50   ESE
15   8.6  11.9   15:14   5.6   02:08   9.7   0.0   0.0   6.2  31.0   12:34     S
16   6.9   8.9   13:51   3.9   03:48  11.4   0.0   2.0   5.1  23.0   14:07   SSW
17   9.4  11.4   14:47   7.0   04:34   8.9   0.0   0.0   8.2  35.0   16:57     S
18   9.9  12.2   15:30   8.5   22:20   8.4   0.0   0.4   5.2  26.0   07:14   SSW
19   9.7  11.7   16:01   7.2   04:50   8.6   0.0   0.4   3.3  18.0   05:54   SSW
20  10.7  12.5   14:29   9.2   21:59   7.6   0.0   1.0   4.3  23.0   10:19   WSW
21  10.1  12.3   14:07   7.3   05:10   8.2   0.0   6.0   6.0  29.0   20:46    SW
22   9.1  10.4   22:55   7.9   09:14   9.2   0.0  11.0   4.2  29.0   23:03    SW
23   5.5  10.1   00:00   1.5   23:32  12.8   0.0   7.0  10.0  56.0   03:07   WNW
24   4.7   7.7   20:19  -0.2   04:30  13.6   0.0   1.4   5.2  31.0   21:49   SSW
25   9.0  11.9   13:14   6.7   23:44   9.3   0.0   3.8   8.1  39.0   05:05    SW
26   7.3  11.1   14:02   3.3   23:34  11.0   0.0   1.4   9.2  47.0   11:47   SSW
27   2.8   8.0   14:35  -1.2   22:51  15.5   0.0   0.8   3.1  19.0   05:57   SSW
28   3.6   8.3   16:08  -1.2   00:20  14.7   0.0   6.2   5.1  31.0   15:46     W
----------------------------------------------------------------------------------
     6.1  12.5    20    -3.9     5   341.4   0.0  64.4   6.2  69.0     2       S

Max >=  27.0:  0
Max <=   0.0:  0
Min <=   0.0:  8
Min <= -18.0:  0
Max Rain: 11.0 on day 22
Days of Rain: 22 (>= 0.2 mm)  10 (>= 2.0 mm)  0 (>= 20.0 mm)
Heat Base: 18.3  Cool Base: 18.3  Method: Integration