NOAA-Style Climate Reports


Report for 2017 January
                   Monthly Climatological Summary for Jan 2017

Name: Naas South   City: Naas   State: Kildare
Elevation: 116 m  Lat: N 54° 12' 28"   Lon: W 006° 40' 35"

                  Temperature (°C), Rain (mm), Wind Speed (km/h)

                                      Heat  Cool        Avg
    Mean                              Deg   Deg         Wind                 Dom
Day Temp  High   Time   Low    Time   Days  Days  Rain  Speed High   Time    Dir
----------------------------------------------------------------------------------
 1   3.4   5.3   14:11   1.1   07:02  14.9   0.0   0.4   8.7  32.0   13:16   NNE
 2   0.2   4.3   13:56  -3.3   23:14  18.1   0.0   0.2   1.3  18.0   00:33    NE
 3   2.0   4.7   20:22  -2.6   00:41  16.3   0.0   0.2   1.3  13.0   15:45    SW
 4   3.9   5.8   14:48  -1.1   23:51  14.4   0.0   0.2   0.9  10.0   07:22    NW
 5   3.3   7.9   22:17  -2.8   05:22  15.0   0.0   0.2   3.3  29.0   20:41     S
 6   9.6  11.1   18:16   7.6   00:00   8.7   0.0   5.4   5.4  31.0   03:30   SSW
 7   9.3  11.4   13:33   7.9   20:25   9.0   0.0   0.4   0.5   8.0   16:13   SSW
 8   9.1  10.4   14:06   7.6   04:09   9.2   0.0   0.4   3.1  37.0   22:47   SSW
 9   6.5   9.0   01:37   4.2   19:44  11.8   0.0   3.0   5.9  34.0   04:00    SW
10   7.8  10.7   14:47   4.2   04:54  10.5   0.0   0.6   3.8  21.0   22:03   WSW
11   6.6  10.7   01:07   3.9   18:45  11.7   0.0   0.0   6.6  32.0   03:02   WNW
12   2.3   4.5   00:04   0.3   18:38  16.0   0.0   2.4   4.9  31.0   21:36   WNW
13   0.7   3.1   13:59  -0.6   05:24  17.6   0.0   0.2   3.7  19.0   03:00   WNW
14   3.8   7.0   15:50   0.1   00:00  14.5   0.0   0.0   2.6  18.0   12:43     W
15   8.2   9.9   14:38   4.8   00:07  10.1   0.0   0.2   3.1  23.0   11:39   WNW
16   8.4   9.5   13:08   7.6   06:22   9.9   0.0   0.6   0.6  13.0   00:43    NW
17   8.5   9.9   14:05   7.2   23:41   9.8   0.0   0.2   1.1  10.0   13:43   SSW
18   7.7   9.1   12:57   6.7   22:34  10.6   0.0   0.0   2.1  14.0   14:17   SSW
19   7.1   8.5   12:59   6.4   21:25  11.2   0.0   0.0   1.0  14.0   04:14     S
20   5.2  10.1   14:08  -1.9   22:32  13.1   0.0   0.0   1.0  13.0   11:54    SE
21   1.4   4.1   14:19  -3.0   07:49  16.9   0.0   0.0   1.5  11.0   00:08   ESE
22   2.3   7.5   14:44  -1.7   19:39  16.0   0.0   0.0   0.3   6.0   01:37     S
23   6.2  10.0   13:30   2.1   00:44  12.1   0.0   0.0   4.8  27.0   22:49     S
24   9.1  10.3   12:13   7.3   00:00   9.2   0.0   0.4   8.4  37.0   23:33   SSW
25   8.4  10.4   13:11   6.5   23:51   9.9   0.0   0.0  13.6  48.0   19:11     S
26   5.2   6.6   02:22   4.3   07:49  13.1   0.0   0.0  14.5  51.0   11:24   SSE
27   6.5   8.6   13:11   4.6   18:03  11.8   0.0   0.0   5.8  37.0   07:30   SSE
28   3.4   6.7   13:14   0.6   22:13  14.9   0.0   1.2   2.1  18.0   15:55    SW
29   4.0   7.6   15:53   0.6   00:18  14.3   0.0   1.0   1.3  13.0   02:04     S
30   7.4  11.4   20:05   1.7   03:37  10.9   0.0   2.4   4.7  35.0   21:54   SSE
31   8.7  11.0   00:18   4.7   22:51   9.6   0.0  14.2   2.2  27.0   00:20   SSW
----------------------------------------------------------------------------------
     5.7  11.4     7    -3.3     2   391.1   0.0  33.8   3.9  51.0    26     SSW

Max >=  27.0:  0
Max <=   0.0:  0
Min <=   0.0:  8
Min <= -18.0:  0
Max Rain: 14.2 on day 31
Days of Rain: 20 (>= 0.2 mm)  5 (>= 2.0 mm)  0 (>= 20.0 mm)
Heat Base: 18.3  Cool Base: 18.3  Method: Integration